{"id":128,"date":"2018-03-21T11:41:25","date_gmt":"2018-03-21T14:41:25","guid":{"rendered":"http:\/\/nossacasa.net\/nossosriachos\/agroecologia\/?page_id=128"},"modified":"2018-03-21T11:41:25","modified_gmt":"2018-03-21T14:41:25","slug":"seminario-nacional-de-educacao-em-agroecologia","status":"publish","type":"page","link":"http:\/\/nossacasa.net\/nossosriachos\/agroecologia\/seminario-nacional-de-educacao-em-agroecologia\/","title":{"rendered":"Semin\u00e1rio Nacional de Educa\u00e7\u00e3o em Agroecologia"},"content":{"rendered":"<div style=\"text-align:justify\">\n<div style=\"text-align:center\">\n<a href=\"http:\/\/www.nossacasa.net\/pdf\/Cartilhas\/Sistemas-Agroflorestais.pdf\" rel=\"noopener\" target=\"_blank\"><strong>I Semin\u00e1rio Nacional de Educa\u00e7\u00e3o em Agroecologia &#8211; Construindo Princ\u00edpios e Diretrizes<\/strong><\/a><br \/>\n<a href=\"http:\/\/www.nossacasa.net\/pdf\/Cartilhas\/SNEA-principios-e-diretrizes.pdf\" rel=\"noopener\" target=\"_blank\"><img loading=\"lazy\" decoding=\"async\" src=\"http:\/\/nossacasa.net\/nossosriachos\/agroecologia\/wp-content\/uploads\/sites\/9\/2018\/03\/SNEA-principios-e-diretrize.jpg\" alt=\"\" width=\"421\" height=\"595\" class=\"aligncenter size-full wp-image-129\" srcset=\"http:\/\/nossacasa.net\/nossosriachos\/agroecologia\/wp-content\/uploads\/sites\/9\/2018\/03\/SNEA-principios-e-diretrize.jpg 421w, http:\/\/nossacasa.net\/nossosriachos\/agroecologia\/wp-content\/uploads\/sites\/9\/2018\/03\/SNEA-principios-e-diretrize-212x300.jpg 212w\" sizes=\"auto, (max-width: 421px) 100vw, 421px\" \/><\/a><br \/>\n3, 4 e 5 de Julho de 2013 &#8211; Recife\/PE<\/p>\n<p>Equipe de elabora\u00e7\u00e3o da s\u00edntese:<br \/>\nMaria Virginia de Almeida Aguiar\/NAC-UFRPE<br \/>\nJorge Luiz Schirmer de Mattos\/NAC-UFRPE<br \/>\nJorge Roberto Tavares de Lima\/NAC-UFRPE<br \/>\nMarcos Antonio Bezerra Figueiredo\/NAC-UFRPE<br \/>\nJos\u00e9 Nunes da Silva\/NAC-UFRPE<br \/>\nM\u00f4nica Cox de Britto Pereira\/LECgeo-UFPE<br \/>\nGilvania de Oliveira Silva de Vasconcelos\/NAC-UFRPE<br \/>\nFrancisco Roberto Caporal\/NAC-UFRPE<\/p>\n<\/div>\n<p>No Brasil existe um importante caminho de constru\u00e7\u00e3o do enfoque agroecol\u00f3gico na produ\u00e7\u00e3o e socializa\u00e7\u00e3o de conhecimentos. J\u00e1 nos anos 50, muitas experi\u00eancias educativas iniciaram a partir do desejo de outro desenvolvimento, com a participa\u00e7\u00e3o, inclusive, dos movimentos sociais e religiosos. Havia uma crescente insatisfa\u00e7\u00e3o com o modelo de desenvolvimento, na qual o foco do debate estava centrado na modifica\u00e7\u00e3o da maneira de viver e de produzir. Este movimento por outro desenvolvimento se fortaleceu com os primeiros sinais negativos da moderniza\u00e7\u00e3o conservadora da agricultura no Brasil e ganhou for\u00e7a com o surgimento do chamado Movimento de Agricultura Alternativa, nos anos 1980, que iniciou uma cr\u00edtica sistem\u00e1tica \u00e0 Revolu\u00e7\u00e3o Verde e fez uma reflex\u00e3o profunda sobre os impactos ambientais, sociais e econ\u00f4micos que vinham ocorrendo em fun\u00e7\u00e3o do modelo de tecnifica\u00e7\u00e3o adotado no pa\u00eds.\n<\/p><\/div>\n","protected":false},"excerpt":{"rendered":"<p>I Semin\u00e1rio Nacional de Educa\u00e7\u00e3o em Agroecologia &#8211; Construindo Princ\u00edpios e Diretrizes 3, 4 e 5 de Julho de 2013 &#8211; Recife\/PE Equipe de elabora\u00e7\u00e3o da s\u00edntese: Maria Virginia de Almeida Aguiar\/NAC-UFRPE Jorge Luiz Schirmer de Mattos\/NAC-UFRPE Jorge Roberto Tavares &hellip; <a href=\"http:\/\/nossacasa.net\/nossosriachos\/agroecologia\/seminario-nacional-de-educacao-em-agroecologia\/\">Continue lendo <span class=\"meta-nav\">&rarr;<\/span><\/a><\/p>\n","protected":false},"author":1,"featured_media":0,"parent":0,"menu_order":0,"comment_status":"closed","ping_status":"closed","template":"","meta":{"footnotes":""},"class_list":["post-128","page","type-page","status-publish","hentry"],"_links":{"self":[{"href":"http:\/\/nossacasa.net\/nossosriachos\/agroecologia\/wp-json\/wp\/v2\/pages\/128","targetHints":{"allow":["GET"]}}],"collection":[{"href":"http:\/\/nossacasa.net\/nossosriachos\/agroecologia\/wp-json\/wp\/v2\/pages"}],"about":[{"href":"http:\/\/nossacasa.net\/nossosriachos\/agroecologia\/wp-json\/wp\/v2\/types\/page"}],"author":[{"embeddable":true,"href":"http:\/\/nossacasa.net\/nossosriachos\/agroecologia\/wp-json\/wp\/v2\/users\/1"}],"replies":[{"embeddable":true,"href":"http:\/\/nossacasa.net\/nossosriachos\/agroecologia\/wp-json\/wp\/v2\/comments?post=128"}],"version-history":[{"count":1,"href":"http:\/\/nossacasa.net\/nossosriachos\/agroecologia\/wp-json\/wp\/v2\/pages\/128\/revisions"}],"predecessor-version":[{"id":130,"href":"http:\/\/nossacasa.net\/nossosriachos\/agroecologia\/wp-json\/wp\/v2\/pages\/128\/revisions\/130"}],"wp:attachment":[{"href":"http:\/\/nossacasa.net\/nossosriachos\/agroecologia\/wp-json\/wp\/v2\/media?parent=128"}],"curies":[{"name":"wp","href":"https:\/\/api.w.org\/{rel}","templated":true}]}}