{"id":34,"date":"2017-07-22T20:43:28","date_gmt":"2017-07-22T23:43:28","guid":{"rendered":"http:\/\/nossacasa.net\/nossosriachos\/biobahia\/?page_id=34"},"modified":"2017-07-22T20:43:28","modified_gmt":"2017-07-22T23:43:28","slug":"equipe","status":"publish","type":"page","link":"http:\/\/nossacasa.net\/nossosriachos\/biobahia\/equipe\/","title":{"rendered":"Equipe"},"content":{"rendered":"<p><img loading=\"lazy\" decoding=\"async\" src=\"http:\/\/nossacasa.net\/nossosriachos\/biobahia\/wp-content\/uploads\/sites\/2\/2017\/07\/equipe-150x150.jpg\" alt=\"\" width=\"150\" height=\"150\" class=\"aligncenter size-thumbnail wp-image-41\" \/><\/p>\n<div style=\"text-align: justify;\">\n<p><strong>Luisa Maria Sarmento Soares<\/strong><br \/>\nDoutorada em 1997 pela USP<br \/>\nBolsa de P\u00f3s doutorado pela UERJ\/CNPq em 2006-2007<br \/>\nRespons\u00e1vel pelo Projeto BioBahia<\/p>\n<p><strong>Ronaldo Fernando Martins Pinheiro<\/strong><br \/>\n&#8220;Eletr\u00f4nico Titulado&#8221; em 1974 pela Universidad Del Trabajo Del Urugay<br \/>\nRespons\u00e1vel pela logistica do Projeto Biobahia. Participou da coleta e descri\u00e7\u00f5es de novas esp\u00e9cies na Fase I e da coleta na Fase II.<\/p>\n<p><strong>Arion Tulio Aranda<\/strong><br \/>\nBacharelato e Licienciatura em 1999 pela UNIRIO<br \/>\nParticipou da coleta e descri\u00e7\u00f5es de novas esp\u00e9cies na Fase I e da coleta na Fase II<\/p>\n<p style=\"text-align: center;\"><strong>Carine Cavalcanti Chamon<\/strong><br \/>\nBacharelato e Licienciatura em 2004 pela UNIRIO<br \/>\nBolsa de mestrado USP\/FAPERJ<br \/>\nParticipou da coleta e descri\u00e7\u00f5es de novas esp\u00e9cies na Fase I<br \/>\n<img loading=\"lazy\" decoding=\"async\" class=\"aligncenter size-full wp-image-36\" src=\"http:\/\/nossacasa.net\/nossosriachos\/biobahia\/wp-content\/uploads\/sites\/2\/2017\/07\/biobahia_coleta_1_1.jpg\" alt=\"\" width=\"600\" height=\"450\" srcset=\"http:\/\/nossacasa.net\/nossosriachos\/biobahia\/wp-content\/uploads\/sites\/2\/2017\/07\/biobahia_coleta_1_1.jpg 600w, http:\/\/nossacasa.net\/nossosriachos\/biobahia\/wp-content\/uploads\/sites\/2\/2017\/07\/biobahia_coleta_1_1-300x225.jpg 300w, http:\/\/nossacasa.net\/nossosriachos\/biobahia\/wp-content\/uploads\/sites\/2\/2017\/07\/biobahia_coleta_1_1-400x300.jpg 400w\" sizes=\"auto, (max-width: 600px) 100vw, 600px\" \/><em>Arion, Carine, Ronaldo e Luisa<\/em><\/p>\n<p><strong>Geel<\/strong><br \/>\nMotorista da UFRJ<br \/>\nMotorista da expedi\u00e7\u00e3o de coleta da Fase I<br \/>\n<img loading=\"lazy\" decoding=\"async\" class=\"aligncenter size-full wp-image-38\" src=\"http:\/\/nossacasa.net\/nossosriachos\/biobahia\/wp-content\/uploads\/sites\/2\/2017\/07\/biobahia_coleta_1_2.jpg\" alt=\"\" width=\"600\" height=\"450\" srcset=\"http:\/\/nossacasa.net\/nossosriachos\/biobahia\/wp-content\/uploads\/sites\/2\/2017\/07\/biobahia_coleta_1_2.jpg 600w, http:\/\/nossacasa.net\/nossosriachos\/biobahia\/wp-content\/uploads\/sites\/2\/2017\/07\/biobahia_coleta_1_2-300x225.jpg 300w, http:\/\/nossacasa.net\/nossosriachos\/biobahia\/wp-content\/uploads\/sites\/2\/2017\/07\/biobahia_coleta_1_2-400x300.jpg 400w\" sizes=\"auto, (max-width: 600px) 100vw, 600px\" \/><\/p>\n<p style=\"text-align: center;\"><em>Arion, Carine, Ronaldo e Geel<br \/>\n<\/em><\/p>\n<p style=\"text-align: center;\"><strong>Rog\u00e9rio Luiz Teixeira<\/strong><br \/>\nDoutorado em 1995 pela Virginia Institute of Marine Science<br \/>\nParticipou da coleta na Fase II<br \/>\n<img loading=\"lazy\" decoding=\"async\" class=\"aligncenter size-full wp-image-39\" src=\"http:\/\/nossacasa.net\/nossosriachos\/biobahia\/wp-content\/uploads\/sites\/2\/2017\/07\/biobahia_coleta_2_1.jpg\" alt=\"\" width=\"400\" height=\"300\" srcset=\"http:\/\/nossacasa.net\/nossosriachos\/biobahia\/wp-content\/uploads\/sites\/2\/2017\/07\/biobahia_coleta_2_1.jpg 400w, http:\/\/nossacasa.net\/nossosriachos\/biobahia\/wp-content\/uploads\/sites\/2\/2017\/07\/biobahia_coleta_2_1-300x225.jpg 300w\" sizes=\"auto, (max-width: 400px) 100vw, 400px\" \/><em>Rogerio, Luisa,\u00a0Ronaldo e Arion<br \/>\n<\/em><\/p>\n<\/div>\n","protected":false},"excerpt":{"rendered":"<p>Luisa Maria Sarmento Soares Doutorada em 1997 pela USP Bolsa de P\u00f3s doutorado pela UERJ\/CNPq em 2006-2007 Respons\u00e1vel pelo Projeto BioBahia Ronaldo Fernando Martins Pinheiro &#8220;Eletr\u00f4nico Titulado&#8221; em 1974 pela Universidad Del Trabajo Del Urugay Respons\u00e1vel pela logistica do Projeto &hellip; <a href=\"http:\/\/nossacasa.net\/nossosriachos\/biobahia\/equipe\/\">Continue lendo <span class=\"meta-nav\">&rarr;<\/span><\/a><\/p>\n","protected":false},"author":1,"featured_media":41,"parent":0,"menu_order":0,"comment_status":"closed","ping_status":"closed","template":"","meta":{"footnotes":""},"class_list":["post-34","page","type-page","status-publish","has-post-thumbnail","hentry"],"_links":{"self":[{"href":"http:\/\/nossacasa.net\/nossosriachos\/biobahia\/wp-json\/wp\/v2\/pages\/34","targetHints":{"allow":["GET"]}}],"collection":[{"href":"http:\/\/nossacasa.net\/nossosriachos\/biobahia\/wp-json\/wp\/v2\/pages"}],"about":[{"href":"http:\/\/nossacasa.net\/nossosriachos\/biobahia\/wp-json\/wp\/v2\/types\/page"}],"author":[{"embeddable":true,"href":"http:\/\/nossacasa.net\/nossosriachos\/biobahia\/wp-json\/wp\/v2\/users\/1"}],"replies":[{"embeddable":true,"href":"http:\/\/nossacasa.net\/nossosriachos\/biobahia\/wp-json\/wp\/v2\/comments?post=34"}],"version-history":[{"count":4,"href":"http:\/\/nossacasa.net\/nossosriachos\/biobahia\/wp-json\/wp\/v2\/pages\/34\/revisions"}],"predecessor-version":[{"id":42,"href":"http:\/\/nossacasa.net\/nossosriachos\/biobahia\/wp-json\/wp\/v2\/pages\/34\/revisions\/42"}],"wp:featuredmedia":[{"embeddable":true,"href":"http:\/\/nossacasa.net\/nossosriachos\/biobahia\/wp-json\/wp\/v2\/media\/41"}],"wp:attachment":[{"href":"http:\/\/nossacasa.net\/nossosriachos\/biobahia\/wp-json\/wp\/v2\/media?parent=34"}],"curies":[{"name":"wp","href":"https:\/\/api.w.org\/{rel}","templated":true}]}}