{"id":257,"date":"2018-04-24T17:11:17","date_gmt":"2018-04-24T20:11:17","guid":{"rendered":"http:\/\/nossacasa.net\/nossosriachos\/bioconhecer\/?page_id=257"},"modified":"2018-04-24T17:57:22","modified_gmt":"2018-04-24T20:57:22","slug":"turma-jp-2013","status":"publish","type":"page","link":"http:\/\/nossacasa.net\/nossosriachos\/bioconhecer\/turma-jp-2013\/","title":{"rendered":"JP 2013 Turma"},"content":{"rendered":"<div style=\"text-align: justify;\">\n<table>\n<tbody>\n<tr>\n<td><a href=\"http:\/\/nossacasa.net\/nossosriachos\/bioconhecer\/jp-2013\/\">capa<\/a><\/td>\n<td><a href=\"http:\/\/nossacasa.net\/nossosriachos\/bioconhecer\/projeto-jp-2013\/\">projeto<\/a><\/td>\n<td><a href=\"http:\/\/nossacasa.net\/nossosriachos\/bioconhecer\/turma-jp-2013\/\">turma<\/a><\/td>\n<td><a href=\"http:\/\/nossacasa.net\/nossosriachos\/bioconhecer\/encontros-jp-2013\">encontros<\/a><\/td>\n<td><a href=\"http:\/\/nossacasa.net\/nossosriachos\/bioconhecer\/parcerias-jp-2013\/\">parcerias<\/a><\/td>\n<\/tr>\n<\/tbody>\n<\/table>\n<table width=\"100%\">\n<caption align=\"center\"><b>RESPONS\u00c1VEIS<\/b><\/caption>\n<tbody>\n<tr>\n<td align=\"center\"><img loading=\"lazy\" decoding=\"async\" class=\"aligncenter size-full wp-image-130\" src=\"http:\/\/nossacasa.net\/nossosriachos\/bioconhecer\/wp-content\/uploads\/sites\/10\/2018\/04\/luisa.jpg\" alt=\"\" width=\"80\" height=\"75\" \/><\/td>\n<td align=\"center\"><img loading=\"lazy\" decoding=\"async\" class=\"aligncenter size-full wp-image-140\" src=\"http:\/\/nossacasa.net\/nossosriachos\/bioconhecer\/wp-content\/uploads\/sites\/10\/2018\/04\/ronaldo.jpg\" alt=\"\" width=\"80\" height=\"75\" \/><\/td>\n<\/tr>\n<tr>\n<td style=\"text-align: center;\">Luisa Maria Sarmento-Soares<\/td>\n<td style=\"text-align: center;\">Ronaldo Fernando Martins-Pinheiro<\/td>\n<\/tr>\n<\/tbody>\n<\/table>\n<table width=\"100%\">\n<caption align=\"center\"><b>COORDENA\u00c7\u00c3O<\/b><\/caption\n\n\n<tr>\n<td align=\"center\"><img loading=\"lazy\" decoding=\"async\" class=\"aligncenter size-full wp-image-134\" src=\"http:\/\/nossacasa.net\/nossosriachos\/bioconhecer\/wp-content\/uploads\/sites\/10\/2018\/04\/margareth.jpg\" alt=\"\" width=\"80\" height=\"75\" \/><\/td>\n<\/tr>\n<tr>\n<td style=\"text-align: center;\">Maria Margareth Cancian Roldi<\/td>\n<\/tr>\n<\/tbody>\n<\/table>\n<table width=\"100%\">\n<caption align=\"center\"><b>MONITORES<\/b><\/caption>\n<tbody>\n<tr>\n<td align=\"center\"><img loading=\"lazy\" decoding=\"async\" src=\"http:\/\/nossacasa.net\/nossosriachos\/bioconhecer\/wp-content\/uploads\/sites\/10\/2018\/04\/marcelo.jpg\" alt=\"\" width=\"80\" height=\"75\" class=\"aligncenter size-full wp-image-261\" \/><\/td>\n<td align=\"center\"><img loading=\"lazy\" decoding=\"async\" src=\"http:\/\/nossacasa.net\/nossosriachos\/bioconhecer\/wp-content\/uploads\/sites\/10\/2018\/04\/kemilly.jpg\" alt=\"\" width=\"80\" height=\"75\" class=\"aligncenter size-full wp-image-260\" \/><\/td>\n<td align=\"center\"><img loading=\"lazy\" decoding=\"async\" src=\"http:\/\/nossacasa.net\/nossosriachos\/bioconhecer\/wp-content\/uploads\/sites\/10\/2018\/04\/telmo.jpg\" alt=\"\" width=\"80\" height=\"75\" class=\"aligncenter size-full wp-image-262\" \/><\/td>\n<\/tr>\n<tr>\n<td style=\"text-align: center;\">Marcelo Kister de Pietre<\/td>\n<td style=\"text-align: center;\">K\u00eamilly Bet\u00e2nia de Paula<\/td>\n<td style=\"text-align: center;\">Telmo dos Santos Junior<\/td>\n<\/tr>\n<\/tbody>\n<\/table>\n<table width=\"100%\">\n<caption align=\"center\"><b>PALESTRANTES<\/b><\/caption>\n<tbody>\n<tr>\n<td align=\"center\"><img loading=\"lazy\" decoding=\"async\" src=\"http:\/\/nossacasa.net\/nossosriachos\/bioconhecer\/wp-content\/uploads\/sites\/10\/2018\/04\/cristina.jpg\" alt=\"\" width=\"80\" height=\"75\" class=\"aligncenter size-full wp-image-200\" \/><\/td>\n<td align=\"center\"><img loading=\"lazy\" decoding=\"async\" src=\"http:\/\/nossacasa.net\/nossosriachos\/bioconhecer\/wp-content\/uploads\/sites\/10\/2018\/04\/juliana-1.jpg\" alt=\"\" width=\"80\" height=\"75\" class=\"aligncenter size-full wp-image-264\" \/><\/td>\n<td align=\"center\"><img loading=\"lazy\" decoding=\"async\" src=\"http:\/\/nossacasa.net\/nossosriachos\/bioconhecer\/wp-content\/uploads\/sites\/10\/2018\/04\/kemilly.jpg\" alt=\"\" width=\"80\" height=\"75\" class=\"aligncenter size-full wp-image-260\" \/><\/td>\n<td align=\"center\"><img loading=\"lazy\" decoding=\"async\" src=\"http:\/\/nossacasa.net\/nossosriachos\/bioconhecer\/wp-content\/uploads\/sites\/10\/2018\/04\/lorena.jpg\" alt=\"\" width=\"80\" height=\"75\" class=\"aligncenter size-full wp-image-265\" \/><\/td>\n<\/tr>\n<tr>\n<td style=\"text-align: center;\">Cristina Cunha<br \/>Conhecendo o museus<\/td>\n<td style=\"text-align: center;\">Juliana da Silva<br \/>Conhecendo o museu<\/td>\n<td style=\"text-align: center;\">K\u00eamilly de Paula<br \/>Educa\u00e7\u00e3o Ambiental<\/td>\n<td style=\"text-align: center;\">Lorena Tonini<br \/>Conhecendo o museu<\/td>\n<\/tr>\n<tr>\n<td align=\"center\"><img loading=\"lazy\" decoding=\"async\" src=\"http:\/\/nossacasa.net\/nossosriachos\/bioconhecer\/wp-content\/uploads\/sites\/10\/2018\/04\/marcelo.jpg\" alt=\"\" width=\"80\" height=\"75\" class=\"aligncenter size-full wp-image-261\" \/><\/td>\n<td align=\"center\"><img loading=\"lazy\" decoding=\"async\" src=\"http:\/\/nossacasa.net\/nossosriachos\/bioconhecer\/wp-content\/uploads\/sites\/10\/2018\/04\/telmo.jpg\" alt=\"\" width=\"80\" height=\"75\" class=\"aligncenter size-full wp-image-262\" \/><\/td>\n<td align=\"center\"><img loading=\"lazy\" decoding=\"async\" src=\"http:\/\/nossacasa.net\/nossosriachos\/bioconhecer\/wp-content\/uploads\/sites\/10\/2018\/04\/joelcio.jpg\" alt=\"\" width=\"80\" height=\"75\" class=\"aligncenter size-full wp-image-267\" \/><\/td>\n<td align=\"center\"><img loading=\"lazy\" decoding=\"async\" src=\"http:\/\/nossacasa.net\/nossosriachos\/bioconhecer\/wp-content\/uploads\/sites\/10\/2018\/04\/alexandre.jpg\" alt=\"\" width=\"80\" height=\"75\" class=\"aligncenter size-full wp-image-199\" \/><\/td>\n<\/tr>\n<tr>\n<td style=\"text-align: center;\">Marcelo Pietre<br \/>Educa\u00e7\u00e3o Ambiental<\/td>\n<td style=\"text-align: center;\">Telmo dos Santos<br \/>Educa\u00e7\u00e3o Ambienta<\/td>\n<td style=\"text-align: center;\">Joelcio Freitas<br \/>Bot\u00e2nica<\/td>\n<td style=\"text-align: center;\">Alexander M\u00f4nico<br \/>Anf\u00edbio<\/td>\n<\/tr>\n<tr>\n<td align=\"center\"><img loading=\"lazy\" decoding=\"async\" src=\"http:\/\/nossacasa.net\/nossosriachos\/bioconhecer\/wp-content\/uploads\/sites\/10\/2018\/04\/luisa.jpg\" alt=\"\" width=\"80\" height=\"75\" class=\"aligncenter size-full wp-image-130\" \/><\/td>\n<td align=\"center\"><img loading=\"lazy\" decoding=\"async\" src=\"http:\/\/nossacasa.net\/nossosriachos\/bioconhecer\/wp-content\/uploads\/sites\/10\/2018\/04\/margareth.jpg\" alt=\"\" width=\"80\" height=\"75\" class=\"aligncenter size-full wp-image-134\" \/><\/td>\n<td align=\"center\"><img loading=\"lazy\" decoding=\"async\" src=\"http:\/\/nossacasa.net\/nossosriachos\/bioconhecer\/wp-content\/uploads\/sites\/10\/2018\/04\/silvia.jpg\" alt=\"\" width=\"80\" height=\"75\" class=\"aligncenter size-full wp-image-286\" \/><\/td>\n<td align=\"center\"><img loading=\"lazy\" decoding=\"async\" src=\"http:\/\/nossacasa.net\/nossosriachos\/bioconhecer\/wp-content\/uploads\/sites\/10\/2018\/04\/jose.jpg\" alt=\"\" width=\"68\" height=\"80\" class=\"aligncenter size-full wp-image-269\" \/><\/td>\n<\/tr>\n<tr>\n<td style=\"text-align: center;\">Luisa Sarmento-Soares<br \/>Peixe<\/td>\n<td style=\"text-align: center;\">Margareth Roldi<br \/>Peixes<\/td>\n<td style=\"text-align: center;\">Silvia Caldara<br \/>Mam\u00edferos<\/td>\n<td style=\"text-align: center;\">Jos\u00e9 Nilton da Silva<br \/>Aves<\/td>\n<\/tr>\n<tr>\n<td align=\"center\"><img loading=\"lazy\" decoding=\"async\" src=\"http:\/\/nossacasa.net\/nossosriachos\/bioconhecer\/wp-content\/uploads\/sites\/10\/2018\/04\/elisa-1.jpg\" alt=\"\" width=\"61\" height=\"80\" class=\"aligncenter size-full wp-image-289\" \/><\/td>\n<\/tr>\n<tr>\n<td style=\"text-align: center;\">Elisa Alves<br \/>Comunica\u00e7\u00e3o<\/td>\n<\/tr>\n<\/tbody>\n<\/table>\n<table width=\"100%\">\n<caption align=\"center\"><b>ALUNOS<\/b><\/caption>\n<tbody>\n<tr>\n<td align=\"center\"><img loading=\"lazy\" decoding=\"async\" src=\"http:\/\/nossacasa.net\/nossosriachos\/bioconhecer\/wp-content\/uploads\/sites\/10\/2018\/04\/clara.jpg\" alt=\"\" width=\"80\" height=\"75\" class=\"aligncenter size-full wp-image-288\" \/><\/td>\n<td align=\"center\"><img loading=\"lazy\" decoding=\"async\" src=\"http:\/\/nossacasa.net\/nossosriachos\/bioconhecer\/wp-content\/uploads\/sites\/10\/2018\/04\/Juliano.jpg\" alt=\"\" width=\"80\" height=\"75\" class=\"aligncenter size-full wp-image-271\" \/><\/td>\n<td align=\"center\"><img loading=\"lazy\" decoding=\"async\" src=\"http:\/\/nossacasa.net\/nossosriachos\/bioconhecer\/wp-content\/uploads\/sites\/10\/2018\/04\/joana.jpg\" alt=\"\" width=\"75\" height=\"80\" class=\"aligncenter size-full wp-image-290\" \/><\/td>\n<td align=\"center\"><img loading=\"lazy\" decoding=\"async\" src=\"http:\/\/nossacasa.net\/nossosriachos\/bioconhecer\/wp-content\/uploads\/sites\/10\/2018\/04\/luisa_2.jpg\" alt=\"\" width=\"80\" height=\"75\" class=\"aligncenter size-full wp-image-276\" \/><\/td>\n<\/tr>\n<tr>\n<td style=\"text-align: center;\">Clara<\/td>\n<td style=\"text-align: center;\">Juliano<\/td>\n<td style=\"text-align: center;\">Joana<\/td>\n<td style=\"text-align: center;\">Luisa<\/td>\n<\/tr>\n<tr>\n<td align=\"center\"><img loading=\"lazy\" decoding=\"async\" src=\"http:\/\/nossacasa.net\/nossosriachos\/bioconhecer\/wp-content\/uploads\/sites\/10\/2018\/04\/neto.jpg\" alt=\"\" width=\"80\" height=\"75\" class=\"aligncenter size-full wp-image-281\" \/><\/td>\n<td align=\"center\"><img loading=\"lazy\" decoding=\"async\" src=\"http:\/\/nossacasa.net\/nossosriachos\/bioconhecer\/wp-content\/uploads\/sites\/10\/2018\/04\/pedro.jpg\" alt=\"\" width=\"80\" height=\"75\" class=\"aligncenter size-full wp-image-283\" \/><\/td>\n<td align=\"center\"><img loading=\"lazy\" decoding=\"async\" src=\"http:\/\/nossacasa.net\/nossosriachos\/bioconhecer\/wp-content\/uploads\/sites\/10\/2018\/04\/stefani.jpg\" alt=\"\" width=\"80\" height=\"75\" class=\"aligncenter size-full wp-image-292\" \/><\/td>\n<td align=\"center\"><img loading=\"lazy\" decoding=\"async\" src=\"http:\/\/nossacasa.net\/nossosriachos\/bioconhecer\/wp-content\/uploads\/sites\/10\/2018\/04\/vitor.jpg\" alt=\"\" width=\"80\" height=\"75\" class=\"aligncenter size-full wp-image-293\" \/><\/td>\n<\/tr>\n<tr>\n<td style=\"text-align: center;\">Neto<\/td>\n<td style=\"text-align: center;\">Pedro<\/td>\n<td style=\"text-align: center;\">Stefani<\/td>\n<td style=\"text-align: center;\">Vitor<\/td>\n<\/tr>\n<\/tbody>\n<\/table>\n<\/div>\n","protected":false},"excerpt":{"rendered":"<p>capa projeto turma encontros parcerias RESPONS\u00c1VEIS Luisa Maria Sarmento-Soares Ronaldo Fernando Martins-Pinheiro COORDENA\u00c7\u00c3O<\/p>\n","protected":false},"author":1,"featured_media":252,"parent":0,"menu_order":0,"comment_status":"closed","ping_status":"closed","template":"","meta":{"footnotes":""},"class_list":["post-257","page","type-page","status-publish","has-post-thumbnail","hentry"],"_links":{"self":[{"href":"http:\/\/nossacasa.net\/nossosriachos\/bioconhecer\/wp-json\/wp\/v2\/pages\/257","targetHints":{"allow":["GET"]}}],"collection":[{"href":"http:\/\/nossacasa.net\/nossosriachos\/bioconhecer\/wp-json\/wp\/v2\/pages"}],"about":[{"href":"http:\/\/nossacasa.net\/nossosriachos\/bioconhecer\/wp-json\/wp\/v2\/types\/page"}],"author":[{"embeddable":true,"href":"http:\/\/nossacasa.net\/nossosriachos\/bioconhecer\/wp-json\/wp\/v2\/users\/1"}],"replies":[{"embeddable":true,"href":"http:\/\/nossacasa.net\/nossosriachos\/bioconhecer\/wp-json\/wp\/v2\/comments?post=257"}],"version-history":[{"count":8,"href":"http:\/\/nossacasa.net\/nossosriachos\/bioconhecer\/wp-json\/wp\/v2\/pages\/257\/revisions"}],"predecessor-version":[{"id":295,"href":"http:\/\/nossacasa.net\/nossosriachos\/bioconhecer\/wp-json\/wp\/v2\/pages\/257\/revisions\/295"}],"wp:featuredmedia":[{"embeddable":true,"href":"http:\/\/nossacasa.net\/nossosriachos\/bioconhecer\/wp-json\/wp\/v2\/media\/252"}],"wp:attachment":[{"href":"http:\/\/nossacasa.net\/nossosriachos\/bioconhecer\/wp-json\/wp\/v2\/media?parent=257"}],"curies":[{"name":"wp","href":"https:\/\/api.w.org\/{rel}","templated":true}]}}