{"id":319,"date":"2018-04-24T19:47:15","date_gmt":"2018-04-24T22:47:15","guid":{"rendered":"http:\/\/nossacasa.net\/nossosriachos\/bioconhecer\/?page_id=319"},"modified":"2018-04-25T07:46:43","modified_gmt":"2018-04-25T10:46:43","slug":"projeto-jp-2014","status":"publish","type":"page","link":"http:\/\/nossacasa.net\/nossosriachos\/bioconhecer\/projeto-jp-2014\/","title":{"rendered":"JP 2014 Projeto"},"content":{"rendered":"<div style=\"text-align: justify;\">\n<img loading=\"lazy\" decoding=\"async\" src=\"http:\/\/nossacasa.net\/nossosriachos\/bioconhecer\/wp-content\/uploads\/sites\/10\/2018\/04\/logo-projeto-2.jpg\" alt=\"\" width=\"649\" height=\"123\" class=\"aligncenter size-full wp-image-322\" srcset=\"http:\/\/nossacasa.net\/nossosriachos\/bioconhecer\/wp-content\/uploads\/sites\/10\/2018\/04\/logo-projeto-2.jpg 649w, http:\/\/nossacasa.net\/nossosriachos\/bioconhecer\/wp-content\/uploads\/sites\/10\/2018\/04\/logo-projeto-2-300x57.jpg 300w, http:\/\/nossacasa.net\/nossosriachos\/bioconhecer\/wp-content\/uploads\/sites\/10\/2018\/04\/logo-projeto-2-500x95.jpg 500w\" sizes=\"auto, (max-width: 649px) 100vw, 649px\" \/><\/p>\n<table border=\"0\" width=\"600px\" cellspacing=\"0\" cellpadding=\"0\" align=\"center\">\n<tbody>\n<tr>\n<td><a href=\"http:\/\/nossacasa.net\/nossosriachos\/bioconhecer\/jp-2014\/\">capa<\/a><\/td>\n<td><a href=\"http:\/\/nossacasa.net\/nossosriachos\/bioconhecer\/projeto-jp-2014\/\">projeto<\/a><\/td>\n<td><a href=\"&quot;http:\/\/nossacasa.net\/nossosriachos\/bioconhecer\/turma-jp-2014\/\">turma<\/a><\/td>\n<td><a href=\"&quot;http:\/\/nossacasa.net\/nossosriachos\/bioconhecer\/encontros-jp-2014\">encontros<\/a><\/td>\n<td><a href=\"http:\/\/nossacasa.net\/nossosriachos\/bioconhecer\/parcerias-jp-2014\/\">parcerias<\/a><\/td>\n<\/tr>\n<\/tbody>\n<\/table>\n<p><strong>TEMA:<\/strong> A educa\u00e7\u00e3o cientifica como ferramenta para o aprendizado sobra a Biodiversidade da Mata Atl\u00e2ntica,<\/p>\n<p><strong>Proposta:<\/strong><br \/>\nTrabalhar com os alunos do 9\u00ba Ano do Ensino Fundamental das Escolas Santa Catarina e Ethevaldo Damazio. (hoje na 8a S\u00e9rie).<br \/>\nEncontros quinzenais com um m\u00e1ximo de 15 a 20 alunos<br \/>\nDura\u00e7\u00e3o de um ano (aproximadamente 8 encontros)<\/p>\n<p><strong>Objetivo:<\/strong><br \/>\nOrganizar grupos de estudantes do ensino b\u00e1sico onde, acompanhados por monitores universit\u00e1rios e orientados por pesquisadores, possam conhecer de perto os trabalhos de pesquisa biol\u00f3gica.<\/p>\n<p><strong>Local dos encontros:<\/strong><br \/>\nSala de Difus\u00e3o Cient\u00edfica e no patio do MBML<\/p>\n<p><strong>Pr\u00e1ticas de campo :<\/strong><br \/>\n1. Encontro voltado para a tem\u00e1tica &#8220;Plantio de Mudas&#8221;.<br \/>\n2. Encontro voltado para a tem\u00e1tica de Bot\u00e2nica.<br \/>\n3. Encontro voltado para a tem\u00e1tica de Bot\u00e2nica.<br \/>\n4. Encontro voltado para a tem\u00e1tica de Oficina de fotografia.<br \/>\n5. Encontro voltado para a tem\u00e1tica &#8220;Peixes de riachos&#8221;.<br \/>\n6. Encontro voltado para a coleta de peixes de riachos em campo.<br \/>\n7. Encontro voltado para a tem\u00e1tica \u201cAves do Museu\u201d.<br \/>\n8. Encontro voltado para a tem\u00e1tica \u201cHist\u00f3ria Natural dos Anf\u00edbios Anuros\u201d.<br \/>\n9. Encontro voltado para a tem\u00e1tica \u201cEduca\u00e7\u00e3o Ambiental Fora da Escola\u201d.<br \/>\n10. Encontro voltado para a tem\u00e1tica &#8220;A import\u00e2ncia da fotografia para a coserva\u00e7\u00e3o da Mata Atl\u00e2ntica&#8221;<\/p>\n<p><strong>CALEND\u00c1RIO<\/strong><\/p>\n<p><em><strong>ABRIL<\/strong><\/em><br \/>\nEncontro do dia 04\/04\/2014 esteve voltado para a tem\u00e1tica &#8220;Plantio de Mudas&#8221; ministrada pelo senhor Nilton Broseguini. Neste dia os alunos aprenderam um pouco mais sobre como \u00e9 feito o plantio de sementes e a prepara\u00e7\u00e3o das mudas para seu plantio definitivo, foi ministrada uma palestra para os alunos mostrando todas as etapas deste trabalho, tamb\u00e9m foi observado pelos alunos como ocorre a recupera\u00e7\u00e3o de uma \u00e1rea degradada atrav\u00e9s do plantio das mudas.<br \/>\nEncontro do dia 25\/04\/2014 teve sua tem\u00e1tica voltada para a Bot\u00e2nica. Sob orienta\u00e7\u00e3o do senhor Manoel F. Santos, os alunos puderam aprender como \u00e9 o processo de prepara\u00e7\u00e3o de mudas de Brom\u00e9lias e Orqu\u00eddeas para o seu plantio.<\/p>\n<p><em><strong>MAIO<\/strong><\/em><br \/>\nEncontro do dia 02\/05\/2014 teve sua tem\u00e1tica Bot\u00e2nica, sob orienta\u00e7\u00e3o do Mestrando Joelcio Freitas do CEUNES\/UFES. Os alunos puderam aprender de forma clara os principais grupos vegetais e sua import\u00e2ncia nos ecossistemas. Tamb\u00e9m puderam conhecer as cole\u00e7\u00f5es bot\u00e2nicas do MBML e aprender a import\u00e2ncia dessas cole\u00e7\u00f5es para a ci\u00eancia e para o conhecimento da flora de uma localidade.<br \/>\nEncontro do dia 23\/05\/2014 teve sua tem\u00e1tica Oficina de fotografia, sob orienta\u00e7\u00e3o de Rosemberg Ferreira Martins. Os jovens puderam aprender como se fazer uma boa foto.<\/p>\n<p><em><strong>JUNHO<\/strong><\/em><br \/>\nEncontro do dia 06\/06\/2014 esteve voltado para a tem\u00e1tica &#8220;Peixes de riachos&#8221; ministrada pelo Dra. Luisa Maria Sarmento Soares. Neste dia os alunos aprenderam um pouco mais sobre o conceito de mata ciliar e sua import\u00e2ncia, em que foram ressaltados tamb\u00e9m as consequ\u00eancias do desmatamento, alterando a biodiversidade dos rios.<br \/>\nEncontro do dia 20\/06\/2014 teve sua tem\u00e1tica para a pr\u00e1tica, ou seja, coleta de campo de peixes de riachos. Sob orienta\u00e7\u00e3o da Dra. Luisa Maria Sarmento Soares, e com a supervis\u00e3o dos estagi\u00e1rios SAMBIO: Juliana, Lorena e Renan. O trecho escolhido foi Rio Stelzer no C\u00f3rrego Tabajara. Os jovens aprenderam sobre a import\u00e2ncia de equipamentos de seguran\u00e7a, bem como os tipos de materiais mais utilizados em coleta de peixes, tamb\u00e9m foi ressaltado a necessidade de uma licen\u00e7a de coleta.<\/p>\n<p><em><strong>AGOSTO<\/strong><\/em><br \/>\nEncontro do dia 01\/08\/2014 com o tema \u201cAves do Museu\u201d ministrada pelo Anderson Machado Gouveia. Neste dia os alunos puderam conhecer um pouco mais sobre as Aves em geral, ap\u00f3s uma palestra ministrada pelo mediador eles foram acompanhados pelo parque do museu para observarem algumas Aves e posteriormente puderam identifica-las.<br \/>\nEncontro do dia 15\/08\/2014 cujo tema foi \u201cHist\u00f3ria Natural dos Anf\u00edbios Anuros\u201d ministrada pelo Alexander M\u00f4nico. Neste dia os participantes do projeto tiveram a oportunidade de aprender um pouco mais sobre a vida dos anuros, tamb\u00e9m puderam observar a vocaliza\u00e7\u00e3o de algumas esp\u00e9cies que existem na Mata Atl\u00e2ntica, logo ap\u00f3s a palestra os alunos foram levados para o parque do Museu para observarem e escutarem a incr\u00edvel diversidade de anf\u00edbios anuros que existem na localidade.<br \/>\nEncontro do dia 29\/08\/2014 com o tema \u201cEduca\u00e7\u00e3o Ambiental Fora da Escola\u201d ministrada pelo Marcelo Kister de Pietre. Neste encontro os alunos aprenderam um pouco mais sobre a Educa\u00e7\u00e3o Ambiental e todo o seu processo, primeiramente houve uma palestra sobre o tema e logo ap\u00f3s os participantes foram levados para uma pequena trilha no parque do museu onde foram realizadas v\u00e1rias din\u00e2micas com eles, com o intuito de mostrar esse processo de Educa\u00e7\u00e3o Ambiental.<\/p>\n<p><em><strong>SETEMBRO<\/strong><\/em><br \/>\nEncontro do dia 05\/09\/2014 com o tema &#8220;A import\u00e2ncia da fotografia para a coserva\u00e7\u00e3o da Mata Atl\u00e2ntica&#8221; ministrada por Leonardo Mer\u00e7on, do instituto \u00daltimos Ref\u00fagios. Neste encontro, os alunos aprenderam sobre a import\u00e2ncia das midias fotograficas e audio visuais para a conserva\u00e7\u00e3o de \u00e1reas em geral, em foco a Mata Atl\u00e2ntica.<\/p>\n<p><em><strong>OUTUBRO<\/strong><\/em><\/p>\n<p><em><strong>NOVEMBRO<\/strong><\/em><\/p>\n<\/div>\n","protected":false},"excerpt":{"rendered":"<p>capa projeto turma encontros parcerias TEMA: A educa\u00e7\u00e3o cientifica como ferramenta para o aprendizado sobra a Biodiversidade da Mata Atl\u00e2ntica, Proposta: Trabalhar com os alunos do 9\u00ba Ano do Ensino Fundamental das Escolas Santa Catarina e Ethevaldo Damazio. (hoje na &hellip; <a href=\"http:\/\/nossacasa.net\/nossosriachos\/bioconhecer\/projeto-jp-2014\/\">Continue lendo <span class=\"meta-nav\">&rarr;<\/span><\/a><\/p>\n","protected":false},"author":1,"featured_media":322,"parent":0,"menu_order":0,"comment_status":"closed","ping_status":"closed","template":"","meta":{"footnotes":""},"class_list":["post-319","page","type-page","status-publish","has-post-thumbnail","hentry"],"_links":{"self":[{"href":"http:\/\/nossacasa.net\/nossosriachos\/bioconhecer\/wp-json\/wp\/v2\/pages\/319","targetHints":{"allow":["GET"]}}],"collection":[{"href":"http:\/\/nossacasa.net\/nossosriachos\/bioconhecer\/wp-json\/wp\/v2\/pages"}],"about":[{"href":"http:\/\/nossacasa.net\/nossosriachos\/bioconhecer\/wp-json\/wp\/v2\/types\/page"}],"author":[{"embeddable":true,"href":"http:\/\/nossacasa.net\/nossosriachos\/bioconhecer\/wp-json\/wp\/v2\/users\/1"}],"replies":[{"embeddable":true,"href":"http:\/\/nossacasa.net\/nossosriachos\/bioconhecer\/wp-json\/wp\/v2\/comments?post=319"}],"version-history":[{"count":4,"href":"http:\/\/nossacasa.net\/nossosriachos\/bioconhecer\/wp-json\/wp\/v2\/pages\/319\/revisions"}],"predecessor-version":[{"id":405,"href":"http:\/\/nossacasa.net\/nossosriachos\/bioconhecer\/wp-json\/wp\/v2\/pages\/319\/revisions\/405"}],"wp:featuredmedia":[{"embeddable":true,"href":"http:\/\/nossacasa.net\/nossosriachos\/bioconhecer\/wp-json\/wp\/v2\/media\/322"}],"wp:attachment":[{"href":"http:\/\/nossacasa.net\/nossosriachos\/bioconhecer\/wp-json\/wp\/v2\/media?parent=319"}],"curies":[{"name":"wp","href":"https:\/\/api.w.org\/{rel}","templated":true}]}}