{"id":263,"date":"2018-05-04T10:15:29","date_gmt":"2018-05-04T13:15:29","guid":{"rendered":"http:\/\/nossacasa.net\/nossosriachos\/biodiverses\/?page_id=263"},"modified":"2018-05-04T10:15:29","modified_gmt":"2018-05-04T13:15:29","slug":"diones-mendonca-luttig","status":"publish","type":"page","link":"http:\/\/nossacasa.net\/nossosriachos\/biodiverses\/diones-mendonca-luttig\/","title":{"rendered":"Diones Mendon\u00e7a L\u00fcttig"},"content":{"rendered":"<div style=\"text-align:center\">\n<img loading=\"lazy\" decoding=\"async\" src=\"http:\/\/nossacasa.net\/nossosriachos\/biodiverses\/wp-content\/uploads\/sites\/6\/2018\/05\/diones.jpg\" alt=\"\" width=\"160\" height=\"150\" class=\"aligncenter size-full wp-image-264\" \/><\/p>\n<table width=\"75%\" border=\"0\" bgcolor=\"white\" cellspacing=\"0\" align=\"center\">\n<tr>\n<td>&nbsp;<\/td>\n<\/tr>\n<tr>\n<td><b>Estudante da ESFA e Estagi\u00e1ria no Museu de Biologia Prof. Mello Leit\u00e3o<\/b><\/div>\n<p><\/font><\/td>\n<\/tr>\n<tr>\n<td>&nbsp;<\/td>\n<\/tr>\n<tr>\n<td colspan=\"2\">\n<table width=\"100%\" border=\"0\" bgcolor=\"white\" cellspacing=\"0\" align=\"left\">\n<caption><font size=\"5\"><b>Projeto de Inicia\u00e7\u00e3o Cient\u00edfica<\/b><\/font><\/caption>\n<tr>\n<td>&nbsp;<\/td>\n<\/tr>\n<tr>\n<td>\n<div style=\"text-align:justify\">\n<font size=\"3\"><b>As esp\u00e9cies de <i>Pimelodella<\/i> na bacia do Rio Doce &#8211; ES (Ostariophysi: Heptapteridae)<\/b><br \/>\n<font size=\"2\"><\/p>\n<p>O estudo da diversidade de organismos e do meio ambiente no qual estamos inseridos, \u00e9 de suma import\u00e2ncia para uma sociedade que deseja viver em condi\u00e7\u00f5es melhores de vida e de equil\u00edbrio com outros seres vivos. Na tentativa desse esclarecimento, buscamos com este trabalho conhecer com mais detalhe a diversidade de esp\u00e9cies do g\u00eanero Pimelodella, por isso caracteres mer\u00edsticos e morfom\u00e9tricos ser\u00e3o coletados e analisados para que possamos atribuir caracter\u00edsticas as esp\u00e9cies j\u00e1 descritas e descrever novas esp\u00e9cies se for este o caso. Pretendemos com o presente estudo reconhecer as popula\u00e7\u00f5es e definir as esp\u00e9cies de Pimelodella que habitam o vale do rio Doce no Esp\u00edrito Santo. Esperamos que os estudos taxon\u00f4micos possam contribuir para a preserva\u00e7\u00e3o ambiental, melhorando assim o meio a qualidade de vida das pessoas que residem no vale do Rio Doce \u2013 ES.<\/p>\n<p><\/font>\n<\/div>\n<\/td>\n<\/tr>\n<\/td>\n<\/tr>\n<\/table>\n<tr>\n<td>\n<\/td>\n<\/tr>\n<\/table>\n<\/div>\n","protected":false},"excerpt":{"rendered":"<p>&nbsp; Estudante da ESFA e Estagi\u00e1ria no Museu de Biologia Prof. Mello Leit\u00e3o &nbsp; Projeto de Inicia\u00e7\u00e3o Cient\u00edfica &nbsp; As esp\u00e9cies de Pimelodella na bacia do Rio Doce &#8211; ES (Ostariophysi: Heptapteridae) O estudo da<a class=\"read-more\" href=\"http:\/\/nossacasa.net\/nossosriachos\/biodiverses\/diones-mendonca-luttig\/\">Continue reading<\/a><\/p>\n","protected":false},"author":1,"featured_media":0,"parent":0,"menu_order":0,"comment_status":"closed","ping_status":"closed","template":"","meta":{"footnotes":""},"class_list":["post-263","page","type-page","status-publish","hentry"],"_links":{"self":[{"href":"http:\/\/nossacasa.net\/nossosriachos\/biodiverses\/wp-json\/wp\/v2\/pages\/263","targetHints":{"allow":["GET"]}}],"collection":[{"href":"http:\/\/nossacasa.net\/nossosriachos\/biodiverses\/wp-json\/wp\/v2\/pages"}],"about":[{"href":"http:\/\/nossacasa.net\/nossosriachos\/biodiverses\/wp-json\/wp\/v2\/types\/page"}],"author":[{"embeddable":true,"href":"http:\/\/nossacasa.net\/nossosriachos\/biodiverses\/wp-json\/wp\/v2\/users\/1"}],"replies":[{"embeddable":true,"href":"http:\/\/nossacasa.net\/nossosriachos\/biodiverses\/wp-json\/wp\/v2\/comments?post=263"}],"version-history":[{"count":1,"href":"http:\/\/nossacasa.net\/nossosriachos\/biodiverses\/wp-json\/wp\/v2\/pages\/263\/revisions"}],"predecessor-version":[{"id":265,"href":"http:\/\/nossacasa.net\/nossosriachos\/biodiverses\/wp-json\/wp\/v2\/pages\/263\/revisions\/265"}],"wp:attachment":[{"href":"http:\/\/nossacasa.net\/nossosriachos\/biodiverses\/wp-json\/wp\/v2\/media?parent=263"}],"curies":[{"name":"wp","href":"https:\/\/api.w.org\/{rel}","templated":true}]}}