{"id":11,"date":"2017-08-01T13:47:54","date_gmt":"2017-08-01T16:47:54","guid":{"rendered":"http:\/\/nossacasa.net\/nossosriachos\/nossasmatas\/?page_id=11"},"modified":"2017-08-04T19:52:47","modified_gmt":"2017-08-04T22:52:47","slug":"itacoatiara","status":"publish","type":"page","link":"http:\/\/nossacasa.net\/nossosriachos\/nossasmatas\/itacoatiara\/","title":{"rendered":"Itacoatiara"},"content":{"rendered":"<p style=\"text-align: justify;\">A praia de Itacoatiara e o Parque Estadual da Serra da Tiririca, nos \u00faltimos anos tem apresentado uma alta visita\u00e7\u00e3o, n\u00e3o importando a \u00e9poca do ano. Como o bairro possue apenas uma entrada, os visitantes costumam passar pelas duas ruas principais que levam os para a praia ou ao parque. Num \u00fanico final de semana de abril de 2015, o Cost\u00e3o de Itacoatiara recebeu 1.500 pessoas em seu cume. Atualmente o parque limita o n\u00famero de visitantes.\n<\/p>\n<p style=\"text-align: justify;\">\nItacoatiara, al\u00e9m de ser uma praia paradis\u00edaca, \u00e9 muito frequentada por amantes de esporte. Nas areias da praia tem praticantes de frescoball e a altinha; nas matas e pedras tem diversas trilhas; e para os esportistas radicais: surf, surf de pedra, escalada, highline, speedfly e basejump. A praia tamb\u00e9m \u00e9 conhecida por sediar diversos campeonatos de surf e surfboard, nacionais e internacionais. A cada ano, algum novo esporte torna-se popular na regi\u00e3o.\n<\/p>\n<p style=\"text-align: justify;\">\nO bairro de Itacoatiara faz parte da Regi\u00e3o Oce\u00e2nica da cidade de Niter\u00f3i, RJ, e possui uma \u00e1rea de 2,38 km2.\n<\/p>\n<p style=\"text-align: justify;\">\nA palavra Tupi ou Nheengatu Itacoatiara significa Pedra (ITA) Riscada (CUATIARA).<br \/>\nOriginalmente a regi\u00e3o era habitada pelos Tamoios. Administrativamente o bairro de Itacoatiara existe desde 1831,  por\u00e9m este come\u00e7ou a ser realmente ocupado a partir de 1940, com casas de veraneio. Sendo que o boom imobili\u00e1rio iniciou em torno de 1975, quando as pessoas come\u00e7aram a morar no bairro. V\u00e1rios moradores vieram da cidade do Rio de Janeiro em busca de melhor qualidade de vida.\n<\/p>\n<p style=\"text-align: justify;\">\nAs principais montanhas que envolvem Itacoatiara s\u00e3o: Morro das Andorinhas (196m), Morro do Tel\u00e9grafo (387 m), Alto Mour\u00e3o (tamb\u00e9m conhecido como Elefante, 412 m, sendo o ponto mais alto da cidade de Niter\u00f3i) e Morro do Tucum (este monolito \u00e9 tamb\u00e9m conhecido como Cost\u00e3o de Itacoatiara, 217 m). A Pedra Agulha Gurarishi e a Pra\u00e7a Paulo de Tarso Montenegro (conhecida tamb\u00e9m como Pracinha de Itacoatiara) s\u00e3o pontos geol\u00f3gicos que despontam na paisagem. A Praia de Itacoatiara, famosa pelas ondas, e a Enseada do Bananal s\u00e3o outros dos atrativos tur\u00edsticos do Bairro.\n<\/p>\n<p style=\"text-align: justify;\">\nTodo bairro est\u00e1 numa zona de Amortecimento do Parque Estadual da Serra da Tiririca &#8211; PESET. Ou seja o que acontece neste local infuencia e \u00e9 influenciado pelo entorno. H\u00e1 diversas regras para que a fauna e a flora de toda \u00e1rea sejam protegidas, pois representam um fragmento riqu\u00edssimo e um das \u00faltimos remanescentes da Mata Atl\u00e2ntica do estado. A Pedra Agulha Guarishi, a Enseada do Bananal, a faixa de restinga entre o mar e a Avenida e todos os morros est\u00e3o dentro da Unidade de Conserva\u00e7\u00e3o PESET.\n<\/p>\n<p style=\"text-align: justify;\">\nSeus moradores sempre lutaram pela preserva\u00e7\u00e3o ambiental, como exemplo, n\u00e3o permitindo asfalto nas ruas secund\u00e1rias. Nos \u00faltimos anos est\u00e3o recuperando a restinga plantando mudas de esp\u00e9cie nativa, assim como em algumas ruas .<\/p>\n<p><strong>Eny Hertz,<\/strong> mora na regi\u00e3o desde 1982, fot\u00f3grafa, escaladora e ambientalista, j\u00e1 organizou v\u00e1rios mutir\u00f5es ambientais.<\/p>\n<p><strong>Hannah Lua<\/strong>, mora na regi\u00e3o de desde 1987, designer. <\/p>\n<p>Fontes:<br \/>\nWikipedia<br \/>\nGuia de Niter\u00f3i Maric\u00e1 Trilhas &#8211; CNM<br \/>\nItacoatiara Guia de Escalada \u2013 Daflon<br \/>\nTrilhas Parque Estadual da Serra da Tiririca \u2013 INEA<br \/>\nhttp:\/\/culturaniteroi.com.br<\/p>\n","protected":false},"excerpt":{"rendered":"<p>A praia de Itacoatiara e o Parque Estadual da Serra da Tiririca, nos \u00faltimos anos tem apresentado uma alta visita\u00e7\u00e3o, n\u00e3o importando a \u00e9poca do ano. Como o bairro possue apenas uma entrada, os visitantes costumam passar pelas duas ruas &hellip; <a href=\"http:\/\/nossacasa.net\/nossosriachos\/nossasmatas\/itacoatiara\/\">Continue lendo <span class=\"meta-nav\">&rarr;<\/span><\/a><\/p>\n","protected":false},"author":1,"featured_media":0,"parent":0,"menu_order":0,"comment_status":"closed","ping_status":"closed","template":"","meta":{"footnotes":""},"class_list":["post-11","page","type-page","status-publish","hentry"],"_links":{"self":[{"href":"http:\/\/nossacasa.net\/nossosriachos\/nossasmatas\/wp-json\/wp\/v2\/pages\/11","targetHints":{"allow":["GET"]}}],"collection":[{"href":"http:\/\/nossacasa.net\/nossosriachos\/nossasmatas\/wp-json\/wp\/v2\/pages"}],"about":[{"href":"http:\/\/nossacasa.net\/nossosriachos\/nossasmatas\/wp-json\/wp\/v2\/types\/page"}],"author":[{"embeddable":true,"href":"http:\/\/nossacasa.net\/nossosriachos\/nossasmatas\/wp-json\/wp\/v2\/users\/1"}],"replies":[{"embeddable":true,"href":"http:\/\/nossacasa.net\/nossosriachos\/nossasmatas\/wp-json\/wp\/v2\/comments?post=11"}],"version-history":[{"count":4,"href":"http:\/\/nossacasa.net\/nossosriachos\/nossasmatas\/wp-json\/wp\/v2\/pages\/11\/revisions"}],"predecessor-version":[{"id":67,"href":"http:\/\/nossacasa.net\/nossosriachos\/nossasmatas\/wp-json\/wp\/v2\/pages\/11\/revisions\/67"}],"wp:attachment":[{"href":"http:\/\/nossacasa.net\/nossosriachos\/nossasmatas\/wp-json\/wp\/v2\/media?parent=11"}],"curies":[{"name":"wp","href":"https:\/\/api.w.org\/{rel}","templated":true}]}}