{"id":113,"date":"2017-09-02T20:04:04","date_gmt":"2017-09-02T23:04:04","guid":{"rendered":"http:\/\/nossacasa.net\/nossosriachos\/pos\/?page_id=113"},"modified":"2019-08-15T11:12:17","modified_gmt":"2019-08-15T14:12:17","slug":"alunos-2011","status":"publish","type":"page","link":"http:\/\/nossacasa.net\/nossosriachos\/pos\/alunos-2011\/","title":{"rendered":"Alunos 2011"},"content":{"rendered":"<div style=\"text-align: justify;\">\n<div style=\"text-align: center;\">\n<img loading=\"lazy\" decoding=\"async\" src=\"http:\/\/nossacasa.net\/nossosriachos\/pos\/wp-content\/uploads\/sites\/5\/2017\/09\/alunos2011.jpg\" alt=\"\" width=\"200\" height=\"200\" class=\"alignleft size-full wp-image-106\" srcset=\"http:\/\/nossacasa.net\/nossosriachos\/pos\/wp-content\/uploads\/sites\/5\/2017\/09\/alunos2011.jpg 200w, http:\/\/nossacasa.net\/nossosriachos\/pos\/wp-content\/uploads\/sites\/5\/2017\/09\/alunos2011-150x150.jpg 150w\" sizes=\"auto, (max-width: 200px) 100vw, 200px\" \/><\/p>\n<hr>\n<hr>\n<hr>\n<p><strong>Biogeografia e Conserva\u00e7\u00e3o de Fauna Aqu\u00e1tica 2011-<\/strong><\/p>\n<hr>\n<hr>\n<hr>\n<p>PROGRAMA DE P\u00d3S-GRADUA\u00c7\u00c3O EM CI\u00caNCIAS BIOL\u00d3GICAS- CENTRO DE CI\u00caNCIAS HUMANAS E NATURAIS<br \/>\nUNIVERSIDADE FEDERAL DO ESP\u00cdRITO SANTO<br \/>\nDISCIPLINA: Biogeografia e conserva\u00e7\u00e3o da fauna aqu\u00e1tica.<br \/>\nPBAN 9526 T\u00f3picos Especiais em Biologia Animal I<br \/>\nRESPONS\u00c1VEL: Luisa Maria Sarmento Soares\n<\/p><\/div>\n<h4>ALUNOS REGULARES<\/h4>\n<ol type=\"1\">\n<li><a href=\"mailto:turinhopc@gmail.com\"><b>Arturo Martinelli<\/b><\/a><\/li>\n<li><a href=\"mailto:barbosa.laelius@gmail.com\"><b>Diego Nunes<\/b><\/a><\/li>\n<li><a href=\"mailto:erikcmundi@gmail.com\"><b>Erikcsen Raimundi<\/b><\/a><\/li>\n<li><a href=\"mailto:fefreitasg@gmail.com\"><b>Fernanda de Freitas<\/b><\/a><\/li>\n<li><a href=\"mailto:lucasavianna@gmail.com\"><b>Lucas Vianna<\/b><\/a><\/li>\n<li><a href=\"mailto:marcusscherrer@gmail.com\"><b>Marcus Vin\u00edcius<\/b><\/a><\/li>\n<li><a href=\"mailto:msazevedo.bio@gmail.com\"><b>Mariana Azevedo<\/b><\/a><\/li>\n<li><a href=\"mailto:vcolombi@gmail.com\"><b>Victor Colombi<\/b><\/a><\/li>\n<li><a href=\"mailto:macacoparudo@gmail.com\"><b>Vin\u00edcius Teixeiras<\/b><\/a><\/li>\n<\/ol>\n<h4>ALUNOS ESPECIAIS<\/h4>\n<ol type=\"1\">\n<li><a href=\"mailto:bioisa@hotmail.com\"><b>Isabel Ara\u00fajo de Oliveira<\/b><\/a><\/li>\n<li><a href=\"mailto:drimessa@hotmail.com\"><b>Drienne Messa Faria<\/b><\/a><\/li>\n<li><a href=\"mailto:bibicriste@gmail.com\"><b>Fabiana Criste Massariol<\/b><\/a><\/li>\n<li><a href=\"mailto:kamila.angeli@gmail.com\"><b>Kamila Batista Angeli<\/b><\/a><\/li>\n<li><a href=\"mailto:thaisvolpi@gmail.com\"><b>Thais de Assis Volpi<\/b><\/a><\/li>\n<\/ol>\n<h4>ALUNOS OUVINTES<\/h4>\n<ol type=\"1\">\n<li><a href=\"mailto:margacroldi@gmail.com\"><b>Maria Margareth Cancian Roldi<\/b><\/a><\/li>\n<li><a href=\"mailto:mansurmartinelli@hotmail.com\"><b>Mikael Mansur Martinelli<\/b><\/a><\/li>\n<li><a href=\"mailto:maridiesse@hotmail.com\"><b>Maridiesse Morais Lopes<\/b><\/a><\/li>\n<li><a href=\"mailto:lougan_hto@hotmail.com\"><b>Lougan Lagass Pereira<\/b><\/a><\/li>\n<\/ol>\n<\/div>\n","protected":false},"excerpt":{"rendered":"<p>Biogeografia e Conserva\u00e7\u00e3o de Fauna Aqu\u00e1tica 2011- PROGRAMA DE P\u00d3S-GRADUA\u00c7\u00c3O EM CI\u00caNCIAS BIOL\u00d3GICAS- CENTRO DE CI\u00caNCIAS HUMANAS E NATURAIS UNIVERSIDADE FEDERAL DO ESP\u00cdRITO SANTO DISCIPLINA: Biogeografia e conserva\u00e7\u00e3o da fauna aqu\u00e1tica. PBAN 9526 T\u00f3picos Especiais em Biologia Animal I RESPONS\u00c1VEL: &hellip; <a href=\"http:\/\/nossacasa.net\/nossosriachos\/pos\/alunos-2011\/\">Continue lendo <span class=\"meta-nav\">&rarr;<\/span><\/a><\/p>\n","protected":false},"author":1,"featured_media":106,"parent":0,"menu_order":0,"comment_status":"closed","ping_status":"closed","template":"","meta":{"footnotes":""},"class_list":["post-113","page","type-page","status-publish","has-post-thumbnail","hentry"],"_links":{"self":[{"href":"http:\/\/nossacasa.net\/nossosriachos\/pos\/wp-json\/wp\/v2\/pages\/113","targetHints":{"allow":["GET"]}}],"collection":[{"href":"http:\/\/nossacasa.net\/nossosriachos\/pos\/wp-json\/wp\/v2\/pages"}],"about":[{"href":"http:\/\/nossacasa.net\/nossosriachos\/pos\/wp-json\/wp\/v2\/types\/page"}],"author":[{"embeddable":true,"href":"http:\/\/nossacasa.net\/nossosriachos\/pos\/wp-json\/wp\/v2\/users\/1"}],"replies":[{"embeddable":true,"href":"http:\/\/nossacasa.net\/nossosriachos\/pos\/wp-json\/wp\/v2\/comments?post=113"}],"version-history":[{"count":5,"href":"http:\/\/nossacasa.net\/nossosriachos\/pos\/wp-json\/wp\/v2\/pages\/113\/revisions"}],"predecessor-version":[{"id":1008,"href":"http:\/\/nossacasa.net\/nossosriachos\/pos\/wp-json\/wp\/v2\/pages\/113\/revisions\/1008"}],"wp:featuredmedia":[{"embeddable":true,"href":"http:\/\/nossacasa.net\/nossosriachos\/pos\/wp-json\/wp\/v2\/media\/106"}],"wp:attachment":[{"href":"http:\/\/nossacasa.net\/nossosriachos\/pos\/wp-json\/wp\/v2\/media?parent=113"}],"curies":[{"name":"wp","href":"https:\/\/api.w.org\/{rel}","templated":true}]}}