{"id":491,"date":"2018-10-01T15:42:35","date_gmt":"2018-10-01T18:42:35","guid":{"rendered":"http:\/\/nossacasa.net\/nossosriachos\/pos\/?page_id=491"},"modified":"2019-08-14T13:56:53","modified_gmt":"2019-08-14T16:56:53","slug":"alunos-2018","status":"publish","type":"page","link":"http:\/\/nossacasa.net\/nossosriachos\/pos\/alunos-2018\/","title":{"rendered":"Alunos 2018"},"content":{"rendered":"<div style=\"text-align: justify;\">\n<div style=\"text-align: center;\">\n<img loading=\"lazy\" decoding=\"async\" src=\"http:\/\/nossacasa.net\/nossosriachos\/pos\/wp-content\/uploads\/sites\/5\/2017\/09\/alunos.jpg\" alt=\"\" width=\"200\" height=\"200\" class=\"alignleft size-full wp-image-105\" srcset=\"http:\/\/nossacasa.net\/nossosriachos\/pos\/wp-content\/uploads\/sites\/5\/2017\/09\/alunos.jpg 200w, http:\/\/nossacasa.net\/nossosriachos\/pos\/wp-content\/uploads\/sites\/5\/2017\/09\/alunos-150x150.jpg 150w\" sizes=\"auto, (max-width: 200px) 100vw, 200px\" \/><\/p>\n<hr>\n<hr>\n<hr>\n<p><strong>Biogeografia e Conserva\u00e7\u00e3o de Fauna Aqu\u00e1tica 2018-2<br \/>\nPROGRAMA\u00c7\u00c3O DAS AULAS<\/strong><\/p>\n<hr>\n<hr>\n<hr>\n<p>PROGRAMA DE P\u00d3S-GRADUA\u00c7\u00c3O EM CI\u00caNCIAS BIOL\u00d3GICAS- CENTRO DE CI\u00caNCIAS HUMANAS E NATURAIS<br \/>\nUNIVERSIDADE FEDERAL DO ESP\u00cdRITO SANTO<br \/>\nDISCIPLINA: Biogeografia e conserva\u00e7\u00e3o da fauna aqu\u00e1tica.<br \/>\nPBAN 9526 T\u00f3picos Especiais em Biologia Animal I<br \/>\nRESPONS\u00c1VEL: Luisa Maria Sarmento Soares\n<\/p><\/div>\n<hr>\n<ol type=\"1\">\n<h4><b>ALUNOS REGULARES<\/b><\/h4>\n<li><a href=\"mailto:augastes@gmail.com\"><b>Augusto Cezar Francisco Alves<\/b><\/a><\/li>\n<li><a href=\"mailto:brunofonts@yahoo.com.br\"><b>Bruno Lucas Fontes dos Santos<\/b><\/a><\/li>\n<li><a href=\"mailto:carinaulian@gmail.com\"><b>Carina Maria Vela Ulian<\/b><\/a><\/li>\n<li><a href=\"mailto:carollineraidan@hotmail.com\"><b>Carolline Raidan Daniel<\/b><\/a><\/li>\n<li><a href=\"mailto:pereira.dfg@gmail.com\"><b>Diego Fernandes Gomes Pereira<\/b><\/a><\/li>\n<li><a href=\"mailto:felipevieiragui@gmail.com\"><b>Felipe Vieira Guimar\u00e3es<\/b><\/a><\/li>\n<li><a href=\"mailto:lucasmedeiros0@hotmail.com\"><b>Lucas Medeiros<\/b><\/a><\/li>\n<li><a href=\"mailto:anjo.ms@hotmail.com\"><b>Marcia da Silva Anjos<\/b><\/a><\/li>\n<li><a href=\"mailto:loss.mateus@gmail.com\"><b>Mateus Cruz Loss<\/b><\/a><\/li>\n<li><a href=\"mailto:nataliabrandaov@gmail.com\"><b>Natalia Brand\u00e3o Vieira<\/b><\/a><\/li>\n<li><a href=\"mailto:victorvalebiologia@hotmail.com\"><b>Victor Vale<\/b><\/a><\/li>\n<h4><b>MONITORIA<\/b><\/h4>\n<li><\/li>\n<\/ol>\n<\/div>\n","protected":false},"excerpt":{"rendered":"<p>Biogeografia e Conserva\u00e7\u00e3o de Fauna Aqu\u00e1tica 2018-2 PROGRAMA\u00c7\u00c3O DAS AULAS PROGRAMA DE P\u00d3S-GRADUA\u00c7\u00c3O EM CI\u00caNCIAS BIOL\u00d3GICAS- CENTRO DE CI\u00caNCIAS HUMANAS E NATURAIS UNIVERSIDADE FEDERAL DO ESP\u00cdRITO SANTO DISCIPLINA: Biogeografia e conserva\u00e7\u00e3o da fauna aqu\u00e1tica. PBAN 9526 T\u00f3picos Especiais em Biologia &hellip; <a href=\"http:\/\/nossacasa.net\/nossosriachos\/pos\/alunos-2018\/\">Continue lendo <span class=\"meta-nav\">&rarr;<\/span><\/a><\/p>\n","protected":false},"author":1,"featured_media":105,"parent":0,"menu_order":0,"comment_status":"closed","ping_status":"closed","template":"","meta":{"footnotes":""},"class_list":["post-491","page","type-page","status-publish","has-post-thumbnail","hentry"],"_links":{"self":[{"href":"http:\/\/nossacasa.net\/nossosriachos\/pos\/wp-json\/wp\/v2\/pages\/491","targetHints":{"allow":["GET"]}}],"collection":[{"href":"http:\/\/nossacasa.net\/nossosriachos\/pos\/wp-json\/wp\/v2\/pages"}],"about":[{"href":"http:\/\/nossacasa.net\/nossosriachos\/pos\/wp-json\/wp\/v2\/types\/page"}],"author":[{"embeddable":true,"href":"http:\/\/nossacasa.net\/nossosriachos\/pos\/wp-json\/wp\/v2\/users\/1"}],"replies":[{"embeddable":true,"href":"http:\/\/nossacasa.net\/nossosriachos\/pos\/wp-json\/wp\/v2\/comments?post=491"}],"version-history":[{"count":4,"href":"http:\/\/nossacasa.net\/nossosriachos\/pos\/wp-json\/wp\/v2\/pages\/491\/revisions"}],"predecessor-version":[{"id":990,"href":"http:\/\/nossacasa.net\/nossosriachos\/pos\/wp-json\/wp\/v2\/pages\/491\/revisions\/990"}],"wp:featuredmedia":[{"embeddable":true,"href":"http:\/\/nossacasa.net\/nossosriachos\/pos\/wp-json\/wp\/v2\/media\/105"}],"wp:attachment":[{"href":"http:\/\/nossacasa.net\/nossosriachos\/pos\/wp-json\/wp\/v2\/media?parent=491"}],"curies":[{"name":"wp","href":"https:\/\/api.w.org\/{rel}","templated":true}]}}