{"id":502,"date":"2018-10-01T15:59:19","date_gmt":"2018-10-01T18:59:19","guid":{"rendered":"http:\/\/nossacasa.net\/nossosriachos\/pos\/?page_id=502"},"modified":"2019-08-15T11:44:00","modified_gmt":"2019-08-15T14:44:00","slug":"seminario-2018-2","status":"publish","type":"page","link":"http:\/\/nossacasa.net\/nossosriachos\/pos\/seminario-2018-2\/","title":{"rendered":"Semin\u00e1rio 2018-2"},"content":{"rendered":"<div style=\"text-align: justify;\">\n<div style=\"text-align: center;\">\n<img loading=\"lazy\" decoding=\"async\" src=\"http:\/\/nossacasa.net\/nossosriachos\/pos\/wp-content\/uploads\/sites\/5\/2017\/09\/seminario-.jpg\" alt=\"\" width=\"200\" height=\"200\" class=\"alignleft size-full wp-image-213\" srcset=\"http:\/\/nossacasa.net\/nossosriachos\/pos\/wp-content\/uploads\/sites\/5\/2017\/09\/seminario-.jpg 200w, http:\/\/nossacasa.net\/nossosriachos\/pos\/wp-content\/uploads\/sites\/5\/2017\/09\/seminario--150x150.jpg 150w\" sizes=\"auto, (max-width: 200px) 100vw, 200px\" \/><\/p>\n<hr>\n<hr>\n<hr>\n<hr>\n<p><strong>Biogeografia e Conserva\u00e7\u00e3o de Fauna Aqu\u00e1tica 2011-2<\/strong><\/p>\n<hr>\n<hr>\n<hr>\n<p>PROGRAMA DE P\u00d3S-GRADUA\u00c7\u00c3O EM CI\u00caNCIAS BIOL\u00d3GICAS- CENTRO DE CI\u00caNCIAS HUMANAS E NATURAIS<br \/>\nUNIVERSIDADE FEDERAL DO ESP\u00cdRITO SANTO<br \/>\nDISCIPLINA: Biogeografia e conserva\u00e7\u00e3o da fauna aqu\u00e1tica.<br \/>\nPBAN 9526 T\u00f3picos Especiais em Biologia Animal I<br \/>\nRESPONS\u00c1VEL: Luisa Maria Sarmento Soares.\n<\/p><\/div>\n<hr>\n<h1>SEMIN\u00c1RIOS\/DEBATES<\/h1>\n<hr>\n<p><b>Tema norteador para o debate:<\/b> Biogeografia da conserva\u00e7\u00e3o em \u00e1reas protegidas.<\/p>\n<p><strong>Objetivos:<\/strong> Com base nas leituras sugeridas, destacar pontos positivos e negativos em cada tema. Apontar caminhos. Propor solu\u00e7\u00f5es.<\/p>\n<h4>GRUPO 2 &#8211; Perspectivas e novos paradigmas<\/h4>\n<p><strong>Tema 3- Ocupa\u00e7\u00e3o humana e as \u00e1reas protegidas- press\u00f5es e desafios.<\/strong><\/p>\n<p><strong>Uma avalia\u00e7\u00e3o sobre os textos:<\/strong><br \/>\n<b><i>1999. Popula\u00e7\u00f5es tradicionais e a prote\u00e7\u00e3o dos recursos Naturais em unidades de conserva\u00e7\u00e3o<\/i><\/b> de Rinaldo Arruda (<a href=\"http:\/\/www.nossacasa.net\/nossosriachos\/posgraduacao\/doc\/1999_Arruda-populacoes-tradicionais-e-a- protecao-dos-recursos-naturais-em-unidades-de-conservacao.pdf\" target=\"_blank\" rel=\"noopener noreferrer\">pdf<\/a>).<\/p>\n<p><b><i>2011. Agricultural expansion and the fate of global conservation priorities de Ricardo Dobrovolski e colaboradores.<\/i><\/b> Biodiversity and Conservation. Volume 20, Issue 11, pp 2445\u20132459 (<a href=\"http:\/\/www.nossacasa.net\/nossosriachos\/posgraduacao\/doc\/2011_dobrovolsk-agricultural-expansion.pdf\" target=\"_blank\" rel=\"noopener noreferrer\">pdf<\/a>).<\/p>\n<p><strong>Tema 4- Paisagens a conservar e prioridades<\/strong><\/p>\n<p><strong>Uma avalia\u00e7\u00e3o sobre os textos:<\/strong><br \/>\n<b><i>2016. Biogeografia da Conserva\u00e7\u00e3o<\/i><\/b> de Peter L\u00f6wenberg Neto &#038; Rafael Dias Loyola &#8211; Cap\u00edtulo 11 do Livro(<a href=\"http:\/\/www.nossacasa.net\/nossosriachos\/posgraduacao\/doc\/2016_neto_loyola-biogeografia-da-conservacao.pdf\" target=\"_blank\" rel=\"noopener noreferrer\">pdf<\/a>).<\/p>\n<p><b><i>2017. \u00c1gua e conserva\u00e7\u00e3o- um outro olhar<\/i><\/b> de Luisa Sarmento Soares e Ronaldo Martins Pinheiro.Boletim da SBI. (<a href=\"http:\/\/www.nossacasa.net\/nossosriachos\/posgraduacao\/doc\/2017_Sarmento-Soares_ Martins-Pinheiro-agua-e-conservacao-um-outro-olhar.pdf\" target=\"_blank\" rel=\"noopener noreferrer\">pdf<\/a>)<\/p>\n<ul type=\"circle\">\n<li>Produ\u00e7\u00e3o cient\u00edfica e aplica\u00e7\u00e3o em \u00e1reas protegidas<\/li>\n<li>A crise h\u00eddrica<\/li>\n<li>A hip\u00f3tese da perman\u00eancia<\/li>\n<li>A fronteira agr\u00edcola<\/li>\n<li>Mudan\u00e7a de paradigmas- Direitos da Natureza<\/li>\n<\/ul>\n<p><b>APRESENTA\u00c7\u00c3O:<\/b>\u00a0Sexta, \u00e0 tarde.<\/p>\n<p><b>ALUNOS:<\/b><\/p>\n<ol type=\"1\">\n<li><\/li>\n<li><\/li>\n<li><\/li>\n<\/ol>\n<\/div>\n","protected":false},"excerpt":{"rendered":"<p>Biogeografia e Conserva\u00e7\u00e3o de Fauna Aqu\u00e1tica 2011-2 PROGRAMA DE P\u00d3S-GRADUA\u00c7\u00c3O EM CI\u00caNCIAS BIOL\u00d3GICAS- CENTRO DE CI\u00caNCIAS HUMANAS E NATURAIS UNIVERSIDADE FEDERAL DO ESP\u00cdRITO SANTO DISCIPLINA: Biogeografia e conserva\u00e7\u00e3o da fauna aqu\u00e1tica. PBAN 9526 T\u00f3picos Especiais em Biologia Animal I RESPONS\u00c1VEL: &hellip; <a href=\"http:\/\/nossacasa.net\/nossosriachos\/pos\/seminario-2018-2\/\">Continue lendo <span class=\"meta-nav\">&rarr;<\/span><\/a><\/p>\n","protected":false},"author":1,"featured_media":213,"parent":0,"menu_order":0,"comment_status":"closed","ping_status":"closed","template":"","meta":{"footnotes":""},"class_list":["post-502","page","type-page","status-publish","has-post-thumbnail","hentry"],"_links":{"self":[{"href":"http:\/\/nossacasa.net\/nossosriachos\/pos\/wp-json\/wp\/v2\/pages\/502","targetHints":{"allow":["GET"]}}],"collection":[{"href":"http:\/\/nossacasa.net\/nossosriachos\/pos\/wp-json\/wp\/v2\/pages"}],"about":[{"href":"http:\/\/nossacasa.net\/nossosriachos\/pos\/wp-json\/wp\/v2\/types\/page"}],"author":[{"embeddable":true,"href":"http:\/\/nossacasa.net\/nossosriachos\/pos\/wp-json\/wp\/v2\/users\/1"}],"replies":[{"embeddable":true,"href":"http:\/\/nossacasa.net\/nossosriachos\/pos\/wp-json\/wp\/v2\/comments?post=502"}],"version-history":[{"count":2,"href":"http:\/\/nossacasa.net\/nossosriachos\/pos\/wp-json\/wp\/v2\/pages\/502\/revisions"}],"predecessor-version":[{"id":1036,"href":"http:\/\/nossacasa.net\/nossosriachos\/pos\/wp-json\/wp\/v2\/pages\/502\/revisions\/1036"}],"wp:featuredmedia":[{"embeddable":true,"href":"http:\/\/nossacasa.net\/nossosriachos\/pos\/wp-json\/wp\/v2\/media\/213"}],"wp:attachment":[{"href":"http:\/\/nossacasa.net\/nossosriachos\/pos\/wp-json\/wp\/v2\/media?parent=502"}],"curies":[{"name":"wp","href":"https:\/\/api.w.org\/{rel}","templated":true}]}}