{"id":1011,"date":"2019-08-31T09:05:51","date_gmt":"2019-08-31T12:05:51","guid":{"rendered":"http:\/\/nossacasa.net\/nossosriachos\/rios\/?page_id=1011"},"modified":"2019-09-01T14:10:19","modified_gmt":"2019-09-01T17:10:19","slug":"chaves-de-identificacao","status":"publish","type":"page","link":"http:\/\/nossacasa.net\/nossosriachos\/rios\/chaves-de-identificacao\/","title":{"rendered":"Chaves de identifica\u00e7\u00e3o"},"content":{"rendered":"<div style=\"text-align:justify\">\nAs <strong>chaves de identifica\u00e7\u00e3o<\/strong> s\u00e3o ferramentas escritas que permitem a identifica\u00e7\u00e3o de um esp\u00e9cime ou exemplar em rela\u00e7\u00e3o a uma classifica\u00e7\u00e3o pr\u00e9-existente. <\/p>\n<p>Em geral, as <strong>chaves de identifica\u00e7\u00e3o<\/strong> s\u00e3o constru\u00eddas segundo o m\u00e9todo da divis\u00e3o l\u00f3gica, em que duas alternativas mutuamente exclusivas sobre as caracter\u00edsticas morfol\u00f3gicas de um exemplar s\u00e3o apresentadas (chave dicot\u00f4mica*). <\/p>\n<p>Cada par de alternativas \u00e9 chamado de um &#8216;passo&#8217; ou &#8216;dilema&#8217;. Comparam-se as caracter\u00edsticas descritas no primeiro passo da chave com aquelas apresentadas pelo organismo que se quer identificar e escolhe-se a alternativa que melhor se ajusta \u00e0s caracter\u00edsticas do exemplar. Ent\u00e3o, segue-se para o passo indicado nesta alternativa e, assim, sucessivamente, at\u00e9 se alcan\u00e7ar a identifica\u00e7\u00e3o procurada. <\/p>\n<p>Abaixo est\u00e1 um exemplo simples de chave para a identifica\u00e7\u00e3o de algumas figuras geom\u00e9tricas planas:<\/p>\n<table border=\"0\">\n<tr>\n<td><b>1A<\/b><\/td>\n<td>Figura definida por uma circunfer\u00eancia&#8230;&#8230;&#8230;&#8230;&#8230;&#8230;&#8230;&#8230;&#8230;&#8230;&#8230;&#8230;&#8230;..<\/td>\n<td align=\"center\">C\u00edrculo<\/td>\n<\/tr>\n<tr>\n<td><b>1B<\/b><\/td>\n<td>Figura definida por linhas retas&#8230;&#8230;&#8230;&#8230;&#8230;&#8230;&#8230;&#8230;&#8230;&#8230;&#8230;&#8230;&#8230;&#8230;&#8230;..<\/td>\n<td align=\"center\">2<\/td>\n<\/tr>\n<tr>\n<td colspan=\"3\"><\/td>\n<\/tr>\n<tr>\n<td><b>2A<\/b><\/td>\n<td>Figura definida por tr\u00eas lados&#8230;&#8230;&#8230;&#8230;&#8230;&#8230;&#8230;&#8230;&#8230;&#8230;&#8230;&#8230;&#8230;&#8230;&#8230;..<\/td>\n<td align=\"center\">Tri\u00e2ngulo<\/td>\n<\/tr>\n<tr>\n<td><b>2B<\/b><\/td>\n<td>Figura definida por quatro lados&#8230;&#8230;&#8230;&#8230;&#8230;&#8230;&#8230;&#8230;&#8230;&#8230;&#8230;&#8230;&#8230;&#8230;&#8230;..<\/td>\n<td align=\"center\">3<\/td>\n<\/tr>\n<tr>\n<td colspan=\"3\"><\/td>\n<\/tr>\n<tr>\n<td  valign=\"middle\"><b>3A<\/b><\/td>\n<td>Figura definida por quatro lados iguais&#8230;&#8230;&#8230;&#8230;&#8230;&#8230;&#8230;&#8230;&#8230;&#8230;&#8230;&#8230;&#8230;..<\/td>\n<td align=\"center\" valign=\"middle\">Quadrado<\/td>\n<\/tr>\n<tr>\n<td><b>3B<\/b><\/td>\n<td>Figura definida por dois lados mais longos opostos e iguais entre si e<br \/> dois lados mais curtos tamb\u00e9m opostos e iguais entre si&#8230;&#8230;&#8230;&#8230;&#8230;..<\/td>\n<td align=\"center\">.<br \/>Ret\u00e2ngulo<\/td>\n<\/tr>\n<\/table>\n<p>A chave acima tem tr\u00eas passos ou dilemas numerados.<\/p>\n<p>Para come\u00e7ar a usar a chave, compara-se a figura que se pretende identificar com uma das duas descri\u00e7\u00f5es alternativas do passo 1. Se ela for delimitada por uma circunfer\u00eancia, ent\u00e3o ela ser\u00e1 um c\u00edrculo e j\u00e1 teremos sua identifica\u00e7\u00e3o; caso ela seja delimitada por linhas retas, ent\u00e3o, deve-se seguir para o passo indicado na segunda alternativa do passo 1 (para o passo 2, conforme indicado pelo n\u00famero no final da linha, \u00e0 direita). No segundo passo, h\u00e1 duas alternativas: se a figura for delimitada por tr\u00eas lados, ela \u00e9 um tri\u00e2ngulo; caso ela seja delimitada por quatro lados, segue-se para o pr\u00f3ximo passo indicado (3). Comparando a figura com as alternativas do passo quatro, ela ser\u00e1 um quadrado, se for definida por quatro lados iguais, ou um ret\u00e2ngulo se for definida por dois lados opostos mais longos, de comprimento igual e outros dois lados mais curtos (tamb\u00e9m opostos e iguais entre si).<\/p>\n<p><strong>Chaves de identifica\u00e7\u00e3o<\/strong> s\u00e3o, idealmente, acompanhadas de ilustra\u00e7\u00f5es que facilitem o entendimento das caracter\u00edsticas descritas. <\/p>\n<p><strong>Fonte:<\/strong> https:\/\/sistematicabiologi.wixsite.com\/sistematica\/copia-natureza-dos-caracteres\n<\/div>\n","protected":false},"excerpt":{"rendered":"<p>As chaves de identifica\u00e7\u00e3o s\u00e3o ferramentas escritas que permitem a identifica\u00e7\u00e3o de um esp\u00e9cime ou exemplar em rela\u00e7\u00e3o a uma classifica\u00e7\u00e3o pr\u00e9-existente. Em geral, as chaves de identifica\u00e7\u00e3o s\u00e3o constru\u00eddas segundo o m\u00e9todo da divis\u00e3o l\u00f3gica, em que duas alternativas &hellip; <a href=\"http:\/\/nossacasa.net\/nossosriachos\/rios\/chaves-de-identificacao\/\">Continue lendo <span class=\"meta-nav\">&rarr;<\/span><\/a><\/p>\n","protected":false},"author":1,"featured_media":0,"parent":0,"menu_order":0,"comment_status":"closed","ping_status":"closed","template":"","meta":{"footnotes":""},"class_list":["post-1011","page","type-page","status-publish","hentry"],"_links":{"self":[{"href":"http:\/\/nossacasa.net\/nossosriachos\/rios\/wp-json\/wp\/v2\/pages\/1011","targetHints":{"allow":["GET"]}}],"collection":[{"href":"http:\/\/nossacasa.net\/nossosriachos\/rios\/wp-json\/wp\/v2\/pages"}],"about":[{"href":"http:\/\/nossacasa.net\/nossosriachos\/rios\/wp-json\/wp\/v2\/types\/page"}],"author":[{"embeddable":true,"href":"http:\/\/nossacasa.net\/nossosriachos\/rios\/wp-json\/wp\/v2\/users\/1"}],"replies":[{"embeddable":true,"href":"http:\/\/nossacasa.net\/nossosriachos\/rios\/wp-json\/wp\/v2\/comments?post=1011"}],"version-history":[{"count":9,"href":"http:\/\/nossacasa.net\/nossosriachos\/rios\/wp-json\/wp\/v2\/pages\/1011\/revisions"}],"predecessor-version":[{"id":1013,"href":"http:\/\/nossacasa.net\/nossosriachos\/rios\/wp-json\/wp\/v2\/pages\/1011\/revisions\/1013"}],"wp:attachment":[{"href":"http:\/\/nossacasa.net\/nossosriachos\/rios\/wp-json\/wp\/v2\/media?parent=1011"}],"curies":[{"name":"wp","href":"https:\/\/api.w.org\/{rel}","templated":true}]}}