{"id":1456,"date":"2019-09-09T14:24:09","date_gmt":"2019-09-09T17:24:09","guid":{"rendered":"http:\/\/nossacasa.net\/nossosriachos\/rios\/?page_id=1456"},"modified":"2019-09-10T18:28:37","modified_gmt":"2019-09-10T21:28:37","slug":"hypomasticus-mormyrops","status":"publish","type":"page","link":"http:\/\/nossacasa.net\/nossosriachos\/rios\/hypomasticus-mormyrops\/","title":{"rendered":"Hypomasticus mormyrops"},"content":{"rendered":"<div style=\"text-align: justify;\">\n<h1><em>Hypomasticus mormyrops<\/em> (Steindachner, 1875)<\/h1>\n<p><img loading=\"lazy\" decoding=\"async\" src=\"http:\/\/nossacasa.net\/nossosriachos\/rios\/wp-content\/uploads\/sites\/8\/2019\/09\/Hypomasticus-mormyrops.png\" alt=\"\" width=\"800\" height=\"223\" class=\"aligncenter size-full wp-image-1601\" srcset=\"http:\/\/nossacasa.net\/nossosriachos\/rios\/wp-content\/uploads\/sites\/8\/2019\/09\/Hypomasticus-mormyrops.png 800w, http:\/\/nossacasa.net\/nossosriachos\/rios\/wp-content\/uploads\/sites\/8\/2019\/09\/Hypomasticus-mormyrops-300x84.png 300w, http:\/\/nossacasa.net\/nossosriachos\/rios\/wp-content\/uploads\/sites\/8\/2019\/09\/Hypomasticus-mormyrops-768x214.png 768w, http:\/\/nossacasa.net\/nossosriachos\/rios\/wp-content\/uploads\/sites\/8\/2019\/09\/Hypomasticus-mormyrops-500x139.png 500w\" sizes=\"auto, (max-width: 800px) 100vw, 800px\" \/><\/p>\n<p>Algumas caracter\u00edsticas da esp\u00e9cie <em>Hypomasticus mormyrops<\/em>s est\u00e3o indicadas na figura acima.<\/p>\n<p><em>Hypomasticus mormyrops<\/em> possui a boca muito curvada para baixo, e o segundo dente do dent\u00e1rio espa\u00e7ado. Quando jovens possuem tr\u00eas m\u00e1culas alongadas no corpo, que se tornam inconsp\u00edcuas nos adultos. A linha lateral tem muitas escamas perfuradas, 40 a 41. <\/p>\n<p>\u00c9 uma esp\u00e9cie de calha, migradora (reof\u00edlica), que sobe as corredeiras. Suas popula\u00e7\u00f5es podem ser afetadas no caso de barramentos dos grandes rios. \u00c9 registrada para os rios Doce e Mucuri, onde tem import\u00e2ncia na pesca local.<\/p>\n<p>A esp\u00e9cie Hypomasticus mormyrops \u00e9 uma, das duas representantes do g\u00eanero Hypomasticus da fam\u00edlia  nas regi\u00f5es dos tabuleiros. <\/p>\n<p>A esp\u00e9cie <em>Hypomasticus mormyrops<\/em> \u00e9 a uma das duas representante do g\u00eanero <em><a href=\"http:\/\/nossacasa.net\/nossosriachos\/rios\/hypomasticus\/\">Hypomasticus<\/a><\/em> da fam\u00edlia <a href=\"http:\/\/nossacasa.net\/nossosriachos\/rios\/anostomidae\/\">Anostomidae<\/a> nas regi\u00f5es dos tabuleiros. <\/p>\n<\/div>\n","protected":false},"excerpt":{"rendered":"<p>Hypomasticus mormyrops (Steindachner, 1875) Algumas caracter\u00edsticas da esp\u00e9cie Hypomasticus mormyropss est\u00e3o indicadas na figura acima. Hypomasticus mormyrops possui a boca muito curvada para baixo, e o segundo dente do dent\u00e1rio espa\u00e7ado. Quando jovens possuem tr\u00eas m\u00e1culas alongadas no corpo, que &hellip; <a href=\"http:\/\/nossacasa.net\/nossosriachos\/rios\/hypomasticus-mormyrops\/\">Continue lendo <span class=\"meta-nav\">&rarr;<\/span><\/a><\/p>\n","protected":false},"author":1,"featured_media":1601,"parent":0,"menu_order":0,"comment_status":"closed","ping_status":"closed","template":"","meta":{"footnotes":""},"class_list":["post-1456","page","type-page","status-publish","has-post-thumbnail","hentry"],"_links":{"self":[{"href":"http:\/\/nossacasa.net\/nossosriachos\/rios\/wp-json\/wp\/v2\/pages\/1456","targetHints":{"allow":["GET"]}}],"collection":[{"href":"http:\/\/nossacasa.net\/nossosriachos\/rios\/wp-json\/wp\/v2\/pages"}],"about":[{"href":"http:\/\/nossacasa.net\/nossosriachos\/rios\/wp-json\/wp\/v2\/types\/page"}],"author":[{"embeddable":true,"href":"http:\/\/nossacasa.net\/nossosriachos\/rios\/wp-json\/wp\/v2\/users\/1"}],"replies":[{"embeddable":true,"href":"http:\/\/nossacasa.net\/nossosriachos\/rios\/wp-json\/wp\/v2\/comments?post=1456"}],"version-history":[{"count":3,"href":"http:\/\/nossacasa.net\/nossosriachos\/rios\/wp-json\/wp\/v2\/pages\/1456\/revisions"}],"predecessor-version":[{"id":1603,"href":"http:\/\/nossacasa.net\/nossosriachos\/rios\/wp-json\/wp\/v2\/pages\/1456\/revisions\/1603"}],"wp:featuredmedia":[{"embeddable":true,"href":"http:\/\/nossacasa.net\/nossosriachos\/rios\/wp-json\/wp\/v2\/media\/1601"}],"wp:attachment":[{"href":"http:\/\/nossacasa.net\/nossosriachos\/rios\/wp-json\/wp\/v2\/media?parent=1456"}],"curies":[{"name":"wp","href":"https:\/\/api.w.org\/{rel}","templated":true}]}}