{"id":1518,"date":"2019-09-10T09:42:49","date_gmt":"2019-09-10T12:42:49","guid":{"rendered":"http:\/\/nossacasa.net\/nossosriachos\/rios\/?page_id=1518"},"modified":"2019-09-20T17:02:31","modified_gmt":"2019-09-20T20:02:31","slug":"astyanax-aff-intermedius","status":"publish","type":"page","link":"http:\/\/nossacasa.net\/nossosriachos\/rios\/astyanax-aff-intermedius\/","title":{"rendered":"Astyanax aff. intermedius"},"content":{"rendered":"<div style=\"text-align: justify;\">\n<h1><em>Astyanax<\/em> aff. <em>intermedius<\/em><\/h1>\n<div id=\"attachment_3132\" style=\"width: 810px\" class=\"wp-caption aligncenter\"><img loading=\"lazy\" decoding=\"async\" aria-describedby=\"caption-attachment-3132\" src=\"http:\/\/nossacasa.net\/nossosriachos\/rios\/wp-content\/uploads\/sites\/8\/2019\/09\/Astyanax-aff.-intermedius.png\" alt=\"\" width=\"800\" height=\"249\" class=\"size-full wp-image-3132\" srcset=\"http:\/\/nossacasa.net\/nossosriachos\/rios\/wp-content\/uploads\/sites\/8\/2019\/09\/Astyanax-aff.-intermedius.png 800w, http:\/\/nossacasa.net\/nossosriachos\/rios\/wp-content\/uploads\/sites\/8\/2019\/09\/Astyanax-aff.-intermedius-300x93.png 300w, http:\/\/nossacasa.net\/nossosriachos\/rios\/wp-content\/uploads\/sites\/8\/2019\/09\/Astyanax-aff.-intermedius-768x239.png 768w, http:\/\/nossacasa.net\/nossosriachos\/rios\/wp-content\/uploads\/sites\/8\/2019\/09\/Astyanax-aff.-intermedius-500x156.png 500w\" sizes=\"auto, (max-width: 800px) 100vw, 800px\" \/><p id=\"caption-attachment-3132\" class=\"wp-caption-text\">Foto: L.M. Sarmento-Soares<\/p><\/div>\n<p>Algumas caracter\u00edsticas da da potencial esp\u00e9cie <em>Astyanax<\/em> aff. <em>intermedius<\/em> est\u00e3o indicadas na figura acima.<\/p>\n<p>No g\u00eanero <em>Astyanax<\/em> h\u00e1 a presen\u00e7a de alguns complexos (grupos de esp\u00e9cies que compartilham algumas caracter\u00edsticas em comum). Nas drenagens fluviais da Mata Atl\u00e2ntica de tabuleiros existem representantes de tr\u00eas complexos de esp\u00e9cies. <\/p>\n<p><em>Astyanax<\/em> aff. <em>intermedius<\/em>, \u00e9 uma esp\u00e9cie do \u201ccomplexo <em>Astyanax scabripinnis<\/em>\u201d composto por 14 esp\u00e9cies compartilhando n\u00famero reduzido de raios ramificados da nadadeira anal, altura do corpo reduzida, cabe\u00e7a e corpo robustos (Garutti &#038; Britski, 2000; Bertaco &#038; Lucena, 2006; Melo &#038; Buckup, 2006). <\/p>\n<p>As popula\u00e7\u00f5es de <em>Astyanax<\/em> aff. <em>intermedius<\/em> na mata atl\u00e2ntica de tabuleiros apresentam corpo baixo (29-35% no comprimento padr\u00e3o) e poucos raios ramificados na nadadeira anal (20 a 23). (Sarmento-Soares &#038; Martins-Pinheiro, 2014). <\/p>\n<p>Peixes <em>Astyanax<\/em> aff. <em>intermedius<\/em> possuem a mancha humeral difusa, p\u00e1lida, (versus mancha alongada verticalmente em Astyanax intermedius do rio Para\u00edba do Sul).<\/p>\n<p>S\u00e3o peixes de h\u00e1bitos alimentares invert\u00edvoros, consumindo adultos e larvas de insetos, artr\u00f3podes e pequenos carac\u00f3is. S\u00e3o relativamente comuns em ambientes de riacho de \u00e1gua limpa.<\/p>\n<p><em>Astyanax<\/em> aff. <em>intermedius<\/em> \u00e9 a uma potencial nova esp\u00e9cie, representante do g\u00eanero <a href=\"http:\/\/nossacasa.net\/nossosriachos\/rios\/astyanax\/\">Astyanax<\/a> da fam\u00edlia <a href=\"http:\/\/nossacasa.net\/nossosriachos\/rios\/characidae\/\">Characidae<\/a> nas regi\u00f5es dos tabuleiros.<\/p>\n<\/div>\n","protected":false},"excerpt":{"rendered":"<p>Astyanax aff. intermedius Algumas caracter\u00edsticas da da potencial esp\u00e9cie Astyanax aff. intermedius est\u00e3o indicadas na figura acima. No g\u00eanero Astyanax h\u00e1 a presen\u00e7a de alguns complexos (grupos de esp\u00e9cies que compartilham algumas caracter\u00edsticas em comum). Nas drenagens fluviais da Mata &hellip; <a href=\"http:\/\/nossacasa.net\/nossosriachos\/rios\/astyanax-aff-intermedius\/\">Continue lendo <span class=\"meta-nav\">&rarr;<\/span><\/a><\/p>\n","protected":false},"author":1,"featured_media":1437,"parent":0,"menu_order":0,"comment_status":"closed","ping_status":"closed","template":"","meta":{"footnotes":""},"class_list":["post-1518","page","type-page","status-publish","has-post-thumbnail","hentry"],"_links":{"self":[{"href":"http:\/\/nossacasa.net\/nossosriachos\/rios\/wp-json\/wp\/v2\/pages\/1518","targetHints":{"allow":["GET"]}}],"collection":[{"href":"http:\/\/nossacasa.net\/nossosriachos\/rios\/wp-json\/wp\/v2\/pages"}],"about":[{"href":"http:\/\/nossacasa.net\/nossosriachos\/rios\/wp-json\/wp\/v2\/types\/page"}],"author":[{"embeddable":true,"href":"http:\/\/nossacasa.net\/nossosriachos\/rios\/wp-json\/wp\/v2\/users\/1"}],"replies":[{"embeddable":true,"href":"http:\/\/nossacasa.net\/nossosriachos\/rios\/wp-json\/wp\/v2\/comments?post=1518"}],"version-history":[{"count":3,"href":"http:\/\/nossacasa.net\/nossosriachos\/rios\/wp-json\/wp\/v2\/pages\/1518\/revisions"}],"predecessor-version":[{"id":3134,"href":"http:\/\/nossacasa.net\/nossosriachos\/rios\/wp-json\/wp\/v2\/pages\/1518\/revisions\/3134"}],"wp:featuredmedia":[{"embeddable":true,"href":"http:\/\/nossacasa.net\/nossosriachos\/rios\/wp-json\/wp\/v2\/media\/1437"}],"wp:attachment":[{"href":"http:\/\/nossacasa.net\/nossosriachos\/rios\/wp-json\/wp\/v2\/media?parent=1518"}],"curies":[{"name":"wp","href":"https:\/\/api.w.org\/{rel}","templated":true}]}}