{"id":1520,"date":"2019-09-10T09:44:07","date_gmt":"2019-09-10T12:44:07","guid":{"rendered":"http:\/\/nossacasa.net\/nossosriachos\/rios\/?page_id=1520"},"modified":"2019-09-20T16:52:10","modified_gmt":"2019-09-20T19:52:10","slug":"astyanax-aff-lacustris","status":"publish","type":"page","link":"http:\/\/nossacasa.net\/nossosriachos\/rios\/astyanax-aff-lacustris\/","title":{"rendered":"Astyanax aff. lacustris"},"content":{"rendered":"<div style=\"text-align: justify;\">\n<h1><em>Astyanax<\/em> aff. <em>lacustris<\/em><\/h1>\n<div id=\"attachment_3130\" style=\"width: 810px\" class=\"wp-caption aligncenter\"><img loading=\"lazy\" decoding=\"async\" aria-describedby=\"caption-attachment-3130\" src=\"http:\/\/nossacasa.net\/nossosriachos\/rios\/wp-content\/uploads\/sites\/8\/2019\/09\/Astyanax-aff.-lacustris.png\" alt=\"\" width=\"800\" height=\"362\" class=\"size-full wp-image-3130\" srcset=\"http:\/\/nossacasa.net\/nossosriachos\/rios\/wp-content\/uploads\/sites\/8\/2019\/09\/Astyanax-aff.-lacustris.png 800w, http:\/\/nossacasa.net\/nossosriachos\/rios\/wp-content\/uploads\/sites\/8\/2019\/09\/Astyanax-aff.-lacustris-300x136.png 300w, http:\/\/nossacasa.net\/nossosriachos\/rios\/wp-content\/uploads\/sites\/8\/2019\/09\/Astyanax-aff.-lacustris-768x348.png 768w, http:\/\/nossacasa.net\/nossosriachos\/rios\/wp-content\/uploads\/sites\/8\/2019\/09\/Astyanax-aff.-lacustris-500x226.png 500w\" sizes=\"auto, (max-width: 800px) 100vw, 800px\" \/><p id=\"caption-attachment-3130\" class=\"wp-caption-text\">Foto: L.M. Sarmento-Soares<\/p><\/div>\n<p>Algumas caracter\u00edsticas da da potencial esp\u00e9cie <em>Astyanax<\/em> aff. <em>lacustris<\/em> est\u00e3o indicadas na figura acima.<\/p>\n<p><em>Astyanax<\/em> aff. <em>lacustris<\/em>, do grupo A. <em>lacustres<\/em>&#8211;<em>bimaculatus<\/em>, com mancha umeral horizontalmente ovalada e osso maxilar, desprovido de dentes.(Sarmento-Soares &#038; Martins-Pinheiro, 2014).<\/p>\n<p>No g\u00eanero <em>Astyanax<\/em> h\u00e1 a presen\u00e7a de alguns complexos (grupos de esp\u00e9cies que compartilham algumas caracter\u00edsticas em comum). Nas drenagens fluviais da Mata Atl\u00e2ntica de tabuleiros existem representantes de tr\u00eas complexos de esp\u00e9cies.  <\/p>\n<p>O \u201ccomplexo <em>Astyanax bimaculatus<\/em>\u201d composto aproximadamente por 18 esp\u00e9cies e subesp\u00e9cies que \u00e9 caracterizado pela presen\u00e7a m\u00e1cula umeral negra horizontalmente ovalada, duas barras verticais escuras situadas na regi\u00e3o umeral, e m\u00e1cula negra no ped\u00fanculo caudal estendida at\u00e9 os raios caudais medianos (Garutti &#038; Britski, 2000). <\/p>\n<p><em>Astyanax<\/em> aff. <em>lacustris<\/em>, do \u201ccomplexo <em>Astyanax bimaculatus<\/em>\u201d, \u00e9 facilmente distinguido das demais esp\u00e9cies no tabuleiro pela mancha umeral horizontalmente ovalada e osso maxilar, desprovido de dentes.<\/p>\n<p>Sobre esta e as demais esp\u00e9cies de <em>Astyanax<\/em> na mata atl\u00e2ntica de tabuleiro se fazem necess\u00e1rios maiores estudos, para compreens\u00e3o de seus limites. A plasticidade tr\u00f3fica que estes peixes experimentam durante suas vidas associada as habilidades de explorar diversos ambientes tornam esses peixes dentre os mais comuns em riachos da floresta atl\u00e2ntica. Trata-se da maior piaba encontrada regionalmente, alcan\u00e7ando at\u00e9 15 cm de comprimento padr\u00e3o. <\/p>\n<p><em>Astyanax<\/em> aff. <em>lacustris<\/em> \u00e9 ainda um eficiente larv\u00f3fago, consumindo grande quantidade de insetos e eficaz no combate a mosquitos. Pela sua abund\u00e2ncia nos ambientes de riacho \u00e9 utilizada tamb\u00e9m como fonte de alimento. N\u00e3o raro, \u00e9 comercializada em feiras, nas comunidades ribeirinhas. S\u00e3o arrumadas bandejas com peixes j\u00e1 limpos, prontos para fritar em casa. <\/p>\n<p><em>Astyanax<\/em> aff. <em>lacustris<\/em> \u00e9 a uma potencial nova esp\u00e9cie, representante do g\u00eanero <a href=\"http:\/\/nossacasa.net\/nossosriachos\/rios\/astyanax\/\">Astyanax<\/a> da fam\u00edlia <a href=\"http:\/\/nossacasa.net\/nossosriachos\/rios\/characidae\/\">Characidae<\/a> nas regi\u00f5es dos tabuleiros.<\/p>\n<\/div>\n","protected":false},"excerpt":{"rendered":"<p>Astyanax aff. lacustris Algumas caracter\u00edsticas da da potencial esp\u00e9cie Astyanax aff. lacustris est\u00e3o indicadas na figura acima. Astyanax aff. lacustris, do grupo A. lacustres&#8211;bimaculatus, com mancha umeral horizontalmente ovalada e osso maxilar, desprovido de dentes.(Sarmento-Soares &#038; Martins-Pinheiro, 2014). No g\u00eanero &hellip; <a href=\"http:\/\/nossacasa.net\/nossosriachos\/rios\/astyanax-aff-lacustris\/\">Continue lendo <span class=\"meta-nav\">&rarr;<\/span><\/a><\/p>\n","protected":false},"author":1,"featured_media":3130,"parent":0,"menu_order":0,"comment_status":"closed","ping_status":"closed","template":"","meta":{"footnotes":""},"class_list":["post-1520","page","type-page","status-publish","has-post-thumbnail","hentry"],"_links":{"self":[{"href":"http:\/\/nossacasa.net\/nossosriachos\/rios\/wp-json\/wp\/v2\/pages\/1520","targetHints":{"allow":["GET"]}}],"collection":[{"href":"http:\/\/nossacasa.net\/nossosriachos\/rios\/wp-json\/wp\/v2\/pages"}],"about":[{"href":"http:\/\/nossacasa.net\/nossosriachos\/rios\/wp-json\/wp\/v2\/types\/page"}],"author":[{"embeddable":true,"href":"http:\/\/nossacasa.net\/nossosriachos\/rios\/wp-json\/wp\/v2\/users\/1"}],"replies":[{"embeddable":true,"href":"http:\/\/nossacasa.net\/nossosriachos\/rios\/wp-json\/wp\/v2\/comments?post=1520"}],"version-history":[{"count":5,"href":"http:\/\/nossacasa.net\/nossosriachos\/rios\/wp-json\/wp\/v2\/pages\/1520\/revisions"}],"predecessor-version":[{"id":3131,"href":"http:\/\/nossacasa.net\/nossosriachos\/rios\/wp-json\/wp\/v2\/pages\/1520\/revisions\/3131"}],"wp:featuredmedia":[{"embeddable":true,"href":"http:\/\/nossacasa.net\/nossosriachos\/rios\/wp-json\/wp\/v2\/media\/3130"}],"wp:attachment":[{"href":"http:\/\/nossacasa.net\/nossosriachos\/rios\/wp-json\/wp\/v2\/media?parent=1520"}],"curies":[{"name":"wp","href":"https:\/\/api.w.org\/{rel}","templated":true}]}}