{"id":1705,"date":"2019-09-12T08:29:09","date_gmt":"2019-09-12T11:29:09","guid":{"rendered":"http:\/\/nossacasa.net\/nossosriachos\/rios\/?page_id=1705"},"modified":"2019-09-12T08:36:07","modified_gmt":"2019-09-12T11:36:07","slug":"prochilodus","status":"publish","type":"page","link":"http:\/\/nossacasa.net\/nossosriachos\/rios\/prochilodus\/","title":{"rendered":"Prochilodus"},"content":{"rendered":"<div style=\"text-align: justify;\">\n<h1>Os <em>Prochilodus<\/em> Agassiz in Spix and Agassiz, 1829<\/h1>\n<p>Algumas caracter\u00edsticas do g\u00eanero <em>Prochilodus<\/em> est\u00e3o indicadas na figura acima.<\/p>\n<p>O g\u00eanero <em>Prochilodus<\/em> \u00e9 o \u00fanico g\u00eaneros da fam\u00edlia <a href=\"http:\/\/nossacasa.net\/nossosriachos\/rios\/prochilodontidae\/\">Prochilodontidae<\/a> representante dos <a href=\"http:\/\/nossacasa.net\/nossosriachos\/rios\/characiformes\/\">Characiformes<\/a> nas regi\u00f5es dos tabuleiros. <\/p>\n<p>Na regi\u00e3o dos tabuleiros da Mata Atl\u00e2ntica encontramos duas esp\u00e9cies do g\u00eanero<em>Prochilodus:<\/em>:  <a href=\"http:\/\/nossacasa.net\/nossosriachos\/rios\/prochilodus-argenteus\/\"><em>Prochilodus argenteus<\/em><\/a>,  <a href=\"http:\/\/nossacasa.net\/nossosriachos\/rios\/prochilodus-costatus\/\"><em>Prochilodus costatus<\/em><\/a> e <a href=\"http:\/\/nossacasa.net\/nossosriachos\/rios\/prochilodus-vimboides\/\"><em>Prochilodus vimboides<\/em><\/a><\/p>\n<hr>\n<p><strong>CHAVE DE <em>PROCHILODUS<\/em><\/strong><\/p>\n<hr>\n<\/div>\n","protected":false},"excerpt":{"rendered":"<p>Os Prochilodus Agassiz in Spix and Agassiz, 1829 Algumas caracter\u00edsticas do g\u00eanero Prochilodus est\u00e3o indicadas na figura acima. O g\u00eanero Prochilodus \u00e9 o \u00fanico g\u00eaneros da fam\u00edlia Prochilodontidae representante dos Characiformes nas regi\u00f5es dos tabuleiros. Na regi\u00e3o dos tabuleiros da &hellip; <a href=\"http:\/\/nossacasa.net\/nossosriachos\/rios\/prochilodus\/\">Continue lendo <span class=\"meta-nav\">&rarr;<\/span><\/a><\/p>\n","protected":false},"author":1,"featured_media":0,"parent":0,"menu_order":0,"comment_status":"closed","ping_status":"closed","template":"","meta":{"footnotes":""},"class_list":["post-1705","page","type-page","status-publish","hentry"],"_links":{"self":[{"href":"http:\/\/nossacasa.net\/nossosriachos\/rios\/wp-json\/wp\/v2\/pages\/1705","targetHints":{"allow":["GET"]}}],"collection":[{"href":"http:\/\/nossacasa.net\/nossosriachos\/rios\/wp-json\/wp\/v2\/pages"}],"about":[{"href":"http:\/\/nossacasa.net\/nossosriachos\/rios\/wp-json\/wp\/v2\/types\/page"}],"author":[{"embeddable":true,"href":"http:\/\/nossacasa.net\/nossosriachos\/rios\/wp-json\/wp\/v2\/users\/1"}],"replies":[{"embeddable":true,"href":"http:\/\/nossacasa.net\/nossosriachos\/rios\/wp-json\/wp\/v2\/comments?post=1705"}],"version-history":[{"count":5,"href":"http:\/\/nossacasa.net\/nossosriachos\/rios\/wp-json\/wp\/v2\/pages\/1705\/revisions"}],"predecessor-version":[{"id":1715,"href":"http:\/\/nossacasa.net\/nossosriachos\/rios\/wp-json\/wp\/v2\/pages\/1705\/revisions\/1715"}],"wp:attachment":[{"href":"http:\/\/nossacasa.net\/nossosriachos\/rios\/wp-json\/wp\/v2\/media?parent=1705"}],"curies":[{"name":"wp","href":"https:\/\/api.w.org\/{rel}","templated":true}]}}