{"id":1720,"date":"2019-09-12T10:48:30","date_gmt":"2019-09-12T13:48:30","guid":{"rendered":"http:\/\/nossacasa.net\/nossosriachos\/rios\/?page_id=1720"},"modified":"2019-09-12T10:48:30","modified_gmt":"2019-09-12T13:48:30","slug":"metynnis","status":"publish","type":"page","link":"http:\/\/nossacasa.net\/nossosriachos\/rios\/metynnis\/","title":{"rendered":"Metynnis"},"content":{"rendered":"<div style=\"text-align: justify;\">\n<h1>Os <em>Metynnis<\/em> Cope, 1878 <\/h1>\n<p>Algumas caracter\u00edsticas do g\u00eanero <em>Metynnis<\/em> est\u00e3o indicadas na figura acima.<\/p>\n<p>O g\u00eanero <em>Metynnis<\/em> \u00e9 um dos cinco g\u00eaneros da fam\u00edlia <a href=\"http:\/\/nossacasa.net\/nossosriachos\/rios\/serrasalmidae\/\">Serrasalmidae<\/a> representante dos <a href=\"http:\/\/nossacasa.net\/nossosriachos\/rios\/characiformes\/\">Characiformes<\/a> nas regi\u00f5es dos tabuleiros. <\/p>\n<p>Na regi\u00e3o dos tabuleiros da Mata Atl\u00e2ntica encontramos uma \u00fanica esp\u00e9cie do g\u00eanero <em>Metynnis<\/em>:<\/p>\n<hr>\n<p><strong>CHAVE DE <em>PROCHILODUS<\/em><\/strong><\/p>\n<hr>\n<\/div>\n","protected":false},"excerpt":{"rendered":"<p>Os Metynnis Cope, 1878 Algumas caracter\u00edsticas do g\u00eanero Metynnis est\u00e3o indicadas na figura acima. O g\u00eanero Metynnis \u00e9 um dos cinco g\u00eaneros da fam\u00edlia Serrasalmidae representante dos Characiformes nas regi\u00f5es dos tabuleiros. Na regi\u00e3o dos tabuleiros da Mata Atl\u00e2ntica encontramos &hellip; <a href=\"http:\/\/nossacasa.net\/nossosriachos\/rios\/metynnis\/\">Continue lendo <span class=\"meta-nav\">&rarr;<\/span><\/a><\/p>\n","protected":false},"author":1,"featured_media":0,"parent":0,"menu_order":0,"comment_status":"closed","ping_status":"closed","template":"","meta":{"footnotes":""},"class_list":["post-1720","page","type-page","status-publish","hentry"],"_links":{"self":[{"href":"http:\/\/nossacasa.net\/nossosriachos\/rios\/wp-json\/wp\/v2\/pages\/1720","targetHints":{"allow":["GET"]}}],"collection":[{"href":"http:\/\/nossacasa.net\/nossosriachos\/rios\/wp-json\/wp\/v2\/pages"}],"about":[{"href":"http:\/\/nossacasa.net\/nossosriachos\/rios\/wp-json\/wp\/v2\/types\/page"}],"author":[{"embeddable":true,"href":"http:\/\/nossacasa.net\/nossosriachos\/rios\/wp-json\/wp\/v2\/users\/1"}],"replies":[{"embeddable":true,"href":"http:\/\/nossacasa.net\/nossosriachos\/rios\/wp-json\/wp\/v2\/comments?post=1720"}],"version-history":[{"count":1,"href":"http:\/\/nossacasa.net\/nossosriachos\/rios\/wp-json\/wp\/v2\/pages\/1720\/revisions"}],"predecessor-version":[{"id":1722,"href":"http:\/\/nossacasa.net\/nossosriachos\/rios\/wp-json\/wp\/v2\/pages\/1720\/revisions\/1722"}],"wp:attachment":[{"href":"http:\/\/nossacasa.net\/nossosriachos\/rios\/wp-json\/wp\/v2\/media?parent=1720"}],"curies":[{"name":"wp","href":"https:\/\/api.w.org\/{rel}","templated":true}]}}