{"id":1887,"date":"2019-09-12T18:10:19","date_gmt":"2019-09-12T21:10:19","guid":{"rendered":"http:\/\/nossacasa.net\/nossosriachos\/rios\/?page_id=1887"},"modified":"2019-09-12T18:18:53","modified_gmt":"2019-09-12T21:18:53","slug":"hypostomus","status":"publish","type":"page","link":"http:\/\/nossacasa.net\/nossosriachos\/rios\/hypostomus\/","title":{"rendered":"Hypostomus"},"content":{"rendered":"<div style=\"text-align: justify;\">\n<h1>Os <em>Hypostomus<\/em> Lacep\u00e8de, 1803<\/h1>\n<p>Algumas caracter\u00edsticas do g\u00eanero <em>Hypostomus<\/em> est\u00e3o indicadas na figura acima.<\/p>\n<p>O g\u00eanero <em>Hypostomus<\/em> \u00e9 um dos seis g\u00eaneros da fam\u00edlia <a href=\"http:\/\/nossacasa.net\/nossosriachos\/rios\/loricariidae\/\">Loricariidae<\/a> representante dos <a href=\"http:\/\/nossacasa.net\/nossosriachos\/rios\/siluriformes\/\">Siluriformes<\/a> nas regi\u00f5es dos tabuleiros. <\/p>\n<p>Na regi\u00e3o dos tabuleiros da Mata Atl\u00e2ntica encontramos duas esp\u00e9cies do g\u00eanero <em>Hypostomus<\/em>: <em><a href=\"http:\/\/nossacasa.net\/nossosriachos\/rios\/hypostomus-scabriceps\/\">Hypostomus scabriceps<\/a><\/em> e <a href=\"http:\/\/nossacasa.net\/nossosriachos\/rios\/hypostomus-sp-n\/\">Hypostomus sp.n.<\/a>.<\/p>\n<hr>\n<\/div>\n","protected":false},"excerpt":{"rendered":"<p>Os Hypostomus Lacep\u00e8de, 1803 Algumas caracter\u00edsticas do g\u00eanero Hypostomus est\u00e3o indicadas na figura acima. O g\u00eanero Hypostomus \u00e9 um dos seis g\u00eaneros da fam\u00edlia Loricariidae representante dos Siluriformes nas regi\u00f5es dos tabuleiros. Na regi\u00e3o dos tabuleiros da Mata Atl\u00e2ntica encontramos &hellip; <a href=\"http:\/\/nossacasa.net\/nossosriachos\/rios\/hypostomus\/\">Continue lendo <span class=\"meta-nav\">&rarr;<\/span><\/a><\/p>\n","protected":false},"author":1,"featured_media":0,"parent":0,"menu_order":0,"comment_status":"closed","ping_status":"closed","template":"","meta":{"footnotes":""},"class_list":["post-1887","page","type-page","status-publish","hentry"],"_links":{"self":[{"href":"http:\/\/nossacasa.net\/nossosriachos\/rios\/wp-json\/wp\/v2\/pages\/1887","targetHints":{"allow":["GET"]}}],"collection":[{"href":"http:\/\/nossacasa.net\/nossosriachos\/rios\/wp-json\/wp\/v2\/pages"}],"about":[{"href":"http:\/\/nossacasa.net\/nossosriachos\/rios\/wp-json\/wp\/v2\/types\/page"}],"author":[{"embeddable":true,"href":"http:\/\/nossacasa.net\/nossosriachos\/rios\/wp-json\/wp\/v2\/users\/1"}],"replies":[{"embeddable":true,"href":"http:\/\/nossacasa.net\/nossosriachos\/rios\/wp-json\/wp\/v2\/comments?post=1887"}],"version-history":[{"count":4,"href":"http:\/\/nossacasa.net\/nossosriachos\/rios\/wp-json\/wp\/v2\/pages\/1887\/revisions"}],"predecessor-version":[{"id":1894,"href":"http:\/\/nossacasa.net\/nossosriachos\/rios\/wp-json\/wp\/v2\/pages\/1887\/revisions\/1894"}],"wp:attachment":[{"href":"http:\/\/nossacasa.net\/nossosriachos\/rios\/wp-json\/wp\/v2\/media?parent=1887"}],"curies":[{"name":"wp","href":"https:\/\/api.w.org\/{rel}","templated":true}]}}