{"id":1911,"date":"2019-09-12T18:44:23","date_gmt":"2019-09-12T21:44:23","guid":{"rendered":"http:\/\/nossacasa.net\/nossosriachos\/rios\/?page_id=1911"},"modified":"2019-09-12T18:44:32","modified_gmt":"2019-09-12T21:44:32","slug":"pogonopoma-wertheimeri","status":"publish","type":"page","link":"http:\/\/nossacasa.net\/nossosriachos\/rios\/pogonopoma-wertheimeri\/","title":{"rendered":"Pogonopoma wertheimeri"},"content":{"rendered":"<div style=\"text-align: justify;\">\n<h1>Pogonopoma wertheimeri (Steindachner, 1867)<\/h1>\n<p>Algumas caracter\u00edsticas da esp\u00e9cie <em>Pogonopoma wertheimeri<\/em> est\u00e3o indicadas na figura acima.<\/p>\n<p>A esp\u00e9cie <em>Pogonopoma wertheimeri<\/em> \u00e9 uma das duas representantes do g\u00eanero <em><a href=\"http:\/\/nossacasa.net\/nossosriachos\/rios\/pogonopoma\/\">Pogonopoma<\/a><\/em> da fam\u00edlia <a href=\"http:\/\/nossacasa.net\/nossosriachos\/rios\/loricariidae\/\">Loricariidae<\/a> nas regi\u00f5es dos tabuleiros.\n<\/div>\n<p>. <\/p>\n","protected":false},"excerpt":{"rendered":"<p>Pogonopoma wertheimeri (Steindachner, 1867) Algumas caracter\u00edsticas da esp\u00e9cie Pogonopoma wertheimeri est\u00e3o indicadas na figura acima. A esp\u00e9cie Pogonopoma wertheimeri \u00e9 uma das duas representantes do g\u00eanero Pogonopoma da fam\u00edlia Loricariidae nas regi\u00f5es dos tabuleiros. .<\/p>\n","protected":false},"author":1,"featured_media":1601,"parent":0,"menu_order":0,"comment_status":"closed","ping_status":"closed","template":"","meta":{"footnotes":""},"class_list":["post-1911","page","type-page","status-publish","has-post-thumbnail","hentry"],"_links":{"self":[{"href":"http:\/\/nossacasa.net\/nossosriachos\/rios\/wp-json\/wp\/v2\/pages\/1911","targetHints":{"allow":["GET"]}}],"collection":[{"href":"http:\/\/nossacasa.net\/nossosriachos\/rios\/wp-json\/wp\/v2\/pages"}],"about":[{"href":"http:\/\/nossacasa.net\/nossosriachos\/rios\/wp-json\/wp\/v2\/types\/page"}],"author":[{"embeddable":true,"href":"http:\/\/nossacasa.net\/nossosriachos\/rios\/wp-json\/wp\/v2\/users\/1"}],"replies":[{"embeddable":true,"href":"http:\/\/nossacasa.net\/nossosriachos\/rios\/wp-json\/wp\/v2\/comments?post=1911"}],"version-history":[{"count":2,"href":"http:\/\/nossacasa.net\/nossosriachos\/rios\/wp-json\/wp\/v2\/pages\/1911\/revisions"}],"predecessor-version":[{"id":1913,"href":"http:\/\/nossacasa.net\/nossosriachos\/rios\/wp-json\/wp\/v2\/pages\/1911\/revisions\/1913"}],"wp:featuredmedia":[{"embeddable":true,"href":"http:\/\/nossacasa.net\/nossosriachos\/rios\/wp-json\/wp\/v2\/media\/1601"}],"wp:attachment":[{"href":"http:\/\/nossacasa.net\/nossosriachos\/rios\/wp-json\/wp\/v2\/media?parent=1911"}],"curies":[{"name":"wp","href":"https:\/\/api.w.org\/{rel}","templated":true}]}}