{"id":1983,"date":"2019-09-13T09:08:05","date_gmt":"2019-09-13T12:08:05","guid":{"rendered":"http:\/\/nossacasa.net\/nossosriachos\/rios\/?page_id=1983"},"modified":"2019-09-13T09:13:00","modified_gmt":"2019-09-13T12:13:00","slug":"trichomycterus","status":"publish","type":"page","link":"http:\/\/nossacasa.net\/nossosriachos\/rios\/trichomycterus\/","title":{"rendered":"Trichomycterus"},"content":{"rendered":"<div style=\"text-align: justify;\">\n<h1>Os <em>Trichomycterus<\/em> Valenciennes, 1832<\/h1>\n<p>Algumas caracter\u00edsticas do g\u00eanero <em>Trichomycterus<\/em> est\u00e3o indicadas na figura acima.<\/p>\n<p>O g\u00eanero <em>Trichomycterus<\/em> \u00e9 um dos tr\u00eas g\u00eaneros da fam\u00edlia <a href=\"http:\/\/nossacasa.net\/nossosriachos\/rios\/trichomycteridae\/\">Trichomycteridae<\/a> representante dos <a href=\"http:\/\/nossacasa.net\/nossosriachos\/rios\/siluriformes\/\">Siluriformes<\/a> nas regi\u00f5es dos tabuleiros. <\/p>\n<p>Na regi\u00e3o dos tabuleiros da Mata Atl\u00e2ntica encontramos uma \u00fanica esp\u00e9cie do g\u00eanero <em>Trichomycterus<\/em>: <em><a href=\"http:\/\/nossacasa.net\/nossosriachos\/rios\/trichomycterus-alternatus\/\">Trichomycterus alternatus<\/a><\/em>, <em><a href=\"http:\/\/nossacasa.net\/nossosriachos\/rios\/trichomycterus-jequitinhonhae\/\">Trichomycterus jequitinhonhae<\/a><\/em> e <em><a href=\"http:\/\/nossacasa.net\/nossosriachos\/rios\/trichomycterus-pradensis\/\">Trichomycterus pradensis<\/a><\/em>.<\/p>\n<hr>\n<\/div>\n","protected":false},"excerpt":{"rendered":"<p>Os Trichomycterus Valenciennes, 1832 Algumas caracter\u00edsticas do g\u00eanero Trichomycterus est\u00e3o indicadas na figura acima. O g\u00eanero Trichomycterus \u00e9 um dos tr\u00eas g\u00eaneros da fam\u00edlia Trichomycteridae representante dos Siluriformes nas regi\u00f5es dos tabuleiros. Na regi\u00e3o dos tabuleiros da Mata Atl\u00e2ntica encontramos &hellip; <a href=\"http:\/\/nossacasa.net\/nossosriachos\/rios\/trichomycterus\/\">Continue lendo <span class=\"meta-nav\">&rarr;<\/span><\/a><\/p>\n","protected":false},"author":1,"featured_media":0,"parent":0,"menu_order":0,"comment_status":"closed","ping_status":"closed","template":"","meta":{"footnotes":""},"class_list":["post-1983","page","type-page","status-publish","hentry"],"_links":{"self":[{"href":"http:\/\/nossacasa.net\/nossosriachos\/rios\/wp-json\/wp\/v2\/pages\/1983","targetHints":{"allow":["GET"]}}],"collection":[{"href":"http:\/\/nossacasa.net\/nossosriachos\/rios\/wp-json\/wp\/v2\/pages"}],"about":[{"href":"http:\/\/nossacasa.net\/nossosriachos\/rios\/wp-json\/wp\/v2\/types\/page"}],"author":[{"embeddable":true,"href":"http:\/\/nossacasa.net\/nossosriachos\/rios\/wp-json\/wp\/v2\/users\/1"}],"replies":[{"embeddable":true,"href":"http:\/\/nossacasa.net\/nossosriachos\/rios\/wp-json\/wp\/v2\/comments?post=1983"}],"version-history":[{"count":3,"href":"http:\/\/nossacasa.net\/nossosriachos\/rios\/wp-json\/wp\/v2\/pages\/1983\/revisions"}],"predecessor-version":[{"id":1993,"href":"http:\/\/nossacasa.net\/nossosriachos\/rios\/wp-json\/wp\/v2\/pages\/1983\/revisions\/1993"}],"wp:attachment":[{"href":"http:\/\/nossacasa.net\/nossosriachos\/rios\/wp-json\/wp\/v2\/media?parent=1983"}],"curies":[{"name":"wp","href":"https:\/\/api.w.org\/{rel}","templated":true}]}}