{"id":2163,"date":"2019-09-13T14:51:21","date_gmt":"2019-09-13T17:51:21","guid":{"rendered":"http:\/\/nossacasa.net\/nossosriachos\/rios\/?page_id=2163"},"modified":"2019-09-13T14:56:23","modified_gmt":"2019-09-13T17:56:23","slug":"poecilia","status":"publish","type":"page","link":"http:\/\/nossacasa.net\/nossosriachos\/rios\/poecilia\/","title":{"rendered":"Poecilia"},"content":{"rendered":"<div style=\"text-align: justify;\">\n<h1>As Poecilia Bloch and Schneider, 1801<\/h1>\n<p>Algumas caracter\u00edsticas do g\u00eanero <em>Poecilia<\/em> est\u00e3o indicadas na figura acima.<\/p>\n<p>O g\u00eanero <em>Poecilias<\/em> \u00e9 um dos quatro g\u00eaneros da fam\u00edlia <a href=\"http:\/\/nossacasa.net\/nossosriachos\/rios\/poeciliidae\/\">Poeciliidae<\/a> representante dos <a href=\"http:\/\/nossacasa.net\/nossosriachos\/rios\/cyprinodontiformes\/\">Cyprinodontiformes<\/a> nas regi\u00f5es dos tabuleiros. <\/p>\n<p>Na regi\u00e3o dos tabuleiros da Mata Atl\u00e2ntica encontramos duas esp\u00e9cies do g\u00eanero <em>Poecilia(\/em>: <em><a href=\"http:\/\/nossacasa.net\/nossosriachos\/rios\/poecilia-reticulata\/\">Poecilia<\/a><\/em> e <a href=\"http:\/\/nossacasa.net\/nossosriachos\/rios\/poecilia-vivipara\/\">Poecilia vivipara<\/a>.<\/p>\n<hr>\n<\/div>\n","protected":false},"excerpt":{"rendered":"<p>As Poecilia Bloch and Schneider, 1801 Algumas caracter\u00edsticas do g\u00eanero Poecilia est\u00e3o indicadas na figura acima. O g\u00eanero Poecilias \u00e9 um dos quatro g\u00eaneros da fam\u00edlia Poeciliidae representante dos Cyprinodontiformes nas regi\u00f5es dos tabuleiros. Na regi\u00e3o dos tabuleiros da Mata &hellip; <a href=\"http:\/\/nossacasa.net\/nossosriachos\/rios\/poecilia\/\">Continue lendo <span class=\"meta-nav\">&rarr;<\/span><\/a><\/p>\n","protected":false},"author":1,"featured_media":0,"parent":0,"menu_order":0,"comment_status":"closed","ping_status":"closed","template":"","meta":{"footnotes":""},"class_list":["post-2163","page","type-page","status-publish","hentry"],"_links":{"self":[{"href":"http:\/\/nossacasa.net\/nossosriachos\/rios\/wp-json\/wp\/v2\/pages\/2163","targetHints":{"allow":["GET"]}}],"collection":[{"href":"http:\/\/nossacasa.net\/nossosriachos\/rios\/wp-json\/wp\/v2\/pages"}],"about":[{"href":"http:\/\/nossacasa.net\/nossosriachos\/rios\/wp-json\/wp\/v2\/types\/page"}],"author":[{"embeddable":true,"href":"http:\/\/nossacasa.net\/nossosriachos\/rios\/wp-json\/wp\/v2\/users\/1"}],"replies":[{"embeddable":true,"href":"http:\/\/nossacasa.net\/nossosriachos\/rios\/wp-json\/wp\/v2\/comments?post=2163"}],"version-history":[{"count":3,"href":"http:\/\/nossacasa.net\/nossosriachos\/rios\/wp-json\/wp\/v2\/pages\/2163\/revisions"}],"predecessor-version":[{"id":2170,"href":"http:\/\/nossacasa.net\/nossosriachos\/rios\/wp-json\/wp\/v2\/pages\/2163\/revisions\/2170"}],"wp:attachment":[{"href":"http:\/\/nossacasa.net\/nossosriachos\/rios\/wp-json\/wp\/v2\/media?parent=2163"}],"curies":[{"name":"wp","href":"https:\/\/api.w.org\/{rel}","templated":true}]}}