{"id":2172,"date":"2019-09-13T15:04:12","date_gmt":"2019-09-13T18:04:12","guid":{"rendered":"http:\/\/nossacasa.net\/nossosriachos\/rios\/?page_id=2172"},"modified":"2019-09-13T15:06:13","modified_gmt":"2019-09-13T18:06:13","slug":"xiphophorus","status":"publish","type":"page","link":"http:\/\/nossacasa.net\/nossosriachos\/rios\/xiphophorus\/","title":{"rendered":"Xiphophorus"},"content":{"rendered":"<div style=\"text-align: justify;\">\n<h1>Os <em>Xiphophorus<\/em> Heckel, 1848<\/h1>\n<p>Algumas caracter\u00edsticas do g\u00eanero <em>Xiphophorus<\/em> est\u00e3o indicadas na figura acima.<\/p>\n<p>O g\u00eanero <em>Xiphophorus<\/em> \u00e9 um dos tr\u00eas g\u00eaneros da fam\u00edlia <a href=\"http:\/\/nossacasa.net\/nossosriachos\/rios\/poeciliidae\/\">Poeciliidae<\/a> representante dos <a href=\"http:\/\/nossacasa.net\/nossosriachos\/rios\/cyprinodontiformes\/\">Cyprinodontiformes<\/a> nas regi\u00f5es dos tabuleiros. <\/p>\n<p>Na regi\u00e3o dos tabuleiros da Mata Atl\u00e2ntica encontramos uma esp\u00e9cies introduzida do g\u00eanero <em>Xiphophorus(\/em>: <em><a href=\"http:\/\/nossacasa.net\/nossosriachos\/rios\/xiphophorus-maculatus\/\">Xiphophorus maculatus<\/a><\/em>.<\/p>\n<hr>\n<\/div>\n","protected":false},"excerpt":{"rendered":"<p>Os Xiphophorus Heckel, 1848 Algumas caracter\u00edsticas do g\u00eanero Xiphophorus est\u00e3o indicadas na figura acima. O g\u00eanero Xiphophorus \u00e9 um dos tr\u00eas g\u00eaneros da fam\u00edlia Poeciliidae representante dos Cyprinodontiformes nas regi\u00f5es dos tabuleiros. Na regi\u00e3o dos tabuleiros da Mata Atl\u00e2ntica encontramos &hellip; <a href=\"http:\/\/nossacasa.net\/nossosriachos\/rios\/xiphophorus\/\">Continue lendo <span class=\"meta-nav\">&rarr;<\/span><\/a><\/p>\n","protected":false},"author":1,"featured_media":0,"parent":0,"menu_order":0,"comment_status":"closed","ping_status":"closed","template":"","meta":{"footnotes":""},"class_list":["post-2172","page","type-page","status-publish","hentry"],"_links":{"self":[{"href":"http:\/\/nossacasa.net\/nossosriachos\/rios\/wp-json\/wp\/v2\/pages\/2172","targetHints":{"allow":["GET"]}}],"collection":[{"href":"http:\/\/nossacasa.net\/nossosriachos\/rios\/wp-json\/wp\/v2\/pages"}],"about":[{"href":"http:\/\/nossacasa.net\/nossosriachos\/rios\/wp-json\/wp\/v2\/types\/page"}],"author":[{"embeddable":true,"href":"http:\/\/nossacasa.net\/nossosriachos\/rios\/wp-json\/wp\/v2\/users\/1"}],"replies":[{"embeddable":true,"href":"http:\/\/nossacasa.net\/nossosriachos\/rios\/wp-json\/wp\/v2\/comments?post=2172"}],"version-history":[{"count":2,"href":"http:\/\/nossacasa.net\/nossosriachos\/rios\/wp-json\/wp\/v2\/pages\/2172\/revisions"}],"predecessor-version":[{"id":2177,"href":"http:\/\/nossacasa.net\/nossosriachos\/rios\/wp-json\/wp\/v2\/pages\/2172\/revisions\/2177"}],"wp:attachment":[{"href":"http:\/\/nossacasa.net\/nossosriachos\/rios\/wp-json\/wp\/v2\/media?parent=2172"}],"curies":[{"name":"wp","href":"https:\/\/api.w.org\/{rel}","templated":true}]}}