{"id":2250,"date":"2019-09-13T17:31:28","date_gmt":"2019-09-13T20:31:28","guid":{"rendered":"http:\/\/nossacasa.net\/nossosriachos\/rios\/?page_id=2250"},"modified":"2019-09-13T17:32:42","modified_gmt":"2019-09-13T20:32:42","slug":"syngnathus","status":"publish","type":"page","link":"http:\/\/nossacasa.net\/nossosriachos\/rios\/syngnathus\/","title":{"rendered":"Syngnathus"},"content":{"rendered":"<div style=\"text-align: justify;\">\n<h1>Os <em>Syngnathus<\/em> Linnaeus, 1758<\/h1>\n<p>Algumas caracter\u00edsticas do g\u00eanero <em>Syngnathus<\/em> est\u00e3o indicadas na figura acima.<\/p>\n<p>O g\u00eanero <em>Syngnathus<\/em> \u00e9 um dos tr\u00eas g\u00eaneros da fam\u00edlia <a href=\"http:\/\/nossacasa.net\/nossosriachos\/rios\/syngnathidae\/\">Syngnathidae<\/a> representante dos <a href=\"http:\/\/nossacasa.net\/nossosriachos\/rios\/syngnathiformes\/\">Syngnathiformes<\/a> nas regi\u00f5es dos tabuleiros. <\/p>\n<p>Na regi\u00e3o dos tabuleiros da Mata Atl\u00e2ntica encontramos uma \u00fanica esp\u00e9cie do g\u00eanero <em>Syngnathus<\/em>: <em><a href=\"http:\/\/nossacasa.net\/nossosriachos\/rios\/syngnathus-scovelli\/\">Syngnathus scovelli<\/a><\/em>.<\/p>\n<hr>\n<\/div>\n","protected":false},"excerpt":{"rendered":"<p>Os Syngnathus Linnaeus, 1758 Algumas caracter\u00edsticas do g\u00eanero Syngnathus est\u00e3o indicadas na figura acima. O g\u00eanero Syngnathus \u00e9 um dos tr\u00eas g\u00eaneros da fam\u00edlia Syngnathidae representante dos Syngnathiformes nas regi\u00f5es dos tabuleiros. Na regi\u00e3o dos tabuleiros da Mata Atl\u00e2ntica encontramos &hellip; <a href=\"http:\/\/nossacasa.net\/nossosriachos\/rios\/syngnathus\/\">Continue lendo <span class=\"meta-nav\">&rarr;<\/span><\/a><\/p>\n","protected":false},"author":1,"featured_media":0,"parent":0,"menu_order":0,"comment_status":"closed","ping_status":"closed","template":"","meta":{"footnotes":""},"class_list":["post-2250","page","type-page","status-publish","hentry"],"_links":{"self":[{"href":"http:\/\/nossacasa.net\/nossosriachos\/rios\/wp-json\/wp\/v2\/pages\/2250","targetHints":{"allow":["GET"]}}],"collection":[{"href":"http:\/\/nossacasa.net\/nossosriachos\/rios\/wp-json\/wp\/v2\/pages"}],"about":[{"href":"http:\/\/nossacasa.net\/nossosriachos\/rios\/wp-json\/wp\/v2\/types\/page"}],"author":[{"embeddable":true,"href":"http:\/\/nossacasa.net\/nossosriachos\/rios\/wp-json\/wp\/v2\/users\/1"}],"replies":[{"embeddable":true,"href":"http:\/\/nossacasa.net\/nossosriachos\/rios\/wp-json\/wp\/v2\/comments?post=2250"}],"version-history":[{"count":2,"href":"http:\/\/nossacasa.net\/nossosriachos\/rios\/wp-json\/wp\/v2\/pages\/2250\/revisions"}],"predecessor-version":[{"id":2253,"href":"http:\/\/nossacasa.net\/nossosriachos\/rios\/wp-json\/wp\/v2\/pages\/2250\/revisions\/2253"}],"wp:attachment":[{"href":"http:\/\/nossacasa.net\/nossosriachos\/rios\/wp-json\/wp\/v2\/media?parent=2250"}],"curies":[{"name":"wp","href":"https:\/\/api.w.org\/{rel}","templated":true}]}}