{"id":2555,"date":"2019-09-15T13:29:10","date_gmt":"2019-09-15T16:29:10","guid":{"rendered":"http:\/\/nossacasa.net\/nossosriachos\/rios\/?page_id=2555"},"modified":"2019-09-15T13:36:35","modified_gmt":"2019-09-15T16:36:35","slug":"serrapinnus","status":"publish","type":"page","link":"http:\/\/nossacasa.net\/nossosriachos\/rios\/serrapinnus\/","title":{"rendered":"Serrapinnus"},"content":{"rendered":"<div style=\"text-align: justify;\">\n<h1>Os <em>Serrapinnus<\/em> Malabarba, 1998<\/h1>\n<p>Algumas caracter\u00edsticas do g\u00eanero <em>Serrapinnus<\/em> est\u00e3o indicadas na figura acima.<\/p>\n<p>O g\u00eanero <em>Serrapinnus<\/em> e um dos oito g\u00eaneros da fam\u00edlia <a href=\"http:\/\/nossacasa.net\/nossosriachos\/rios\/characidae\/\">Characidae<\/a> representante dos <a href=\"http:\/\/nossacasa.net\/nossosriachos\/rios\/characiformes\/\">Characiformes<\/a> nas regi\u00f5es dos tabuleiros. <\/p>\n<p>Na regi\u00e3o dos tabuleiros da Mata Atl\u00e2ntica s\u00e3o encontradas duas esp\u00e9cies do g\u00eanero <em><a href=\"http:\/\/nossacasa.net\/nossosriachos\/rios\/serrapinnus\/\">Serrapinnus<\/a><\/em>:  <em><a href=\"http:\/\/nossacasa.net\/nossosriachos\/rios\/serrapinnus-heterodon\/\">Serrapinnus heterodon<\/a><\/em> e <em><a href=\"http:\/\/nossacasa.net\/nossosriachos\/rios\/serrapinnus-piaba\/\">Serrapinnus piaba<\/a><\/em><\/p>\n<hr>\n<p><strong>CHAVE DE <em>SERRAPINNUS<\/em><\/strong><\/p>\n<\/div>\n","protected":false},"excerpt":{"rendered":"<p>Os Serrapinnus Malabarba, 1998 Algumas caracter\u00edsticas do g\u00eanero Serrapinnus est\u00e3o indicadas na figura acima. O g\u00eanero Serrapinnus e um dos oito g\u00eaneros da fam\u00edlia Characidae representante dos Characiformes nas regi\u00f5es dos tabuleiros. Na regi\u00e3o dos tabuleiros da Mata Atl\u00e2ntica s\u00e3o &hellip; <a href=\"http:\/\/nossacasa.net\/nossosriachos\/rios\/serrapinnus\/\">Continue lendo <span class=\"meta-nav\">&rarr;<\/span><\/a><\/p>\n","protected":false},"author":1,"featured_media":0,"parent":0,"menu_order":0,"comment_status":"closed","ping_status":"closed","template":"","meta":{"footnotes":""},"class_list":["post-2555","page","type-page","status-publish","hentry"],"_links":{"self":[{"href":"http:\/\/nossacasa.net\/nossosriachos\/rios\/wp-json\/wp\/v2\/pages\/2555","targetHints":{"allow":["GET"]}}],"collection":[{"href":"http:\/\/nossacasa.net\/nossosriachos\/rios\/wp-json\/wp\/v2\/pages"}],"about":[{"href":"http:\/\/nossacasa.net\/nossosriachos\/rios\/wp-json\/wp\/v2\/types\/page"}],"author":[{"embeddable":true,"href":"http:\/\/nossacasa.net\/nossosriachos\/rios\/wp-json\/wp\/v2\/users\/1"}],"replies":[{"embeddable":true,"href":"http:\/\/nossacasa.net\/nossosriachos\/rios\/wp-json\/wp\/v2\/comments?post=2555"}],"version-history":[{"count":3,"href":"http:\/\/nossacasa.net\/nossosriachos\/rios\/wp-json\/wp\/v2\/pages\/2555\/revisions"}],"predecessor-version":[{"id":2558,"href":"http:\/\/nossacasa.net\/nossosriachos\/rios\/wp-json\/wp\/v2\/pages\/2555\/revisions\/2558"}],"wp:attachment":[{"href":"http:\/\/nossacasa.net\/nossosriachos\/rios\/wp-json\/wp\/v2\/media?parent=2555"}],"curies":[{"name":"wp","href":"https:\/\/api.w.org\/{rel}","templated":true}]}}