{"id":3184,"date":"2019-10-05T16:27:47","date_gmt":"2019-10-05T19:27:47","guid":{"rendered":"http:\/\/nossacasa.net\/nossosriachos\/rios\/?page_id=3184"},"modified":"2021-09-20T14:01:15","modified_gmt":"2021-09-20T17:01:15","slug":"mata-atlantica-nordeste","status":"publish","type":"page","link":"http:\/\/nossacasa.net\/nossosriachos\/rios\/mata-atlantica-nordeste\/","title":{"rendered":"Mata Atl\u00e2ntica Nordeste (328)"},"content":{"rendered":"<div style=\"text-align:justify\">\n<strong>Tipo de Habitat Principal<\/strong><br \/>\nRios costeiros tropicais e subtropicais<\/p>\n<p><strong>Pa\u00edses<\/strong><br \/>\nBrasil<\/p>\n<p><strong>Limites<\/strong><br \/>\nEssa ecorregi\u00e3o inclui todas as bacias de drenagem costeira no leste do Brasil, desde a drenagem de Rio Itabapoana, no sul, at\u00e9 o rio Sergipe, no norte. A oeste, \u00e9 limitada pela divis\u00e3o de drenagem com a bacia do Rio S\u00e3o Francisco ao longo da Serra do Espinha\u00e7o.<\/p>\n<p><strong>Drenagens<\/strong>: fluindo para oceano Atl\u00e2ntico<\/p>\n<p><strong>Principais rios ou outras massas de \u00e1gua<\/strong><br \/>\nRio Itabapoana, Rio Itapemirim, Rio S\u00e3o Matehus, Rio Mucur\u00ed, Rio Doce, Rio Jequitinhonha, Rio de Contas, Rio Jacuipe, Rio Paragua\u00e7u, Rio Itapicuru e Rio Vaza-barris<\/p>\n<p><strong>Topografia<\/strong><br \/>\nOs rios desta ecorregi\u00e3o drenam as encostas orientais da Serra do Espinha\u00e7o at\u00e9 a costa atl\u00e2ntica em uma paisagem variada, atravessando montanhas cristalinas, vales e planaltos de arenito. Os substratos variam de rochas subterr\u00e2neas pr\u00e9 &#8211; cambrianas a dep\u00f3sitos terci\u00e1rios-quatern\u00e1rios da Forma\u00e7\u00e3o Barreiras (Dillenburg e Hesp 2009; Martin et al. 1996). As eleva\u00e7\u00f5es se estendem da plan\u00edcie costeira plana at\u00e9 2890 m de altitude no Pico da Bandeira, que faz parte da Serra do Capara\u00f3.<\/p>\n<p><strong>Clima<\/strong><br \/>\nO clima em torno de Salvador da Bahia \u00e9 quente e \u00famido, com chuvas distribu\u00eddas uniformemente ao longo do ano. Mais ao sul, em torno de Vit\u00f3ria, o clima \u00e9 mais sazonal, com uma esta\u00e7\u00e3o seca que dura entre maio e setembro. As condi\u00e7\u00f5es semi\u00e1ridas existem mais para o interior da bacia do alto Rio de Contas. A precipita\u00e7\u00e3o m\u00e9dia anual varia entre 400 mm nesta bacia e mais de 2400 mm ao longo da costa norte (Hijmins et al. 2004). As temperaturas m\u00e9dias anuais variam entre 11 e 26 \u00baC.<\/p>\n<p><strong>Habitats de \u00e1gua doce<\/strong><br \/>\nOs habitats de \u00e1gua doce variam de grandes rios de baixa corrente lenta de gradiente baixo a riachos \u00edngremes de cabeceiras com \u00e1guas r\u00e1pidas.   Muitos c\u00f3rregos costeiros t\u00eam manguezais associados \u00e0s suas \u00e1reas estuarinas. A por\u00e7\u00e3o baixa dos grandes rios \u00e9 dominada por substrato macio composto por fundos arenosos e lamacentos, enquanto as por\u00e7\u00f5es m\u00e9dio-superiores t\u00eam extensos alcances de po\u00e7as profundas, corredeiras e corredeiras com cascalho e pedras como substrato dominante. Os alcances superiores alternam-se da rocha (arenitos gran\u00edticos ou sedimentares) a rochas e rochas, com muitas piscinas e corredeiras.<\/p>\n<p><strong>Habitats terrestres<\/strong><br \/>\nMata Atl\u00e2ntica , ou Mata Atl\u00e2ntica, \u00e9 o tipo de vegeta\u00e7\u00e3o dominante da ecorregi\u00e3o. Esta \u00e9 subdividida em florestas costeiras atl\u00e2nticas e florestas dec\u00edduas e dec\u00edduas atl\u00e2nticas. As florestas costeiras atl\u00e2nticas nesta ecorregi\u00e3o se distinguem de outras florestas atl\u00e2nticas por seu conjunto \u00fanico de endemias, al\u00e9m de estrutura e composi\u00e7\u00e3o semelhantes \u00e0s florestas amaz\u00f4nicas (WWF 2001). As florestas sazonais mais para o interior incluem uma mistura heterog\u00eanea de florestas semidec\u00edduas e dec\u00edduas, florestas sempre verdes e campo rupestre ( pastagens de alta altitude). As florestas interiores do Atl\u00e2ntico s\u00e3o delimitadas ao norte pela caatinga e ao oeste pelo cerrado. Restingas e manguezais alinham-se na costa.<\/p>\n<p><strong>Fauna de Peixes<\/strong><br \/>\nAtualmente, mais de duzentas esp\u00e9cies s\u00e3o registradas na ecorregi\u00e3o nordeste da Mata Atl\u00e2ntica . Estes s\u00e3o representados principalmente por Siluriformes (43%), Characiformes (36%) e Cyprinodontiformes (13%). Existem tamb\u00e9m nove cicl\u00eddeos e o corvina brasileiro ( Pachyurus adspersus ); tr\u00eas peixes-faca el\u00e9tricos, incluindo Gymnotus bahianus , peixe-faca em faixas ( Gymnotus carapo ) e peixe-faca em vidro ( Eigenmannia virescens ); e enguia do p\u00e2ntano marmoreada ( Synbranchus marmoratus ).<\/p>\n<p><strong>Descri\u00e7\u00e3o de peixes end\u00eamicos<\/strong>:<br \/>\nMais de 60% das esp\u00e9cies na ecorregi\u00e3o s\u00e3o end\u00eamicas, al\u00e9m de oito g\u00eaneros end\u00eamicos: <em>Myxiops<\/em>, <em>Lignobrycon<\/em>, <em>Henochilus<\/em>, <em>Glaphyropoma<\/em>, <em>Wertheimeria<\/em>, <em>Nematocharax<\/em>, <strong>Kalyptodoras<\/strong> e <em>Prorivulus<\/em>. Vinte e tr\u00eas por cento das end\u00eamicas s\u00e3o carac\u00eddeos, seguidos por loricari\u00f3ides (18%), rivul\u00eddeos (15%) e tricomicter\u00f3ides (15%).<\/p>\n<p><strong>Outros peixes dignos de nota<\/strong><br \/>\nAs mudan\u00e7as antropog\u00eanicas provavelmente reduziram a diversidade de peixes de \u00e1gua doce no Rio Doce, que atualmente \u00e9 dominado por esp\u00e9cies difundidas que mostram altas toler\u00e2ncias \u00e0s mudan\u00e7as ambientais e \u00e0 polui\u00e7\u00e3o (Marques et al. 2004).<\/p>\n<p><strong>Justifica\u00e7\u00e3o para delineamento<\/strong><br \/>\nO Nordeste Mata Atl\u00e2ntica cai dentro Gery (1969) East regi\u00e3o da fauna brasileira e prov\u00edncia sudeste e Ringuelet (1975) r\u00edos costeros SE Brasil ichthyographic prov\u00edncia . A ecorregi\u00e3o cont\u00e9m alto endemismo, incluindo sete g\u00eaneros end\u00eamicos.<\/p>\n<p><strong>N\u00edvel de explora\u00e7\u00e3o taxon\u00f4mica<\/strong><br \/>\nBoa<\/p>\n<p><strong>Refer\u00eancias<\/strong><br \/>\nBuckup, PA, Menezes, NA e Ghazzi, MS (Ed.) (2007). &#8220;Cat\u00e1logo das esp\u00e9cies de peixes de \u00e1gua doce do Brasil&#8221; Rio de Janeiro: Museu Nacional.<\/p>\n<p>Dillenburg, S. e Hesp, P. (2009). &#8220;Geologia e Geomorfologia das Barreiras Costeiras Holocenas do Brasil&#8221; Berlim, Alemanha: Springer-Verlag.<\/p>\n<p>Gery, J. (1969) &#8220;Os peixes de \u00e1gua doce da Am\u00e9rica do Sul&#8221; In EJ Fitkau (Ed.). Biogeografia e Ecologia na Am\u00e9rica do Sul . (pp. 828-848) Haia: Dr. W. Junk.<\/p>\n<p>Hijmans, RJ, S. Cameron e Parra., J. (2004) &#8220;WorldClim, Vers\u00e3o 1.4 (release 3). Um banco de dados com uma resolu\u00e7\u00e3o de um quil\u00f4metro quadrado do clima global da superf\u00edcie terrestre&#8221; <[http:\/\/www.worldclim.org]> (16 de julho de 2009)<\/p>\n<p>Kottek, M., J. Grieser, C. Beck, et ai. (2006). &#8220;Mapa mundial da classifica\u00e7\u00e3o clim\u00e1tica de K\u00f6ppen-Geiger atualizado&#8221; Meteorologische Zeitschrift 15 259-263.<\/p>\n<p>Marques, M., Monica F. da Costa, Maria Iries de O. Mayorga, et al. (2004). &#8220;Ambientes h\u00eddricos: press\u00f5es antropog\u00eanicas e altera\u00e7\u00f5es ecossist\u00eamicas nas bacias hidrogr\u00e1ficas do Atl\u00e2ntico&#8221; Ambio 33 (1-2) 68-77.<\/p>\n<p>Martin, L., Suguio, K., Flexor, J.-M., et al. (1996). &#8220;Forma\u00e7\u00f5es quatern\u00e1rias costeiras da parte sul do estado do Esp\u00edrito Santo (Brasil)&#8221; Anais da Academia Brasileira de Ci\u00eancias 68 (3) 389-404.<\/p>\n<p>Menezes, NA, Weitzman, SH, Oyakawa, OT, Lima, FCT, Castro, RMC; Weitzman, MJ (2007). &#8220;Peixes de \u00e1gua doce da Matya Atl\u00e2ntica: lista preliminar de esp\u00e9cies e coment\u00e1rios sobre a conserva\u00e7\u00e3o de peixes de \u00e1gua doce neotropicais&#8221; S\u00e3o Paulo: Museu de Zoologia da Universidade de S\u00e3o Paulo.<\/p>\n<p>Reis, R., Kullander, S. e Ferraris, C. (Ed.) (2003). &#8220;Lista de verifica\u00e7\u00e3o dos peixes de \u00e1gua doce da Am\u00e9rica do Sul e Central&#8221; Porto Alegre, Brasil: EDIPUCRS.<\/p>\n<p>Ringuelet, RA (1975). &#8220;Zoogeografia e ecologia dos peixes de \u00e1guas continentais da Argentina e considera\u00e7\u00f5es sobre as \u00e1reas biol\u00f3gicas da Am\u00e9rica do Sul&#8221; Ecosur 2 (1) 1-122.<\/p>\n<p>Rosa, RS, Menezes, NA, Britski, A., et al. (2003) &#8220;Diversidade, padr\u00f5es de distribui\u00e7\u00e3o e conserva\u00e7\u00e3o dos peixes da Caatinga&#8221; Em IR Leal, M. Tabarelli e JMC Silva (Ed.). Ecologia e Conserva\u00e7\u00e3o da Caatinga . (pp. 135-180) Recife: Editora Universit\u00e1ria UFPE.<\/p>\n<p>Fundo Mundial para a Vida Selvagem (WWF) (2001) &#8220;Ecorregi\u00f5es terrestres do mundo&#8221; <http:\/\/www.worldwildlife.org\/wildworld\/profiles\/terrestrial_nt.html><\/p>\n<hr \/>\n<p>Fonte: http:\/\/www.feow.org\/<\/p>\n<\/div>\n","protected":false},"excerpt":{"rendered":"<p>Tipo de Habitat Principal Rios costeiros tropicais e subtropicais Pa\u00edses Brasil Limites Essa ecorregi\u00e3o inclui todas as bacias de drenagem costeira no leste do Brasil, desde a drenagem de Rio Itabapoana, no sul, at\u00e9 o rio Sergipe, no norte. A &hellip; <a href=\"http:\/\/nossacasa.net\/nossosriachos\/rios\/mata-atlantica-nordeste\/\">Continue lendo <span class=\"meta-nav\">&rarr;<\/span><\/a><\/p>\n","protected":false},"author":1,"featured_media":0,"parent":0,"menu_order":0,"comment_status":"closed","ping_status":"closed","template":"","meta":{"footnotes":""},"class_list":["post-3184","page","type-page","status-publish","hentry"],"_links":{"self":[{"href":"http:\/\/nossacasa.net\/nossosriachos\/rios\/wp-json\/wp\/v2\/pages\/3184","targetHints":{"allow":["GET"]}}],"collection":[{"href":"http:\/\/nossacasa.net\/nossosriachos\/rios\/wp-json\/wp\/v2\/pages"}],"about":[{"href":"http:\/\/nossacasa.net\/nossosriachos\/rios\/wp-json\/wp\/v2\/types\/page"}],"author":[{"embeddable":true,"href":"http:\/\/nossacasa.net\/nossosriachos\/rios\/wp-json\/wp\/v2\/users\/1"}],"replies":[{"embeddable":true,"href":"http:\/\/nossacasa.net\/nossosriachos\/rios\/wp-json\/wp\/v2\/comments?post=3184"}],"version-history":[{"count":2,"href":"http:\/\/nossacasa.net\/nossosriachos\/rios\/wp-json\/wp\/v2\/pages\/3184\/revisions"}],"predecessor-version":[{"id":3528,"href":"http:\/\/nossacasa.net\/nossosriachos\/rios\/wp-json\/wp\/v2\/pages\/3184\/revisions\/3528"}],"wp:attachment":[{"href":"http:\/\/nossacasa.net\/nossosriachos\/rios\/wp-json\/wp\/v2\/media?parent=3184"}],"curies":[{"name":"wp","href":"https:\/\/api.w.org\/{rel}","templated":true}]}}