{"id":3219,"date":"2019-10-07T11:34:40","date_gmt":"2019-10-07T14:34:40","guid":{"rendered":"http:\/\/nossacasa.net\/nossosriachos\/rios\/?page_id=3219"},"modified":"2019-10-07T11:35:21","modified_gmt":"2019-10-07T14:35:21","slug":"bacia-do-reis-magos","status":"publish","type":"page","link":"http:\/\/nossacasa.net\/nossosriachos\/rios\/bacia-do-reis-magos\/","title":{"rendered":"Bacia do Reis Magos"},"content":{"rendered":"<div style=\"text-align:justify\">\n<div id=\"attachment_3220\" style=\"width: 810px\" class=\"wp-caption aligncenter\"><img loading=\"lazy\" decoding=\"async\" aria-describedby=\"caption-attachment-3220\" src=\"http:\/\/nossacasa.net\/nossosriachos\/rios\/wp-content\/uploads\/sites\/8\/2019\/10\/ReisMagos.png\" alt=\"\" width=\"800\" height=\"399\" class=\"size-full wp-image-3220\" srcset=\"http:\/\/nossacasa.net\/nossosriachos\/rios\/wp-content\/uploads\/sites\/8\/2019\/10\/ReisMagos.png 800w, http:\/\/nossacasa.net\/nossosriachos\/rios\/wp-content\/uploads\/sites\/8\/2019\/10\/ReisMagos-300x150.png 300w, http:\/\/nossacasa.net\/nossosriachos\/rios\/wp-content\/uploads\/sites\/8\/2019\/10\/ReisMagos-768x383.png 768w, http:\/\/nossacasa.net\/nossosriachos\/rios\/wp-content\/uploads\/sites\/8\/2019\/10\/ReisMagos-500x249.png 500w\" sizes=\"auto, (max-width: 800px) 100vw, 800px\" \/><p id=\"caption-attachment-3220\" class=\"wp-caption-text\">Figura 1 Mapa da Bacia do Reis Magos<\/p><\/div>\n<p><strong>Bacia do Reis Magos (08.07)<\/strong><br \/>\nBacia costeira formada pelo rio Reis Magos.<br \/>\n<strong>Limites<\/strong><br \/>\nNorte: Microbacias do norte de Aracruz e Bacia do Piraqu\u00ea-A\u00e7u.<br \/>\nOeste: Bacia do Piraqu\u00ea-A\u00e7u e Doce.<br \/>\nSul: Bacia do Santa Maria da Vit\u00f3ria e Microbacias de Serra<br \/>\nLeste: Oceano Atl\u00e2ntico.<\/p>\n<p>Superf\u00edcie total: 674 km\u00b2 Km<sup>2<\/sup>  Per\u00edmetro: 171 Km<\/p>\n<p>O rio <strong>Reis Mago<\/strong>s \u00e9 formado pelo encontro dos rios Fund\u00e3o e Timbu\u00ed. As nascentes destes rios se localizam na regi\u00e3o serrana do centro do estado, com relevo montanhoso e fortemente ondulado, fazendo parte do complexo da serra da Mantiqueira. A regi\u00e3o das cabeceiras da bacia dos Reis Magos \u00e9 marcada pela presen\u00e7a de dois formadores, o Rio Timbu\u00ed, ao sul, e o Rio Fund\u00e3o, ao norte, que seguem paralelamente, descendo as encostas dos vales como sub-bacias distintas.<\/p>\n<div id=\"attachment_3224\" style=\"width: 810px\" class=\"wp-caption aligncenter\"><img loading=\"lazy\" decoding=\"async\" aria-describedby=\"caption-attachment-3224\" src=\"http:\/\/nossacasa.net\/nossosriachos\/rios\/wp-content\/uploads\/sites\/8\/2019\/10\/Timbui-Fundao.png\" alt=\"\" width=\"800\" height=\"501\" class=\"size-full wp-image-3224\" srcset=\"http:\/\/nossacasa.net\/nossosriachos\/rios\/wp-content\/uploads\/sites\/8\/2019\/10\/Timbui-Fundao.png 800w, http:\/\/nossacasa.net\/nossosriachos\/rios\/wp-content\/uploads\/sites\/8\/2019\/10\/Timbui-Fundao-300x188.png 300w, http:\/\/nossacasa.net\/nossosriachos\/rios\/wp-content\/uploads\/sites\/8\/2019\/10\/Timbui-Fundao-768x481.png 768w, http:\/\/nossacasa.net\/nossosriachos\/rios\/wp-content\/uploads\/sites\/8\/2019\/10\/Timbui-Fundao-479x300.png 479w\" sizes=\"auto, (max-width: 800px) 100vw, 800px\" \/><p id=\"caption-attachment-3224\" class=\"wp-caption-text\">Figura 2 Mapa da Bacia do Reis Magos mostrando as sub-bacias do Fund\u00e3o, Timbu\u00ed e Reis Magos<\/p><\/div>\n<p><strong>Sub-bacia do Fund\u00e3o<\/strong>.<br \/>\nAs cabeceiras principais do Rio Fund\u00e3o s\u00e3o formadas pelos c\u00f3rregos Goiapaba A\u00e7u e Saltinho, ambos com nascentes na Reserva Biol\u00f3gica Augusto Ruschi. Estes dois rios descem a encosta dos vales, atravessando ainda a \u00c1rea de Prote\u00e7\u00e3o Ambiental de Goiapaba A\u00e7u onde se<br \/>\njuntam ao C\u00f3rrego Carneiro, formando o Ribeir\u00e3o Tr\u00eas Barras. O Ribeir\u00e3o Tr\u00eas Barras junta-se ao Rio Piabas, um contribuinte mais ao norte, formado o Rio Fund\u00e3o. Os formadores do Rio Fund\u00e3o percorrem dois munic\u00edpios capixabas: Santa Teresa e Ibira\u00e7u.<\/p>\n<div id=\"attachment_3221\" style=\"width: 810px\" class=\"wp-caption aligncenter\"><img loading=\"lazy\" decoding=\"async\" aria-describedby=\"caption-attachment-3221\" src=\"http:\/\/nossacasa.net\/nossosriachos\/rios\/wp-content\/uploads\/sites\/8\/2019\/10\/Tabela-1_8_07.png\" alt=\"\" width=\"800\" height=\"229\" class=\"size-full wp-image-3221\" srcset=\"http:\/\/nossacasa.net\/nossosriachos\/rios\/wp-content\/uploads\/sites\/8\/2019\/10\/Tabela-1_8_07.png 800w, http:\/\/nossacasa.net\/nossosriachos\/rios\/wp-content\/uploads\/sites\/8\/2019\/10\/Tabela-1_8_07-300x86.png 300w, http:\/\/nossacasa.net\/nossosriachos\/rios\/wp-content\/uploads\/sites\/8\/2019\/10\/Tabela-1_8_07-768x220.png 768w, http:\/\/nossacasa.net\/nossosriachos\/rios\/wp-content\/uploads\/sites\/8\/2019\/10\/Tabela-1_8_07-500x143.png 500w\" sizes=\"auto, (max-width: 800px) 100vw, 800px\" \/><p id=\"caption-attachment-3221\" class=\"wp-caption-text\">Tabela 1 \u2013 Comprimento dos rios, altitudes das nascentes e \u00e1reas das sub-bacias no Fund\u00e3o<\/p><\/div>\n<p><strong>Sub-bacia do Timbu\u00ed<\/strong>.<br \/>\nNa regi\u00e3o montanhosa de Santa Teresa, onde est\u00e3o as nascentes mais altas da bacia, as declividades s\u00e3o mais acentuadas, marcadas<br \/>\npor trechos torrenciais e encachoeiramentos, a exemplo da cachoeira do Country, um ponto tur\u00edstico daquele munic\u00edpio. As nascentes do Timbu\u00ed s\u00e3o formadas pelos c\u00f3rregos Val\u00e3o de S\u00e3o Louren\u00e7o e Val\u00e3o de S\u00e3o Pedro, que se encontram no centro da cidade de Santa Teresa formando o Rio Timbu\u00ed. A drenagem do Timbu\u00ed apresenta uma \u00e1rea de cerca de 290 Km<sup>2<\/sup> . O Rio Timbu\u00ed<br \/>\nem sua passagem pelo munic\u00edpio de Serra recebe o nome de Ribeir\u00e3o Sahuanha quando aparece figurado na planta do munic\u00edpio de Serra (IBGE, 1999).<\/p>\n<div id=\"attachment_3222\" style=\"width: 810px\" class=\"wp-caption aligncenter\"><img loading=\"lazy\" decoding=\"async\" aria-describedby=\"caption-attachment-3222\" src=\"http:\/\/nossacasa.net\/nossosriachos\/rios\/wp-content\/uploads\/sites\/8\/2019\/10\/Tabela-2_8_07.png\" alt=\"\" width=\"800\" height=\"171\" class=\"size-full wp-image-3222\" srcset=\"http:\/\/nossacasa.net\/nossosriachos\/rios\/wp-content\/uploads\/sites\/8\/2019\/10\/Tabela-2_8_07.png 800w, http:\/\/nossacasa.net\/nossosriachos\/rios\/wp-content\/uploads\/sites\/8\/2019\/10\/Tabela-2_8_07-300x64.png 300w, http:\/\/nossacasa.net\/nossosriachos\/rios\/wp-content\/uploads\/sites\/8\/2019\/10\/Tabela-2_8_07-768x164.png 768w, http:\/\/nossacasa.net\/nossosriachos\/rios\/wp-content\/uploads\/sites\/8\/2019\/10\/Tabela-2_8_07-500x107.png 500w\" sizes=\"auto, (max-width: 800px) 100vw, 800px\" \/><p id=\"caption-attachment-3222\" class=\"wp-caption-text\">Tabela 2 \u2013 Comprimento dos rios, altitudes das nascentes e \u00e1reas das sub-bacias no Timbu\u00ed<\/p><\/div>\n<p><strong>Sub-bacia dos Reis Magos<\/strong>.<br \/>\nOs rios Timbu\u00ed e Fund\u00e3o se encontram j\u00e1 na regi\u00e3o das baixadas litor\u00e2neas, na divisa municipal Serra-Fund\u00e3o, e passam a formar o Rio Reis Magos. A malha fluvial neste trecho baixo atravessa os munic\u00edpios de Santa Leopoldina, Fund\u00e3o e Serra. O Rio Reis Magos formava<br \/>\numa plan\u00edcie balne\u00e1ria, de relevo suave, e cursos d\u00b4\u00e1gua com direcionamento vari\u00e1vel. Em seu baixo curso o Reis Magos seguia meandrando atrav\u00e9s da plan\u00edcie inund\u00e1vel, marcada por brejos e v\u00e1rzeas. Nos dias de hoje o canal principal foi retificado e a v\u00e1rzea drenada. Pr\u00f3ximo \u00e0 foz, no balne\u00e1rio de Nova Almeida, ainda existe um complexo estuarino com a presen\u00e7a de vegeta\u00e7\u00e3o de manguezal. <\/p>\n<div id=\"attachment_3223\" style=\"width: 810px\" class=\"wp-caption aligncenter\"><img loading=\"lazy\" decoding=\"async\" aria-describedby=\"caption-attachment-3223\" src=\"http:\/\/nossacasa.net\/nossosriachos\/rios\/wp-content\/uploads\/sites\/8\/2019\/10\/Tabela-3_8_07.png\" alt=\"\" width=\"800\" height=\"57\" class=\"size-full wp-image-3223\" srcset=\"http:\/\/nossacasa.net\/nossosriachos\/rios\/wp-content\/uploads\/sites\/8\/2019\/10\/Tabela-3_8_07.png 800w, http:\/\/nossacasa.net\/nossosriachos\/rios\/wp-content\/uploads\/sites\/8\/2019\/10\/Tabela-3_8_07-300x21.png 300w, http:\/\/nossacasa.net\/nossosriachos\/rios\/wp-content\/uploads\/sites\/8\/2019\/10\/Tabela-3_8_07-768x55.png 768w, http:\/\/nossacasa.net\/nossosriachos\/rios\/wp-content\/uploads\/sites\/8\/2019\/10\/Tabela-3_8_07-500x36.png 500w\" sizes=\"auto, (max-width: 800px) 100vw, 800px\" \/><p id=\"caption-attachment-3223\" class=\"wp-caption-text\">Tabela 3 \u2013 Comprimento do rio e \u00e1rea da sub-bacia Reis Magos<\/p><\/div>\n<\/div>\n","protected":false},"excerpt":{"rendered":"<p>Bacia do Reis Magos (08.07) Bacia costeira formada pelo rio Reis Magos. Limites Norte: Microbacias do norte de Aracruz e Bacia do Piraqu\u00ea-A\u00e7u. Oeste: Bacia do Piraqu\u00ea-A\u00e7u e Doce. Sul: Bacia do Santa Maria da Vit\u00f3ria e Microbacias de Serra &hellip; <a href=\"http:\/\/nossacasa.net\/nossosriachos\/rios\/bacia-do-reis-magos\/\">Continue lendo <span class=\"meta-nav\">&rarr;<\/span><\/a><\/p>\n","protected":false},"author":1,"featured_media":3220,"parent":0,"menu_order":0,"comment_status":"closed","ping_status":"closed","template":"","meta":{"footnotes":""},"class_list":["post-3219","page","type-page","status-publish","has-post-thumbnail","hentry"],"_links":{"self":[{"href":"http:\/\/nossacasa.net\/nossosriachos\/rios\/wp-json\/wp\/v2\/pages\/3219","targetHints":{"allow":["GET"]}}],"collection":[{"href":"http:\/\/nossacasa.net\/nossosriachos\/rios\/wp-json\/wp\/v2\/pages"}],"about":[{"href":"http:\/\/nossacasa.net\/nossosriachos\/rios\/wp-json\/wp\/v2\/types\/page"}],"author":[{"embeddable":true,"href":"http:\/\/nossacasa.net\/nossosriachos\/rios\/wp-json\/wp\/v2\/users\/1"}],"replies":[{"embeddable":true,"href":"http:\/\/nossacasa.net\/nossosriachos\/rios\/wp-json\/wp\/v2\/comments?post=3219"}],"version-history":[{"count":1,"href":"http:\/\/nossacasa.net\/nossosriachos\/rios\/wp-json\/wp\/v2\/pages\/3219\/revisions"}],"predecessor-version":[{"id":3225,"href":"http:\/\/nossacasa.net\/nossosriachos\/rios\/wp-json\/wp\/v2\/pages\/3219\/revisions\/3225"}],"wp:featuredmedia":[{"embeddable":true,"href":"http:\/\/nossacasa.net\/nossosriachos\/rios\/wp-json\/wp\/v2\/media\/3220"}],"wp:attachment":[{"href":"http:\/\/nossacasa.net\/nossosriachos\/rios\/wp-json\/wp\/v2\/media?parent=3219"}],"curies":[{"name":"wp","href":"https:\/\/api.w.org\/{rel}","templated":true}]}}