{"id":3228,"date":"2019-10-07T12:09:57","date_gmt":"2019-10-07T15:09:57","guid":{"rendered":"http:\/\/nossacasa.net\/nossosriachos\/rios\/?page_id=3228"},"modified":"2019-10-07T12:09:57","modified_gmt":"2019-10-07T15:09:57","slug":"microbacias-de-serra","status":"publish","type":"page","link":"http:\/\/nossacasa.net\/nossosriachos\/rios\/microbacias-de-serra\/","title":{"rendered":"Microbacias de Serra"},"content":{"rendered":"<div style=\"text-align:justify\">\n<div id=\"attachment_3229\" style=\"width: 810px\" class=\"wp-caption aligncenter\"><img loading=\"lazy\" decoding=\"async\" aria-describedby=\"caption-attachment-3229\" src=\"http:\/\/nossacasa.net\/nossosriachos\/rios\/wp-content\/uploads\/sites\/8\/2019\/10\/Microbacias-de-Serra.png\" alt=\"\" width=\"800\" height=\"639\" class=\"size-full wp-image-3229\" srcset=\"http:\/\/nossacasa.net\/nossosriachos\/rios\/wp-content\/uploads\/sites\/8\/2019\/10\/Microbacias-de-Serra.png 800w, http:\/\/nossacasa.net\/nossosriachos\/rios\/wp-content\/uploads\/sites\/8\/2019\/10\/Microbacias-de-Serra-300x240.png 300w, http:\/\/nossacasa.net\/nossosriachos\/rios\/wp-content\/uploads\/sites\/8\/2019\/10\/Microbacias-de-Serra-768x613.png 768w, http:\/\/nossacasa.net\/nossosriachos\/rios\/wp-content\/uploads\/sites\/8\/2019\/10\/Microbacias-de-Serra-376x300.png 376w\" sizes=\"auto, (max-width: 800px) 100vw, 800px\" \/><p id=\"caption-attachment-3229\" class=\"wp-caption-text\">Figura 1 &#8211; Mapa das Microbacias de Serra<\/p><\/div>\n<p><strong>Microbacias de Serra (08.08)<\/strong><br \/>\nMicrobacias costeira formadas por diversos pequenos cursos de \u00e1gua de desaguam no munic\u00edpio de Serra (ES).<br \/>\n<strong>Limites<\/strong><br \/>\nNorte: Bacia do Reis Magos.<br \/>\nOeste: Bacias do Reis Magos e Santa Maria da Vit\u00f3ria.<br \/>\nSul: Bacia do Santa Maria da Vit\u00f3ria.<br \/>\nLeste: Oceano Atl\u00e2ntico.<\/p>\n<p>Superf\u00edcie total: 306 Km<sup>2<\/sup>  Per\u00edmetro: 99 Km<\/p>\n<p>Vizinhas ao Reis Magos, as microbacias de Serra, um conjunto de pequenas bacias litor\u00e2neas, ocupam as \u00e1reas de baixada, limitadas ao norte pela bacia do Reis Magos e ao sul pela bacia do Rio Santa Maria da Vit\u00f3ria.<\/p>\n<div id=\"attachment_3230\" style=\"width: 810px\" class=\"wp-caption aligncenter\"><img loading=\"lazy\" decoding=\"async\" aria-describedby=\"caption-attachment-3230\" src=\"http:\/\/nossacasa.net\/nossosriachos\/rios\/wp-content\/uploads\/sites\/8\/2019\/10\/Microbacias-de-Serra_2.png\" alt=\"\" width=\"800\" height=\"896\" class=\"size-full wp-image-3230\" srcset=\"http:\/\/nossacasa.net\/nossosriachos\/rios\/wp-content\/uploads\/sites\/8\/2019\/10\/Microbacias-de-Serra_2.png 800w, http:\/\/nossacasa.net\/nossosriachos\/rios\/wp-content\/uploads\/sites\/8\/2019\/10\/Microbacias-de-Serra_2-268x300.png 268w, http:\/\/nossacasa.net\/nossosriachos\/rios\/wp-content\/uploads\/sites\/8\/2019\/10\/Microbacias-de-Serra_2-768x860.png 768w\" sizes=\"auto, (max-width: 800px) 100vw, 800px\" \/><p id=\"caption-attachment-3230\" class=\"wp-caption-text\">Figura 2 &#8211; Microbacias diferenciadas por cores.<\/p><\/div>\n<p>Na regi\u00e3o destacam-se algumas lagoas, como a Lagoa do Juara (2,8 Km<sup>2<\/sup>) e a Lagoa de Jacon\u00e9 (1,3 Km<sup>2<\/sup>) ou Jacun\u00e9m, que ocupa uma grande \u00e1rea urbana da Serra. A Lagoa Maring\u00e1 (0,06 Km<sup>2<\/sup>) \u00e9 uma lagoa artificial, pr\u00f3xima ao balne\u00e1rio de Manguinhos formada pelo represamento parcial do c\u00f3rrego Maring\u00e1, em decorr\u00eancia da implanta\u00e7\u00e3o da Rodovia ES 010.<\/p>\n<div id=\"attachment_3231\" style=\"width: 810px\" class=\"wp-caption aligncenter\"><img loading=\"lazy\" decoding=\"async\" aria-describedby=\"caption-attachment-3231\" src=\"http:\/\/nossacasa.net\/nossosriachos\/rios\/wp-content\/uploads\/sites\/8\/2019\/10\/Tabela-1_8_08.png\" alt=\"\" width=\"800\" height=\"260\" class=\"size-full wp-image-3231\" srcset=\"http:\/\/nossacasa.net\/nossosriachos\/rios\/wp-content\/uploads\/sites\/8\/2019\/10\/Tabela-1_8_08.png 800w, http:\/\/nossacasa.net\/nossosriachos\/rios\/wp-content\/uploads\/sites\/8\/2019\/10\/Tabela-1_8_08-300x98.png 300w, http:\/\/nossacasa.net\/nossosriachos\/rios\/wp-content\/uploads\/sites\/8\/2019\/10\/Tabela-1_8_08-768x250.png 768w, http:\/\/nossacasa.net\/nossosriachos\/rios\/wp-content\/uploads\/sites\/8\/2019\/10\/Tabela-1_8_08-500x163.png 500w\" sizes=\"auto, (max-width: 800px) 100vw, 800px\" \/><p id=\"caption-attachment-3231\" class=\"wp-caption-text\">Tabela 1 \u2013 Comprimento dos rios, altitudes das nascentes e \u00e1reas das microbacias de Serra<\/p><\/div>\n<\/div>\n","protected":false},"excerpt":{"rendered":"<p>Microbacias de Serra (08.08) Microbacias costeira formadas por diversos pequenos cursos de \u00e1gua de desaguam no munic\u00edpio de Serra (ES). Limites Norte: Bacia do Reis Magos. Oeste: Bacias do Reis Magos e Santa Maria da Vit\u00f3ria. Sul: Bacia do Santa &hellip; <a href=\"http:\/\/nossacasa.net\/nossosriachos\/rios\/microbacias-de-serra\/\">Continue lendo <span class=\"meta-nav\">&rarr;<\/span><\/a><\/p>\n","protected":false},"author":1,"featured_media":3229,"parent":0,"menu_order":0,"comment_status":"closed","ping_status":"closed","template":"","meta":{"footnotes":""},"class_list":["post-3228","page","type-page","status-publish","has-post-thumbnail","hentry"],"_links":{"self":[{"href":"http:\/\/nossacasa.net\/nossosriachos\/rios\/wp-json\/wp\/v2\/pages\/3228","targetHints":{"allow":["GET"]}}],"collection":[{"href":"http:\/\/nossacasa.net\/nossosriachos\/rios\/wp-json\/wp\/v2\/pages"}],"about":[{"href":"http:\/\/nossacasa.net\/nossosriachos\/rios\/wp-json\/wp\/v2\/types\/page"}],"author":[{"embeddable":true,"href":"http:\/\/nossacasa.net\/nossosriachos\/rios\/wp-json\/wp\/v2\/users\/1"}],"replies":[{"embeddable":true,"href":"http:\/\/nossacasa.net\/nossosriachos\/rios\/wp-json\/wp\/v2\/comments?post=3228"}],"version-history":[{"count":1,"href":"http:\/\/nossacasa.net\/nossosriachos\/rios\/wp-json\/wp\/v2\/pages\/3228\/revisions"}],"predecessor-version":[{"id":3232,"href":"http:\/\/nossacasa.net\/nossosriachos\/rios\/wp-json\/wp\/v2\/pages\/3228\/revisions\/3232"}],"wp:featuredmedia":[{"embeddable":true,"href":"http:\/\/nossacasa.net\/nossosriachos\/rios\/wp-json\/wp\/v2\/media\/3229"}],"wp:attachment":[{"href":"http:\/\/nossacasa.net\/nossosriachos\/rios\/wp-json\/wp\/v2\/media?parent=3228"}],"curies":[{"name":"wp","href":"https:\/\/api.w.org\/{rel}","templated":true}]}}