{"id":3235,"date":"2019-10-08T07:59:14","date_gmt":"2019-10-08T10:59:14","guid":{"rendered":"http:\/\/nossacasa.net\/nossosriachos\/rios\/?page_id=3235"},"modified":"2019-10-08T11:27:57","modified_gmt":"2019-10-08T14:27:57","slug":"microbacias-de-guarapari","status":"publish","type":"page","link":"http:\/\/nossacasa.net\/nossosriachos\/rios\/microbacias-de-guarapari\/","title":{"rendered":"Microbacias de Guarapari"},"content":{"rendered":"<div style=\"text-align:justify\">\n<div id=\"attachment_3238\" style=\"width: 810px\" class=\"wp-caption aligncenter\"><img loading=\"lazy\" decoding=\"async\" aria-describedby=\"caption-attachment-3238\" src=\"http:\/\/nossacasa.net\/nossosriachos\/rios\/wp-content\/uploads\/sites\/8\/2019\/10\/Microbacias-de-Guarapari.png\" alt=\"\" width=\"800\" height=\"677\" class=\"size-full wp-image-3238\" \/><p id=\"caption-attachment-3238\" class=\"wp-caption-text\">Figura 1 &#8211; Mapa das Microbacias de Guarapari\/Vila Velha-Cara\u00eds<\/p><\/div>\n<p><strong>Microbacias de Guarapari (08.08)<\/strong><br \/>\nMicrobacias costeira formadas por diversos pequenos cursos de \u00e1gua de desaguam no munic\u00edpio de Guarapari (ES).<br \/>\n<strong>Limites<\/strong><br \/>\nNorte: Bacia do Jucu.<br \/>\nOeste: Bacias do Jucu e Beneventes.<br \/>\nSul: Bacia do Beneventes.<br \/>\nLeste: Oceano Atl\u00e2ntico.<\/p>\n<p><strong>Microbacias Vila Velha-Cara\u00eds(08.07)<\/strong><br \/>\nSuperf\u00edcie total: 57 Km<sup>2<\/sup>  Per\u00edmetro: 57 Km<br \/>\n<strong>Microbacias de Guarapari (08.08)<\/strong><br \/>\nSuperf\u00edcie total: 306 Km<sup>2<\/sup>  Per\u00edmetro: 116 Km<\/p>\n<p>Entre as bacias do rio Benevente e do rio Jucu, encontram-se as microbacias de Vila Velha, Guarapari e Anchieta. Ocupam 448 <sup>2<\/sup> de \u00e1reas de baixada, formando um conjunto de pequenas bacias litor\u00e2neas, com riachos contribuintes \u00e0 Ba\u00eda de Guarapari ou desaguando no Oceano Atl\u00e2ntico.<\/p>\n<div id=\"attachment_3239\" style=\"width: 810px\" class=\"wp-caption aligncenter\"><img loading=\"lazy\" decoding=\"async\" aria-describedby=\"caption-attachment-3239\" src=\"http:\/\/nossacasa.net\/nossosriachos\/rios\/wp-content\/uploads\/sites\/8\/2019\/10\/Microbacias-de-Guarapari_2.png\" alt=\"\" width=\"800\" height=\"703\" class=\"size-full wp-image-3239\" srcset=\"http:\/\/nossacasa.net\/nossosriachos\/rios\/wp-content\/uploads\/sites\/8\/2019\/10\/Microbacias-de-Guarapari_2.png 800w, http:\/\/nossacasa.net\/nossosriachos\/rios\/wp-content\/uploads\/sites\/8\/2019\/10\/Microbacias-de-Guarapari_2-300x264.png 300w, http:\/\/nossacasa.net\/nossosriachos\/rios\/wp-content\/uploads\/sites\/8\/2019\/10\/Microbacias-de-Guarapari_2-768x675.png 768w, http:\/\/nossacasa.net\/nossosriachos\/rios\/wp-content\/uploads\/sites\/8\/2019\/10\/Microbacias-de-Guarapari_2-341x300.png 341w\" sizes=\"auto, (max-width: 800px) 100vw, 800px\" \/><p id=\"caption-attachment-3239\" class=\"wp-caption-text\">Figura 2 &#8211; Microbacias de Guarapari e Churry-Cara\u00eds<\/p><\/div>\n<p>As <strong>Microbacias de Guarapari<\/strong> est\u00e3o distribu\u00eddas entre os munic\u00edpios de Anchieta, Guarapari e Vila Velha, e abrigam pequenos c\u00f3rregos com extens\u00f5es inferiores aos 20 km. A microbacia do rio Una, entre Guarapari e Vila Velha, \u00e9 o de maiores dimens\u00f5es, com a nascente principal distante 19,8 km do Oceano. A microbacia do rio Churry \u00e9 a \u00fanica totalmente inserida no munic\u00edpio de Vila Velha.<\/p>\n<div id=\"attachment_3240\" style=\"width: 810px\" class=\"wp-caption aligncenter\"><img loading=\"lazy\" decoding=\"async\" aria-describedby=\"caption-attachment-3240\" src=\"http:\/\/nossacasa.net\/nossosriachos\/rios\/wp-content\/uploads\/sites\/8\/2019\/10\/Tabela-1_8_12.png\" alt=\"\" width=\"800\" height=\"316\" class=\"size-full wp-image-3240\" srcset=\"http:\/\/nossacasa.net\/nossosriachos\/rios\/wp-content\/uploads\/sites\/8\/2019\/10\/Tabela-1_8_12.png 800w, http:\/\/nossacasa.net\/nossosriachos\/rios\/wp-content\/uploads\/sites\/8\/2019\/10\/Tabela-1_8_12-300x119.png 300w, http:\/\/nossacasa.net\/nossosriachos\/rios\/wp-content\/uploads\/sites\/8\/2019\/10\/Tabela-1_8_12-768x303.png 768w, http:\/\/nossacasa.net\/nossosriachos\/rios\/wp-content\/uploads\/sites\/8\/2019\/10\/Tabela-1_8_12-500x198.png 500w\" sizes=\"auto, (max-width: 800px) 100vw, 800px\" \/><p id=\"caption-attachment-3240\" class=\"wp-caption-text\">Tabela 1 \u2013 Comprimento dos rios, altitudes das nascentes e \u00e1reas das microbacias de Gurapari.<\/p><\/div>\n<\/div>\n","protected":false},"excerpt":{"rendered":"<p>Microbacias de Guarapari (08.08) Microbacias costeira formadas por diversos pequenos cursos de \u00e1gua de desaguam no munic\u00edpio de Guarapari (ES). Limites Norte: Bacia do Jucu. Oeste: Bacias do Jucu e Beneventes. Sul: Bacia do Beneventes. Leste: Oceano Atl\u00e2ntico. Microbacias Vila &hellip; <a href=\"http:\/\/nossacasa.net\/nossosriachos\/rios\/microbacias-de-guarapari\/\">Continue lendo <span class=\"meta-nav\">&rarr;<\/span><\/a><\/p>\n","protected":false},"author":1,"featured_media":3238,"parent":0,"menu_order":0,"comment_status":"closed","ping_status":"closed","template":"","meta":{"footnotes":""},"class_list":["post-3235","page","type-page","status-publish","has-post-thumbnail","hentry"],"_links":{"self":[{"href":"http:\/\/nossacasa.net\/nossosriachos\/rios\/wp-json\/wp\/v2\/pages\/3235","targetHints":{"allow":["GET"]}}],"collection":[{"href":"http:\/\/nossacasa.net\/nossosriachos\/rios\/wp-json\/wp\/v2\/pages"}],"about":[{"href":"http:\/\/nossacasa.net\/nossosriachos\/rios\/wp-json\/wp\/v2\/types\/page"}],"author":[{"embeddable":true,"href":"http:\/\/nossacasa.net\/nossosriachos\/rios\/wp-json\/wp\/v2\/users\/1"}],"replies":[{"embeddable":true,"href":"http:\/\/nossacasa.net\/nossosriachos\/rios\/wp-json\/wp\/v2\/comments?post=3235"}],"version-history":[{"count":5,"href":"http:\/\/nossacasa.net\/nossosriachos\/rios\/wp-json\/wp\/v2\/pages\/3235\/revisions"}],"predecessor-version":[{"id":3259,"href":"http:\/\/nossacasa.net\/nossosriachos\/rios\/wp-json\/wp\/v2\/pages\/3235\/revisions\/3259"}],"wp:featuredmedia":[{"embeddable":true,"href":"http:\/\/nossacasa.net\/nossosriachos\/rios\/wp-json\/wp\/v2\/media\/3238"}],"wp:attachment":[{"href":"http:\/\/nossacasa.net\/nossosriachos\/rios\/wp-json\/wp\/v2\/media?parent=3235"}],"curies":[{"name":"wp","href":"https:\/\/api.w.org\/{rel}","templated":true}]}}