{"id":3275,"date":"2019-10-09T09:38:37","date_gmt":"2019-10-09T12:38:37","guid":{"rendered":"http:\/\/nossacasa.net\/nossosriachos\/rios\/?page_id=3275"},"modified":"2019-10-09T14:40:46","modified_gmt":"2019-10-09T17:40:46","slug":"microbacias-de-marataizes","status":"publish","type":"page","link":"http:\/\/nossacasa.net\/nossosriachos\/rios\/microbacias-de-marataizes\/","title":{"rendered":"Microbacias de Marata\u00edzes"},"content":{"rendered":"<div style=\"text-align:justify\">\n<p><div id=\"attachment_3304\" style=\"width: 810px\" class=\"wp-caption aligncenter\"><img loading=\"lazy\" decoding=\"async\" aria-describedby=\"caption-attachment-3304\" src=\"http:\/\/nossacasa.net\/nossosriachos\/rios\/wp-content\/uploads\/sites\/8\/2019\/10\/Microbacias-de-Maratizes.png\" alt=\"\" width=\"800\" height=\"547\" class=\"size-full wp-image-3304\" srcset=\"http:\/\/nossacasa.net\/nossosriachos\/rios\/wp-content\/uploads\/sites\/8\/2019\/10\/Microbacias-de-Maratizes.png 800w, http:\/\/nossacasa.net\/nossosriachos\/rios\/wp-content\/uploads\/sites\/8\/2019\/10\/Microbacias-de-Maratizes-300x205.png 300w, http:\/\/nossacasa.net\/nossosriachos\/rios\/wp-content\/uploads\/sites\/8\/2019\/10\/Microbacias-de-Maratizes-768x525.png 768w, http:\/\/nossacasa.net\/nossosriachos\/rios\/wp-content\/uploads\/sites\/8\/2019\/10\/Microbacias-de-Maratizes-439x300.png 439w\" sizes=\"auto, (max-width: 800px) 100vw, 800px\" \/><p id=\"caption-attachment-3304\" class=\"wp-caption-text\">Figura 1 &#8211; Microbacias de Marata\u00edzes e bacias lim\u00edtrofes.<\/p><\/div><br \/>\n<strong>Microbacias de Itapemirim (08.18)<\/strong><br \/>\nConsistem e pequenos c\u00f3rregos costeiros entre a foz dos rios Itabapoana e Itapemirim, no sul do Esp\u00edrito Santo.<\/p>\n<p><strong>Limites<\/strong><br \/>\nNorte: Bacia do Itapemirim.<br \/>\nOeste: Bacias do Itapemirim e Itabapoana.<br \/>\nSul: Bacia do Itabapoana.<br \/>\nLeste: Oceano Atl\u00e2ntico.<\/p>\n<p>Superf\u00edcie total: 264 Km<sup>2<\/sup>  Per\u00edmetro: 101 Km<\/p>\n<p>Entre a foz dos rios Itabapoana e Itapemirim diversos pequenos c\u00f3rregos s\u00e3o formados, a maioria no munic\u00edpio de Marata\u00edzes, e desaguando diretamente no Oceano Atl\u00e2ntico.<\/p>\n<div id=\"attachment_3305\" style=\"width: 540px\" class=\"wp-caption aligncenter\"><img loading=\"lazy\" decoding=\"async\" aria-describedby=\"caption-attachment-3305\" src=\"http:\/\/nossacasa.net\/nossosriachos\/rios\/wp-content\/uploads\/sites\/8\/2019\/10\/Microbacias-de-Marataizes_2.png\" alt=\"\" width=\"530\" height=\"393\" class=\"size-full wp-image-3305\" srcset=\"http:\/\/nossacasa.net\/nossosriachos\/rios\/wp-content\/uploads\/sites\/8\/2019\/10\/Microbacias-de-Marataizes_2.png 530w, http:\/\/nossacasa.net\/nossosriachos\/rios\/wp-content\/uploads\/sites\/8\/2019\/10\/Microbacias-de-Marataizes_2-300x222.png 300w, http:\/\/nossacasa.net\/nossosriachos\/rios\/wp-content\/uploads\/sites\/8\/2019\/10\/Microbacias-de-Marataizes_2-405x300.png 405w\" sizes=\"auto, (max-width: 530px) 100vw, 530px\" \/><p id=\"caption-attachment-3305\" class=\"wp-caption-text\">Figura 2 &#8211; Mapa das Microbacias de Marata\u00edzes, ressaltando a microbacia do C\u00f3rrego S\u00e3o Salvador<\/p><\/div>\n<div id=\"attachment_3298\" style=\"width: 810px\" class=\"wp-caption aligncenter\"><img loading=\"lazy\" decoding=\"async\" aria-describedby=\"caption-attachment-3298\" src=\"http:\/\/nossacasa.net\/nossosriachos\/rios\/wp-content\/uploads\/sites\/8\/2019\/10\/Tabela-1_8_18.png\" alt=\"\" width=\"800\" height=\"602\" class=\"size-full wp-image-3298\" srcset=\"http:\/\/nossacasa.net\/nossosriachos\/rios\/wp-content\/uploads\/sites\/8\/2019\/10\/Tabela-1_8_18.png 800w, http:\/\/nossacasa.net\/nossosriachos\/rios\/wp-content\/uploads\/sites\/8\/2019\/10\/Tabela-1_8_18-300x226.png 300w, http:\/\/nossacasa.net\/nossosriachos\/rios\/wp-content\/uploads\/sites\/8\/2019\/10\/Tabela-1_8_18-768x578.png 768w, http:\/\/nossacasa.net\/nossosriachos\/rios\/wp-content\/uploads\/sites\/8\/2019\/10\/Tabela-1_8_18-399x300.png 399w\" sizes=\"auto, (max-width: 800px) 100vw, 800px\" \/><p id=\"caption-attachment-3298\" class=\"wp-caption-text\">Tabela 1 \u2013 Comprimentos dos c\u00f3rregos e as \u00e1reas das microbacias entre os rios Itabapoana e<br \/>Itapemirim (de norte para o sul).<\/p><\/div>\n<hr \/>\n<\/div>\n","protected":false},"excerpt":{"rendered":"<p>Microbacias de Itapemirim (08.18) Consistem e pequenos c\u00f3rregos costeiros entre a foz dos rios Itabapoana e Itapemirim, no sul do Esp\u00edrito Santo. Limites Norte: Bacia do Itapemirim. Oeste: Bacias do Itapemirim e Itabapoana. Sul: Bacia do Itabapoana. Leste: Oceano Atl\u00e2ntico. &hellip; <a href=\"http:\/\/nossacasa.net\/nossosriachos\/rios\/microbacias-de-marataizes\/\">Continue lendo <span class=\"meta-nav\">&rarr;<\/span><\/a><\/p>\n","protected":false},"author":1,"featured_media":3304,"parent":0,"menu_order":0,"comment_status":"closed","ping_status":"closed","template":"","meta":{"footnotes":""},"class_list":["post-3275","page","type-page","status-publish","has-post-thumbnail","hentry"],"_links":{"self":[{"href":"http:\/\/nossacasa.net\/nossosriachos\/rios\/wp-json\/wp\/v2\/pages\/3275","targetHints":{"allow":["GET"]}}],"collection":[{"href":"http:\/\/nossacasa.net\/nossosriachos\/rios\/wp-json\/wp\/v2\/pages"}],"about":[{"href":"http:\/\/nossacasa.net\/nossosriachos\/rios\/wp-json\/wp\/v2\/types\/page"}],"author":[{"embeddable":true,"href":"http:\/\/nossacasa.net\/nossosriachos\/rios\/wp-json\/wp\/v2\/users\/1"}],"replies":[{"embeddable":true,"href":"http:\/\/nossacasa.net\/nossosriachos\/rios\/wp-json\/wp\/v2\/comments?post=3275"}],"version-history":[{"count":6,"href":"http:\/\/nossacasa.net\/nossosriachos\/rios\/wp-json\/wp\/v2\/pages\/3275\/revisions"}],"predecessor-version":[{"id":3286,"href":"http:\/\/nossacasa.net\/nossosriachos\/rios\/wp-json\/wp\/v2\/pages\/3275\/revisions\/3286"}],"wp:featuredmedia":[{"embeddable":true,"href":"http:\/\/nossacasa.net\/nossosriachos\/rios\/wp-json\/wp\/v2\/media\/3304"}],"wp:attachment":[{"href":"http:\/\/nossacasa.net\/nossosriachos\/rios\/wp-json\/wp\/v2\/media?parent=3275"}],"curies":[{"name":"wp","href":"https:\/\/api.w.org\/{rel}","templated":true}]}}