{"id":3598,"date":"2021-09-20T16:39:59","date_gmt":"2021-09-20T19:39:59","guid":{"rendered":"http:\/\/nossacasa.net\/nossosriachos\/rios\/?page_id=3598"},"modified":"2021-09-20T16:39:59","modified_gmt":"2021-09-20T19:39:59","slug":"bacia-do-sao-joao","status":"publish","type":"page","link":"http:\/\/nossacasa.net\/nossosriachos\/rios\/bacia-do-sao-joao\/","title":{"rendered":"Bacia do S\u00e3o Jo\u00e3o"},"content":{"rendered":"<div style=\"text-align:justify\">\n<p><strong>Bacia do S\u00e3o Jo\u00e3o (08.28)<\/strong><br \/>\nBacia costeira formada pela bacia do rio S\u00e3o Jo\u00e3o.<br \/>\n<strong>BREVE<\/strong><br \/>\n. <\/p>\n<\/div>\n","protected":false},"excerpt":{"rendered":"<p>Bacia do S\u00e3o Jo\u00e3o (08.28) Bacia costeira formada pela bacia do rio S\u00e3o Jo\u00e3o. BREVE .<\/p>\n","protected":false},"author":1,"featured_media":157,"parent":0,"menu_order":0,"comment_status":"closed","ping_status":"closed","template":"","meta":{"footnotes":""},"class_list":["post-3598","page","type-page","status-publish","has-post-thumbnail","hentry"],"_links":{"self":[{"href":"http:\/\/nossacasa.net\/nossosriachos\/rios\/wp-json\/wp\/v2\/pages\/3598","targetHints":{"allow":["GET"]}}],"collection":[{"href":"http:\/\/nossacasa.net\/nossosriachos\/rios\/wp-json\/wp\/v2\/pages"}],"about":[{"href":"http:\/\/nossacasa.net\/nossosriachos\/rios\/wp-json\/wp\/v2\/types\/page"}],"author":[{"embeddable":true,"href":"http:\/\/nossacasa.net\/nossosriachos\/rios\/wp-json\/wp\/v2\/users\/1"}],"replies":[{"embeddable":true,"href":"http:\/\/nossacasa.net\/nossosriachos\/rios\/wp-json\/wp\/v2\/comments?post=3598"}],"version-history":[{"count":1,"href":"http:\/\/nossacasa.net\/nossosriachos\/rios\/wp-json\/wp\/v2\/pages\/3598\/revisions"}],"predecessor-version":[{"id":3599,"href":"http:\/\/nossacasa.net\/nossosriachos\/rios\/wp-json\/wp\/v2\/pages\/3598\/revisions\/3599"}],"wp:featuredmedia":[{"embeddable":true,"href":"http:\/\/nossacasa.net\/nossosriachos\/rios\/wp-json\/wp\/v2\/media\/157"}],"wp:attachment":[{"href":"http:\/\/nossacasa.net\/nossosriachos\/rios\/wp-json\/wp\/v2\/media?parent=3598"}],"curies":[{"name":"wp","href":"https:\/\/api.w.org\/{rel}","templated":true}]}}