{"id":4358,"date":"2022-12-06T15:14:39","date_gmt":"2022-12-06T18:14:39","guid":{"rendered":"http:\/\/nossacasa.net\/nossosriachos\/rios\/?page_id=4358"},"modified":"2022-12-07T09:51:09","modified_gmt":"2022-12-07T12:51:09","slug":"corrego-da-vila-velha","status":"publish","type":"page","link":"http:\/\/nossacasa.net\/nossosriachos\/rios\/corrego-da-vila-velha\/","title":{"rendered":"C\u00f3rrego da Vila Velha"},"content":{"rendered":"<div style=\"text-align: justify;\">\nO <strong>C\u00f3rrego da Vila Velha<\/strong> tem 0,9 km de comprimento.(fig.1).<\/p>\n<div id=\"attachment_4367\" style=\"width: 708px\" class=\"wp-caption aligncenter\"><img loading=\"lazy\" decoding=\"async\" aria-describedby=\"caption-attachment-4367\" src=\"http:\/\/nossacasa.net\/nossosriachos\/rios\/wp-content\/uploads\/sites\/8\/2022\/12\/Figura-1-mapa-do-corrego-da-Vila-Velha.jpg\" alt=\"\" width=\"698\" height=\"616\" class=\"size-full wp-image-4367\" srcset=\"http:\/\/nossacasa.net\/nossosriachos\/rios\/wp-content\/uploads\/sites\/8\/2022\/12\/Figura-1-mapa-do-corrego-da-Vila-Velha.jpg 698w, http:\/\/nossacasa.net\/nossosriachos\/rios\/wp-content\/uploads\/sites\/8\/2022\/12\/Figura-1-mapa-do-corrego-da-Vila-Velha-300x265.jpg 300w, http:\/\/nossacasa.net\/nossosriachos\/rios\/wp-content\/uploads\/sites\/8\/2022\/12\/Figura-1-mapa-do-corrego-da-Vila-Velha-340x300.jpg 340w\" sizes=\"auto, (max-width: 698px) 100vw, 698px\" \/><p id=\"caption-attachment-4367\" class=\"wp-caption-text\">Figura 1 &#8211; mapa do c\u00f3rrego da Vila Velha<\/p><\/div>\n<div id=\"attachment_4368\" style=\"width: 2570px\" class=\"wp-caption aligncenter\"><img loading=\"lazy\" decoding=\"async\" aria-describedby=\"caption-attachment-4368\" src=\"http:\/\/nossacasa.net\/nossosriachos\/rios\/wp-content\/uploads\/sites\/8\/2022\/12\/Foto-1-cruzamento-com-a-estrada-do-contorno-scaled.jpg\" alt=\"\" width=\"2560\" height=\"1714\" class=\"size-full wp-image-4368\" srcset=\"http:\/\/nossacasa.net\/nossosriachos\/rios\/wp-content\/uploads\/sites\/8\/2022\/12\/Foto-1-cruzamento-com-a-estrada-do-contorno-scaled.jpg 2560w, http:\/\/nossacasa.net\/nossosriachos\/rios\/wp-content\/uploads\/sites\/8\/2022\/12\/Foto-1-cruzamento-com-a-estrada-do-contorno-300x201.jpg 300w, http:\/\/nossacasa.net\/nossosriachos\/rios\/wp-content\/uploads\/sites\/8\/2022\/12\/Foto-1-cruzamento-com-a-estrada-do-contorno-1024x685.jpg 1024w, http:\/\/nossacasa.net\/nossosriachos\/rios\/wp-content\/uploads\/sites\/8\/2022\/12\/Foto-1-cruzamento-com-a-estrada-do-contorno-768x514.jpg 768w, http:\/\/nossacasa.net\/nossosriachos\/rios\/wp-content\/uploads\/sites\/8\/2022\/12\/Foto-1-cruzamento-com-a-estrada-do-contorno-1536x1028.jpg 1536w, http:\/\/nossacasa.net\/nossosriachos\/rios\/wp-content\/uploads\/sites\/8\/2022\/12\/Foto-1-cruzamento-com-a-estrada-do-contorno-2048x1371.jpg 2048w, http:\/\/nossacasa.net\/nossosriachos\/rios\/wp-content\/uploads\/sites\/8\/2022\/12\/Foto-1-cruzamento-com-a-estrada-do-contorno-448x300.jpg 448w\" sizes=\"auto, (max-width: 2560px) 100vw, 2560px\" \/><p id=\"caption-attachment-4368\" class=\"wp-caption-text\">Foto 1 &#8211; cruzamento com a estrada do contorno<\/p><\/div>\n<p>V\u00eddeo no cruzamento do c\u00f3rrego da Vila Velha com a Estrada do Contorno<br \/>\n<figure class=\"wp-block-embed wp-block-embed-youtube is-type-video is-provider-youtube epyt-figure\"><div class=\"wp-block-embed__wrapper\"><iframe loading=\"lazy\"  id=\"_ytid_48363\"  width=\"584\" height=\"329\"  data-origwidth=\"584\" data-origheight=\"329\" src=\"https:\/\/www.youtube.com\/embed\/nfRhg5mPoAk?enablejsapi=1&autoplay=0&cc_load_policy=0&cc_lang_pref=&iv_load_policy=1&loop=0&rel=1&fs=1&playsinline=0&autohide=2&theme=dark&color=red&controls=1&disablekb=0&\" class=\"__youtube_prefs__  no-lazyload\" title=\"YouTube player\"  allow=\"fullscreen; accelerometer; autoplay; clipboard-write; encrypted-media; gyroscope; picture-in-picture; web-share\" referrerpolicy=\"strict-origin-when-cross-origin\" allowfullscreen data-no-lazy=\"1\" data-skipgform_ajax_framebjll=\"\"><\/iframe><\/div><\/figure><\/p>\n<\/div>\n","protected":false},"excerpt":{"rendered":"<p>O C\u00f3rrego da Vila Velha tem 0,9 km de comprimento.(fig.1). V\u00eddeo no cruzamento do c\u00f3rrego da Vila Velha com a Estrada do Contorno<\/p>\n","protected":false},"author":1,"featured_media":3691,"parent":0,"menu_order":0,"comment_status":"closed","ping_status":"closed","template":"","meta":{"footnotes":""},"class_list":["post-4358","page","type-page","status-publish","has-post-thumbnail","hentry"],"_links":{"self":[{"href":"http:\/\/nossacasa.net\/nossosriachos\/rios\/wp-json\/wp\/v2\/pages\/4358","targetHints":{"allow":["GET"]}}],"collection":[{"href":"http:\/\/nossacasa.net\/nossosriachos\/rios\/wp-json\/wp\/v2\/pages"}],"about":[{"href":"http:\/\/nossacasa.net\/nossosriachos\/rios\/wp-json\/wp\/v2\/types\/page"}],"author":[{"embeddable":true,"href":"http:\/\/nossacasa.net\/nossosriachos\/rios\/wp-json\/wp\/v2\/users\/1"}],"replies":[{"embeddable":true,"href":"http:\/\/nossacasa.net\/nossosriachos\/rios\/wp-json\/wp\/v2\/comments?post=4358"}],"version-history":[{"count":8,"href":"http:\/\/nossacasa.net\/nossosriachos\/rios\/wp-json\/wp\/v2\/pages\/4358\/revisions"}],"predecessor-version":[{"id":4373,"href":"http:\/\/nossacasa.net\/nossosriachos\/rios\/wp-json\/wp\/v2\/pages\/4358\/revisions\/4373"}],"wp:featuredmedia":[{"embeddable":true,"href":"http:\/\/nossacasa.net\/nossosriachos\/rios\/wp-json\/wp\/v2\/media\/3691"}],"wp:attachment":[{"href":"http:\/\/nossacasa.net\/nossosriachos\/rios\/wp-json\/wp\/v2\/media?parent=4358"}],"curies":[{"name":"wp","href":"https:\/\/api.w.org\/{rel}","templated":true}]}}