{"id":4417,"date":"2023-01-13T22:16:00","date_gmt":"2023-01-14T01:16:00","guid":{"rendered":"http:\/\/nossacasa.net\/nossosriachos\/rios\/?page_id=4417"},"modified":"2023-01-14T11:05:33","modified_gmt":"2023-01-14T14:05:33","slug":"dormitator-maculatus-2","status":"publish","type":"page","link":"http:\/\/nossacasa.net\/nossosriachos\/rios\/dormitator-maculatus-2\/","title":{"rendered":"Dormitator maculatus"},"content":{"rendered":"<div style=\"text-align: justify;\">\n<strong><em>Dormitator maculatus<\/em><\/strong> (Bloch, 1792), o Amor\u00e9 ou ti\u00e7\u00e3o de fogo.<br \/>\n<div id=\"attachment_4425\" style=\"width: 2570px\" class=\"wp-caption aligncenter\"><img loading=\"lazy\" decoding=\"async\" aria-describedby=\"caption-attachment-4425\" src=\"http:\/\/nossacasa.net\/nossosriachos\/rios\/wp-content\/uploads\/sites\/8\/2023\/01\/Dormitator-scaled.jpg\" alt=\"\" width=\"2560\" height=\"1059\" class=\"size-full wp-image-4425\" srcset=\"http:\/\/nossacasa.net\/nossosriachos\/rios\/wp-content\/uploads\/sites\/8\/2023\/01\/Dormitator-scaled.jpg 2560w, http:\/\/nossacasa.net\/nossosriachos\/rios\/wp-content\/uploads\/sites\/8\/2023\/01\/Dormitator-300x124.jpg 300w, http:\/\/nossacasa.net\/nossosriachos\/rios\/wp-content\/uploads\/sites\/8\/2023\/01\/Dormitator-1024x423.jpg 1024w, http:\/\/nossacasa.net\/nossosriachos\/rios\/wp-content\/uploads\/sites\/8\/2023\/01\/Dormitator-768x318.jpg 768w, http:\/\/nossacasa.net\/nossosriachos\/rios\/wp-content\/uploads\/sites\/8\/2023\/01\/Dormitator-1536x635.jpg 1536w, http:\/\/nossacasa.net\/nossosriachos\/rios\/wp-content\/uploads\/sites\/8\/2023\/01\/Dormitator-2048x847.jpg 2048w, http:\/\/nossacasa.net\/nossosriachos\/rios\/wp-content\/uploads\/sites\/8\/2023\/01\/Dormitator-500x207.jpg 500w\" sizes=\"auto, (max-width: 2560px) 100vw, 2560px\" \/><p id=\"caption-attachment-4425\" class=\"wp-caption-text\">Foto: Luisa Sarmento- Rio Jo\u00e3o Mendes- Itaipu- Niter\u00f3i RJ<\/p><\/div><br \/>\nVive nas \u00e1guas rasas do estu\u00e1rio dos rios e no manguezal. N\u00e3o se arrisca nas \u00e1guas abertas, pois \u00e9 s\u00f3 um peixinho, e tanto no mangue como no rio encontra abrigo e prote\u00e7\u00e3o, na vegeta\u00e7\u00e3o. Costuma ficar quieto entre as plantas. Diferente de outros peixes de sua fam\u00edlia, a dos gobi\u00eddeos, o Amor\u00e9 n\u00e3o escava buracos na lama do leito fluvial. <\/p>\n<p>Dormitator maculatus habita as \u00e1guas estuarinas limpas. Ocupa os fundos arenosos da foz, especialmente em \u00e1gua doce, ou os fundos lamosos, no manguezal. Os ambientes de vida da esp\u00e9cie est\u00e3o protegidos nos estu\u00e1rios fluviais das microbacias ao longo dos riachos da Mata Atl\u00e2ntica.<\/p>\n<p><strong>Alguns relatos de sua presen\u00e7a<\/strong>:<\/p>\n<p>Em Cumuruxatiba, no Prado, extremo sul da Bahia, onde a \u00e1gua \u00e9 limpa, cor de ch\u00e1 mate, o Amor\u00e9 era muito abundante a cerca de trinta anos tr\u00e1s. Ricardo Oliveira, ind\u00edgena Patax\u00f3 da aldeia Ka\u00ed, relata que haviam muitos, perto da boca do rio da Barrinha no centro da vila. Hoje n\u00e3o se v\u00ea mais.<br \/>\n<div id=\"attachment_4421\" style=\"width: 1144px\" class=\"wp-caption aligncenter\"><img loading=\"lazy\" decoding=\"async\" aria-describedby=\"caption-attachment-4421\" src=\"http:\/\/nossacasa.net\/nossosriachos\/rios\/wp-content\/uploads\/sites\/8\/2023\/01\/Amore_Rio-do-Peixe.jpg\" alt=\"\" width=\"1134\" height=\"850\" class=\"size-full wp-image-4421\" srcset=\"http:\/\/nossacasa.net\/nossosriachos\/rios\/wp-content\/uploads\/sites\/8\/2023\/01\/Amore_Rio-do-Peixe.jpg 1134w, http:\/\/nossacasa.net\/nossosriachos\/rios\/wp-content\/uploads\/sites\/8\/2023\/01\/Amore_Rio-do-Peixe-300x225.jpg 300w, http:\/\/nossacasa.net\/nossosriachos\/rios\/wp-content\/uploads\/sites\/8\/2023\/01\/Amore_Rio-do-Peixe-1024x768.jpg 1024w, http:\/\/nossacasa.net\/nossosriachos\/rios\/wp-content\/uploads\/sites\/8\/2023\/01\/Amore_Rio-do-Peixe-768x576.jpg 768w, http:\/\/nossacasa.net\/nossosriachos\/rios\/wp-content\/uploads\/sites\/8\/2023\/01\/Amore_Rio-do-Peixe-400x300.jpg 400w\" sizes=\"auto, (max-width: 1134px) 100vw, 1134px\" \/><p id=\"caption-attachment-4421\" class=\"wp-caption-text\">Foto: Luisa Sarmento- Rio  do Peixe Grande- Cumuruxatiba- Prado- BA<\/p><\/div><\/p>\n<p>No Esp\u00edrito Santo o Parque Estadual de Ita\u00fanas protege os ambientes de vida deste peixinho, localmente chamado de Ti\u00e7\u00e3o de Fogo. O ti\u00e7\u00e3o de fogo era muito conhecido da meninada de Ita\u00fanas, que quando passava a rede de cal\u00e3o para pegar camar\u00e3o sempre vinham eles. Na \u00e9poca o rio fazia muito mais parte da vida da crian\u00e7ada do que \u00e9 hoje. Ademais o ti\u00e7\u00e3o de fogo era utilizado como isca viva na pescaria do robalo. Com as fortes chuvas de ver\u00e3o, ele voltou a aparecer na trilha do Tamandar\u00e9, na v\u00e1rzea do rio Ita\u00fanas, onde passava o antigo leito do rio, como relata o ambientalista Rodrigo Damazio, da <a href=\"https:\/\/www.youtube.com\/channel\/UCjtbJe4WErfrRV4y0OFMG-Q\" rel=\"noopener\" target=\"_blank\">SAPI- Sociedade de amigos por Ita\u00fanas<\/a>. Ali h\u00e1 mistura de \u00e1gua doce e salgada limpa.<br \/>\n<div id=\"attachment_4424\" style=\"width: 778px\" class=\"wp-caption aligncenter\"><img loading=\"lazy\" decoding=\"async\" aria-describedby=\"caption-attachment-4424\" src=\"http:\/\/nossacasa.net\/nossosriachos\/rios\/wp-content\/uploads\/sites\/8\/2023\/01\/Dormitator-Ticao-de-fogo.jpeg\" alt=\"\" width=\"768\" height=\"1024\" class=\"size-full wp-image-4424\" srcset=\"http:\/\/nossacasa.net\/nossosriachos\/rios\/wp-content\/uploads\/sites\/8\/2023\/01\/Dormitator-Ticao-de-fogo.jpeg 768w, http:\/\/nossacasa.net\/nossosriachos\/rios\/wp-content\/uploads\/sites\/8\/2023\/01\/Dormitator-Ticao-de-fogo-225x300.jpeg 225w\" sizes=\"auto, (max-width: 768px) 100vw, 768px\" \/><p id=\"caption-attachment-4424\" class=\"wp-caption-text\">Foto: Foto: Rodrigo Damazio- Ti\u00e7\u00e3o de Fogo- Ita\u00fanas- Concei\u00e7\u00e3o da Barra- ES<\/p><\/div><\/p>\n<p>Em Niter\u00f3i no Rio de Janeiro pesquisadores e ambientalistas Luisa Sarmento e Ronaldo Pinheiro do <a href=\"http:\/\/nossacasa.net\/nossosriachos\/tiririca\/\" rel=\"noopener\" target=\"_blank\">Coletivo C\u00f3rregos da Tiririca<\/a> e Felipe Queiroz do <a href=\"https:\/\/www.amadarcy.org.br\/\" rel=\"noopener\" target=\"_blank\">Instituto Floresta Darcy Ribeiro- AmaDarcy<\/a> encontraram popula\u00e7\u00f5es de Amor\u00e9 no rio Jo\u00e3o Mendes, ao fazer o monitoramento da ictiofauna junto a ecobarreira do rio Jo\u00e3o Mendes, o principal contribuinte da Lagoa de Itaipu.<br \/>\n<div id=\"attachment_4422\" style=\"width: 910px\" class=\"wp-caption aligncenter\"><img loading=\"lazy\" decoding=\"async\" aria-describedby=\"caption-attachment-4422\" src=\"http:\/\/nossacasa.net\/nossosriachos\/rios\/wp-content\/uploads\/sites\/8\/2023\/01\/Amore_Rio-Joao-Mendes.jpeg\" alt=\"\" width=\"900\" height=\"1600\" class=\"size-full wp-image-4422\" srcset=\"http:\/\/nossacasa.net\/nossosriachos\/rios\/wp-content\/uploads\/sites\/8\/2023\/01\/Amore_Rio-Joao-Mendes.jpeg 900w, http:\/\/nossacasa.net\/nossosriachos\/rios\/wp-content\/uploads\/sites\/8\/2023\/01\/Amore_Rio-Joao-Mendes-169x300.jpeg 169w, http:\/\/nossacasa.net\/nossosriachos\/rios\/wp-content\/uploads\/sites\/8\/2023\/01\/Amore_Rio-Joao-Mendes-576x1024.jpeg 576w, http:\/\/nossacasa.net\/nossosriachos\/rios\/wp-content\/uploads\/sites\/8\/2023\/01\/Amore_Rio-Joao-Mendes-768x1365.jpeg 768w, http:\/\/nossacasa.net\/nossosriachos\/rios\/wp-content\/uploads\/sites\/8\/2023\/01\/Amore_Rio-Joao-Mendes-864x1536.jpeg 864w\" sizes=\"auto, (max-width: 900px) 100vw, 900px\" \/><p id=\"caption-attachment-4422\" class=\"wp-caption-text\">Foto: Luisa Sarmento- Ecobarreira no rio Jo\u00e3o Mendes- Itaipu- Niter\u00f3i- RJ<\/p><\/div><\/p>\n<p>Potenciais amea\u00e7as a sobreviv\u00eancia das popula\u00e7\u00f5es de Dormitator maculatus s\u00e3o a polui\u00e7\u00e3o e os defensivos agr\u00edcolas, res\u00edduos do continente carreados do rio para o mar. Pelo decl\u00ednio populacional no litoral brasileiro esta esp\u00e9cie foi categorizada como <strong>quase amea\u00e7ada<\/strong> &#8211; NT (Near threatened) na lista vermelha nacional de esp\u00e9cies amea\u00e7adas de extin\u00e7\u00e3o. <\/p>\n<figure class=\"wp-block-embed wp-block-embed-youtube is-type-video is-provider-youtube epyt-figure\"><div class=\"wp-block-embed__wrapper\"><iframe loading=\"lazy\"  id=\"_ytid_60310\"  width=\"584\" height=\"329\"  data-origwidth=\"584\" data-origheight=\"329\" src=\"https:\/\/www.youtube.com\/embed\/HQzJv70PtEU?enablejsapi=1&autoplay=0&cc_load_policy=0&cc_lang_pref=&iv_load_policy=1&loop=0&rel=1&fs=1&playsinline=0&autohide=2&theme=dark&color=red&controls=1&disablekb=0&\" class=\"__youtube_prefs__  no-lazyload\" title=\"YouTube player\"  allow=\"fullscreen; accelerometer; autoplay; clipboard-write; encrypted-media; gyroscope; picture-in-picture; web-share\" referrerpolicy=\"strict-origin-when-cross-origin\" allowfullscreen data-no-lazy=\"1\" data-skipgform_ajax_framebjll=\"\"><\/iframe><\/div><\/figure>\n<\/div>\n","protected":false},"excerpt":{"rendered":"<p>Dormitator maculatus (Bloch, 1792), o Amor\u00e9 ou ti\u00e7\u00e3o de fogo. Vive nas \u00e1guas rasas do estu\u00e1rio dos rios e no manguezal. N\u00e3o se arrisca nas \u00e1guas abertas, pois \u00e9 s\u00f3 um peixinho, e tanto no mangue como no rio encontra &hellip; <a href=\"http:\/\/nossacasa.net\/nossosriachos\/rios\/dormitator-maculatus-2\/\">Continue lendo <span class=\"meta-nav\">&rarr;<\/span><\/a><\/p>\n","protected":false},"author":1,"featured_media":9,"parent":0,"menu_order":0,"comment_status":"closed","ping_status":"open","template":"","meta":{"footnotes":""},"class_list":["post-4417","page","type-page","status-publish","has-post-thumbnail","hentry"],"_links":{"self":[{"href":"http:\/\/nossacasa.net\/nossosriachos\/rios\/wp-json\/wp\/v2\/pages\/4417","targetHints":{"allow":["GET"]}}],"collection":[{"href":"http:\/\/nossacasa.net\/nossosriachos\/rios\/wp-json\/wp\/v2\/pages"}],"about":[{"href":"http:\/\/nossacasa.net\/nossosriachos\/rios\/wp-json\/wp\/v2\/types\/page"}],"author":[{"embeddable":true,"href":"http:\/\/nossacasa.net\/nossosriachos\/rios\/wp-json\/wp\/v2\/users\/1"}],"replies":[{"embeddable":true,"href":"http:\/\/nossacasa.net\/nossosriachos\/rios\/wp-json\/wp\/v2\/comments?post=4417"}],"version-history":[{"count":8,"href":"http:\/\/nossacasa.net\/nossosriachos\/rios\/wp-json\/wp\/v2\/pages\/4417\/revisions"}],"predecessor-version":[{"id":4432,"href":"http:\/\/nossacasa.net\/nossosriachos\/rios\/wp-json\/wp\/v2\/pages\/4417\/revisions\/4432"}],"wp:featuredmedia":[{"embeddable":true,"href":"http:\/\/nossacasa.net\/nossosriachos\/rios\/wp-json\/wp\/v2\/media\/9"}],"wp:attachment":[{"href":"http:\/\/nossacasa.net\/nossosriachos\/rios\/wp-json\/wp\/v2\/media?parent=4417"}],"curies":[{"name":"wp","href":"https:\/\/api.w.org\/{rel}","templated":true}]}}