{"id":890,"date":"2019-08-29T17:10:04","date_gmt":"2019-08-29T20:10:04","guid":{"rendered":"http:\/\/nossacasa.net\/nossosriachos\/rios\/?page_id=890"},"modified":"2019-08-29T17:43:52","modified_gmt":"2019-08-29T20:43:52","slug":"callichthyidae","status":"publish","type":"page","link":"http:\/\/nossacasa.net\/nossosriachos\/rios\/callichthyidae\/","title":{"rendered":"Callichthyidae"},"content":{"rendered":"<div style=\"text-align: justify;\">\n<strong>Os Callichthyidae<\/strong> (coridoras e tamboat\u00e1s)<\/p>\n<p><img loading=\"lazy\" decoding=\"async\" src=\"http:\/\/nossacasa.net\/nossosriachos\/rios\/wp-content\/uploads\/sites\/8\/2019\/08\/Callichthyidae.png\" alt=\"\" width=\"800\" height=\"325\" class=\"aligncenter size-full wp-image-893\" srcset=\"http:\/\/nossacasa.net\/nossosriachos\/rios\/wp-content\/uploads\/sites\/8\/2019\/08\/Callichthyidae.png 800w, http:\/\/nossacasa.net\/nossosriachos\/rios\/wp-content\/uploads\/sites\/8\/2019\/08\/Callichthyidae-300x122.png 300w, http:\/\/nossacasa.net\/nossosriachos\/rios\/wp-content\/uploads\/sites\/8\/2019\/08\/Callichthyidae-768x312.png 768w, http:\/\/nossacasa.net\/nossosriachos\/rios\/wp-content\/uploads\/sites\/8\/2019\/08\/Callichthyidae-500x203.png 500w\" sizes=\"auto, (max-width: 800px) 100vw, 800px\" \/><\/p>\n<p>Algumas caracter\u00edsticas da fam\u00edlia <strong>Callichthyidae<\/strong>, s\u00e3o ilustradas na figura acima.<\/p>\n<p>Os peixes <strong>Callichthyidae<\/strong> possuem duas s\u00e9ries de placas d\u00e9rmicas revestindo o corpo, linha lateral reduzida e aus\u00eancia de dentes no premaxilar em indiv\u00edduos adultos (Reis, 2013).<br \/>\nAs coridoras s\u00e3o peixes pequenos, com tamanho inferior a 10 cent\u00edmetros, e nadam ativamente a meia \u00e1gua. Por outro lado os tamboat\u00e1s <em>Callichthys callichthys<\/em> tem o corpo achatado e vivem mais associados ao leito, sendo facilmente encontrados em ambientes de nascentes ou brejos, tolerantes a \u00e1guas pouco oxigenadas. <\/p>\n<p>Afinal, todos os peixes <strong>Callichthydae<\/strong> s\u00e3o capazes de respirar ar atmosf\u00e9rico, por possu\u00edrem a bexiga natat\u00f3ria modificada. <\/p>\n<p>Certas esp\u00e9cies, como <em>Aspidoras virgulatus<\/em>, s\u00e3o fortemente associadas a ambientes de riacho na floresta, habitando \u00e1guas claras (cor de ch\u00e1) de baixa altitude (menos de 50 metros), vegeta\u00e7\u00e3o de entorno de mata ciliar e vegeta\u00e7\u00e3o aqu\u00e1tica abundante, sobre substrato arenoso com cascalhos e lodo. <\/p>\n<p>Onde tem floresta, tem <em>Aspidoras virgulatus<\/em>. A esp\u00e9cie mais comum na regi\u00e3o, n\u00e3o t\u00e3o dependente da floresta, \u00e9 a Dorinha, <em>Corydoras nattereri<\/em>. <\/p>\n<p>Os tabuleiros da Mata Atl\u00e2ntica s\u00e3o povoados por peixes pertencentes a cinco g\u00eanero da fam\u00edlia <strong>Callichthydae<\/strong>: <em>Aspidoras<\/em>, <em>Callichthys<\/em>, <em>Corydoras<\/em>, <em>Hoplosternum<\/em> e <em>Scleromystax<\/em>. <\/p>\n<hr>\n<p><a href=\"http:\/\/nossacasa.net\/nossosriachos\/rios\/chave-de-callichthydae\">CHAVE DE CALLICHTHYIDAE<\/a>\n<\/div>\n","protected":false},"excerpt":{"rendered":"<p>Os Callichthyidae (coridoras e tamboat\u00e1s) Algumas caracter\u00edsticas da fam\u00edlia Callichthyidae, s\u00e3o ilustradas na figura acima. Os peixes Callichthyidae possuem duas s\u00e9ries de placas d\u00e9rmicas revestindo o corpo, linha lateral reduzida e aus\u00eancia de dentes no premaxilar em indiv\u00edduos adultos (Reis, &hellip; <a href=\"http:\/\/nossacasa.net\/nossosriachos\/rios\/callichthyidae\/\">Continue lendo <span class=\"meta-nav\">&rarr;<\/span><\/a><\/p>\n","protected":false},"author":1,"featured_media":0,"parent":0,"menu_order":0,"comment_status":"closed","ping_status":"closed","template":"","meta":{"footnotes":""},"class_list":["post-890","page","type-page","status-publish","hentry"],"_links":{"self":[{"href":"http:\/\/nossacasa.net\/nossosriachos\/rios\/wp-json\/wp\/v2\/pages\/890","targetHints":{"allow":["GET"]}}],"collection":[{"href":"http:\/\/nossacasa.net\/nossosriachos\/rios\/wp-json\/wp\/v2\/pages"}],"about":[{"href":"http:\/\/nossacasa.net\/nossosriachos\/rios\/wp-json\/wp\/v2\/types\/page"}],"author":[{"embeddable":true,"href":"http:\/\/nossacasa.net\/nossosriachos\/rios\/wp-json\/wp\/v2\/users\/1"}],"replies":[{"embeddable":true,"href":"http:\/\/nossacasa.net\/nossosriachos\/rios\/wp-json\/wp\/v2\/comments?post=890"}],"version-history":[{"count":3,"href":"http:\/\/nossacasa.net\/nossosriachos\/rios\/wp-json\/wp\/v2\/pages\/890\/revisions"}],"predecessor-version":[{"id":904,"href":"http:\/\/nossacasa.net\/nossosriachos\/rios\/wp-json\/wp\/v2\/pages\/890\/revisions\/904"}],"wp:attachment":[{"href":"http:\/\/nossacasa.net\/nossosriachos\/rios\/wp-json\/wp\/v2\/media?parent=890"}],"curies":[{"name":"wp","href":"https:\/\/api.w.org\/{rel}","templated":true}]}}