{"id":1406,"date":"2019-09-07T11:25:43","date_gmt":"2019-09-07T14:25:43","guid":{"rendered":"http:\/\/nossacasa.net\/nossosriachos\/rios\/?page_id=1406"},"modified":"2019-09-07T11:25:43","modified_gmt":"2019-09-07T14:25:43","slug":"ahlia","status":"publish","type":"page","link":"http:\/\/nossacasa.net\/nossosriachos\/tabuleiros\/ahlia\/","title":{"rendered":"Ahlia"},"content":{"rendered":"<div style=\"text-align: justify\">\n<h1>Os Ahlia Jordan and Davis, 1891<\/h1>\n<p><img loading=\"lazy\" decoding=\"async\" src=\"http:\/\/nossacasa.net\/nossosriachos\/rios\/wp-content\/uploads\/sites\/8\/2019\/09\/Ahlia.png\" alt=\"\" width=\"800\" height=\"305\" class=\"aligncenter size-full wp-image-1407\" srcset=\"http:\/\/nossacasa.net\/nossosriachos\/tabuleiros\/wp-content\/uploads\/sites\/13\/2019\/09\/Ahlia.png 800w, http:\/\/nossacasa.net\/nossosriachos\/tabuleiros\/wp-content\/uploads\/sites\/13\/2019\/09\/Ahlia-300x114.png 300w, http:\/\/nossacasa.net\/nossosriachos\/tabuleiros\/wp-content\/uploads\/sites\/13\/2019\/09\/Ahlia-768x293.png 768w, http:\/\/nossacasa.net\/nossosriachos\/tabuleiros\/wp-content\/uploads\/sites\/13\/2019\/09\/Ahlia-500x191.png 500w\" sizes=\"auto, (max-width: 800px) 100vw, 800px\" \/><\/p>\n<p>Algumas caracter\u00edsticas do g\u00eanero <em>Ahlia<\/em> s\u00e3o ilustradas na figura acima. <\/p>\n<p>Vivem em fundos arenosos de pouca profundidade e em \u00e1guas limpas. Ficam enterrados na areia de onde saem a noite para se alimentar. Realizam migra\u00e7\u00f5es no per\u00edodo de maturidade sexual, e nesta fase se tornam pel\u00e1gicos, ficando pr\u00f3ximos a superf\u00edcie. <\/p>\n<p>S\u00e3o peixes demersais e noturnos. Presentes em pequenos riachos, estu\u00e1rios e po\u00e7as de mar\u00e9. <\/p>\n<p>O g\u00eanero <em>Ahlia<\/em> e um dos tr\u00eas g\u00eaneros da fam\u00edlia Ophichthidae representante dos Anguilliformes nas regi\u00f5es dos tabuleiros, sendo encontrada pr\u00f3ximo a foz dos pequenos riachos que desembocam no Oceano Atl\u00e2ntico. <\/p>\n<p>Nos rios e c\u00f3rregos dos tabuleiros da Mata Atl\u00e2ntica encontramos a \u00fanica esp\u00e9cie do g\u00eanero <em>Ahlia<\/em>: <em><a href=\"http:\/\/nossacasa.net\/nossosriachos\/rios\/ahlia-egmontis\/\">Ahlia egmontis<\/a><\/em><\/p>\n<hr>\n<\/div>\n","protected":false},"excerpt":{"rendered":"<p>Os Ahlia Jordan and Davis, 1891 Algumas caracter\u00edsticas do g\u00eanero Ahlia s\u00e3o ilustradas na figura acima. Vivem em fundos arenosos de pouca profundidade e em \u00e1guas limpas. Ficam enterrados na areia de onde saem a noite para se alimentar. Realizam &hellip; <a href=\"http:\/\/nossacasa.net\/nossosriachos\/tabuleiros\/ahlia\/\">Continue lendo <span class=\"meta-nav\">&rarr;<\/span><\/a><\/p>\n","protected":false},"author":1,"featured_media":0,"parent":0,"menu_order":0,"comment_status":"closed","ping_status":"closed","template":"","meta":{"footnotes":""},"class_list":["post-1406","page","type-page","status-publish","hentry"],"_links":{"self":[{"href":"http:\/\/nossacasa.net\/nossosriachos\/tabuleiros\/wp-json\/wp\/v2\/pages\/1406","targetHints":{"allow":["GET"]}}],"collection":[{"href":"http:\/\/nossacasa.net\/nossosriachos\/tabuleiros\/wp-json\/wp\/v2\/pages"}],"about":[{"href":"http:\/\/nossacasa.net\/nossosriachos\/tabuleiros\/wp-json\/wp\/v2\/types\/page"}],"author":[{"embeddable":true,"href":"http:\/\/nossacasa.net\/nossosriachos\/tabuleiros\/wp-json\/wp\/v2\/users\/1"}],"replies":[{"embeddable":true,"href":"http:\/\/nossacasa.net\/nossosriachos\/tabuleiros\/wp-json\/wp\/v2\/comments?post=1406"}],"version-history":[{"count":0,"href":"http:\/\/nossacasa.net\/nossosriachos\/tabuleiros\/wp-json\/wp\/v2\/pages\/1406\/revisions"}],"wp:attachment":[{"href":"http:\/\/nossacasa.net\/nossosriachos\/tabuleiros\/wp-json\/wp\/v2\/media?parent=1406"}],"curies":[{"name":"wp","href":"https:\/\/api.w.org\/{rel}","templated":true}]}}