{"id":1461,"date":"2019-09-09T14:40:31","date_gmt":"2019-09-09T17:40:31","guid":{"rendered":"http:\/\/nossacasa.net\/nossosriachos\/rios\/?page_id=1461"},"modified":"2019-09-24T16:35:12","modified_gmt":"2019-09-24T19:35:12","slug":"leporinus","status":"publish","type":"page","link":"http:\/\/nossacasa.net\/nossosriachos\/tabuleiros\/leporinus\/","title":{"rendered":"Leporinus"},"content":{"rendered":"<div style=\"text-align: justify\">\n<h1>Os <em>Leporinus<\/em> Agassiz in Spix and Agassiz, 1829<\/h1>\n<p><img loading=\"lazy\" decoding=\"async\" src=\"http:\/\/nossacasa.net\/nossosriachos\/tabuleiros\/wp-content\/uploads\/sites\/8\/2019\/09\/Leporinus.png\" alt=\"\" width=\"800\" height=\"289\" class=\"aligncenter size-full wp-image-3070\" srcset=\"http:\/\/nossacasa.net\/nossosriachos\/tabuleiros\/wp-content\/uploads\/sites\/13\/2019\/09\/Leporinus.png 800w, http:\/\/nossacasa.net\/nossosriachos\/tabuleiros\/wp-content\/uploads\/sites\/13\/2019\/09\/Leporinus-300x108.png 300w, http:\/\/nossacasa.net\/nossosriachos\/tabuleiros\/wp-content\/uploads\/sites\/13\/2019\/09\/Leporinus-768x277.png 768w, http:\/\/nossacasa.net\/nossosriachos\/tabuleiros\/wp-content\/uploads\/sites\/13\/2019\/09\/Leporinus-500x181.png 500w\" sizes=\"auto, (max-width: 800px) 100vw, 800px\" \/><\/p>\n<p>Algumas caracter\u00edsticas do g\u00eanero <strong><em>Leporinus<\/em><\/strong> est\u00e3o indicadas na figura acima.<\/p>\n<p>Peixes <strong><em>Leporinus<\/em><\/strong> se diferenciam dos demais g\u00eaneros em <a href=\"http:\/\/nossacasa.net\/nossosriachos\/tabuleiross\/anostomidae\/\">Anostomidae<\/a> principalmente por conta dos dentes. <\/p>\n<p>Na premaxila h\u00e1 quatro dentes truncados, incisiviformes, de bordo cortante.<br \/>\nNo dent\u00e1rio tr\u00eas dentes incisiviformes irregulares. <\/p>\n<p>Em <strong><em>Leporinus<\/em><\/strong> a boca \u00e9 terminal (vs. voltada para baixo em <em><a href=\"http:\/\/nossacasa.net\/nossosriachos\/tabuleiros\/hypomasticus\/\">Hypomasticus<\/a><\/em>). <\/p>\n<p>O colorido do corpo com manchas ou m\u00e1culas arredondadas \u00e9 bastante semelhante entre as esp\u00e9cies na regi\u00e3o.<\/p>\n<p>S\u00e3o peixes nadadores ativos, que habitam grandes rios, em ambiente de corredeira. Ambientes de riacho servem de ber\u00e7\u00e1rio para esses peixes.<\/p>\n<p>O g\u00eanero <strong><em>Leporinus<\/em><\/strong> \u00e9 um dos t\u00eas g\u00eaneros da fam\u00edlia <a href=\"http:\/\/nossacasa.net\/nossosriachos\/tabuleiros\/anostomidae\/\">Anostomidae<\/a> representante dos <a href=\"http:\/\/nossacasa.net\/nossosriachos\/tabuleiros\/characiformes\/\">Characiformes<\/a> nas regi\u00f5es dos tabuleiros. <\/p>\n<p>Na regi\u00e3o dos tabuleiros da Mata Atl\u00e2ntica s\u00e3o encontradas duas esp\u00e9cies do g\u00eanero <strong><em>Leporinus<\/em><\/strong>:  <em><a href=\"http:\/\/nossacasa.net\/nossosriachos\/tabuleiros\/leporinus-copelandii\/\">Leporinus copelandii<\/a><\/em> e <em><a href=\"http:\/\/nossacasa.net\/nossosriachos\/tabuleiros\/leporinus-steindachneri\/\">Leporinus steindachneri<\/a><\/em><\/p>\n<hr>\n<p><strong><a href=\"http:\/\/nossacasa.net\/nossosriachos\/tabuleiros\/chave-de-leporinus\/\">CHAVE DE <em>LEPORINUS<\/em><\/a><\/strong><\/p>\n<hr>\n<\/div>\n","protected":false},"excerpt":{"rendered":"<p>Os Leporinus Agassiz in Spix and Agassiz, 1829 Algumas caracter\u00edsticas do g\u00eanero Leporinus est\u00e3o indicadas na figura acima. Peixes Leporinus se diferenciam dos demais g\u00eaneros em Anostomidae principalmente por conta dos dentes. Na premaxila h\u00e1 quatro dentes truncados, incisiviformes, de &hellip; <a href=\"http:\/\/nossacasa.net\/nossosriachos\/tabuleiros\/leporinus\/\">Continue lendo <span class=\"meta-nav\">&rarr;<\/span><\/a><\/p>\n","protected":false},"author":1,"featured_media":0,"parent":0,"menu_order":0,"comment_status":"closed","ping_status":"closed","template":"","meta":{"footnotes":""},"class_list":["post-1461","page","type-page","status-publish","hentry"],"_links":{"self":[{"href":"http:\/\/nossacasa.net\/nossosriachos\/tabuleiros\/wp-json\/wp\/v2\/pages\/1461","targetHints":{"allow":["GET"]}}],"collection":[{"href":"http:\/\/nossacasa.net\/nossosriachos\/tabuleiros\/wp-json\/wp\/v2\/pages"}],"about":[{"href":"http:\/\/nossacasa.net\/nossosriachos\/tabuleiros\/wp-json\/wp\/v2\/types\/page"}],"author":[{"embeddable":true,"href":"http:\/\/nossacasa.net\/nossosriachos\/tabuleiros\/wp-json\/wp\/v2\/users\/1"}],"replies":[{"embeddable":true,"href":"http:\/\/nossacasa.net\/nossosriachos\/tabuleiros\/wp-json\/wp\/v2\/comments?post=1461"}],"version-history":[{"count":3,"href":"http:\/\/nossacasa.net\/nossosriachos\/tabuleiros\/wp-json\/wp\/v2\/pages\/1461\/revisions"}],"predecessor-version":[{"id":4042,"href":"http:\/\/nossacasa.net\/nossosriachos\/tabuleiros\/wp-json\/wp\/v2\/pages\/1461\/revisions\/4042"}],"wp:attachment":[{"href":"http:\/\/nossacasa.net\/nossosriachos\/tabuleiros\/wp-json\/wp\/v2\/media?parent=1461"}],"curies":[{"name":"wp","href":"https:\/\/api.w.org\/{rel}","templated":true}]}}