{"id":1481,"date":"2019-09-09T16:50:49","date_gmt":"2019-09-09T19:50:49","guid":{"rendered":"http:\/\/nossacasa.net\/nossosriachos\/rios\/?page_id=1481"},"modified":"2019-09-24T15:22:26","modified_gmt":"2019-09-24T18:22:26","slug":"brycon-dulcis","status":"publish","type":"page","link":"http:\/\/nossacasa.net\/nossosriachos\/tabuleiros\/brycon-dulcis\/","title":{"rendered":"Brycon dulcis"},"content":{"rendered":"<div style=\"text-align: justify\">\n<h1><em>Brycon dulcis<\/em> Lima; Vieira, 2017<\/h1>\n<div id=\"attachment_3112\" style=\"width: 810px\" class=\"wp-caption aligncenter\"><img loading=\"lazy\" decoding=\"async\" aria-describedby=\"caption-attachment-3112\" src=\"http:\/\/nossacasa.net\/nossosriachos\/tabuleiros\/wp-content\/uploads\/sites\/8\/2019\/09\/Brycon-dulcis.png\" alt=\"\" width=\"800\" height=\"233\" class=\"size-full wp-image-3112\" srcset=\"http:\/\/nossacasa.net\/nossosriachos\/tabuleiros\/wp-content\/uploads\/sites\/13\/2019\/09\/Brycon-dulcis.png 800w, http:\/\/nossacasa.net\/nossosriachos\/tabuleiros\/wp-content\/uploads\/sites\/13\/2019\/09\/Brycon-dulcis-300x87.png 300w, http:\/\/nossacasa.net\/nossosriachos\/tabuleiros\/wp-content\/uploads\/sites\/13\/2019\/09\/Brycon-dulcis-768x224.png 768w, http:\/\/nossacasa.net\/nossosriachos\/tabuleiros\/wp-content\/uploads\/sites\/13\/2019\/09\/Brycon-dulcis-500x146.png 500w\" sizes=\"auto, (max-width: 800px) 100vw, 800px\" \/><p id=\"caption-attachment-3112\" class=\"wp-caption-text\">Foto: E. Baena (em Lima, 2017)<\/p><\/div>\n<p>Algumas caracter\u00edsticas da esp\u00e9cie <strong><em>Brycon dulcis<\/em><\/strong> est\u00e3o indicadas na figura acima.<\/p>\n<p>As esp\u00e9cies de <em><a href=\"http:\/\/nossacasa.net\/nossosriachos\/tabuleiros\/brycon\/\">Brycon<\/a><\/em> na floresta de tabuleiro se assemelham entre si por possu\u00edrem o colorido prateado com uma mancha umeral e uma mancha no ped\u00fanculo caudal.  <\/p>\n<p><strong><em>Brycon dulcis<\/em><\/strong> possui um perfil de cabe\u00e7a afilado, a semelhan\u00e7a de <em><a href=\"http:\/\/nossacasa.net\/nossosriachos\/tabuleiros\/brycon-ferox\/\">Brycon ferox<\/a><\/em> (contrastando com o perfil arredondado em <em><a href=\"http:\/\/nossacasa.net\/nossosriachos\/tabuleiros\/brycon-vermelha\/\">Brycon vermelha<\/a><\/em>).<\/p>\n<p><em>Brycon dulcis<\/em> pode ser diferenciada das demais esp\u00e9cies locais por possuir, o osso infraorbital 5 (io 5) aproximadamente t\u00e3o alto quanto largo (versus mais largo do que alto em <em><a href=\"http:\/\/nossacasa.net\/nossosriachos\/tabuleiros\/brycon-vermelha\/\">Brycon vermelha<\/a><\/em>).<\/p>\n<p><em>Brycon dulcis<\/em> e <em><a href=\"http:\/\/nossacasa.net\/nossosriachos\/tabuleiros\/brycon-ferox\/\">Brycon ferox<\/a><\/em> s\u00e3o muito semelhantes entre si. <\/p>\n<p>As duas arcadas de dentes em <em>Brycon dulcis<\/em> se encaixam uma na outra na oclus\u00e3o da boca (vs. premaxilar se projeta a frente do dent\u00e1rio em <em><a href=\"http:\/\/nossacasa.net\/nossosriachos\/tabuleiros\/brycon-ferox\/\">Brycon ferox<\/a><\/em>). <\/p>\n<p><strong><em>Brycon dulcis<\/em><\/strong> possui 22 a 27 raios na nadadeira anal (m\u00e9dia 25 raios) (Lima, 2017).<\/p>\n<p><strong><em>Brycon dulcis<\/em><\/strong> ocorre no sistema de lagos do m\u00e9dio rio Doce (MG) e tamb\u00e9m no baixo Doce (ES). <\/p>\n<p>A esp\u00e9cie <strong><em>Brycon dulcis<\/em><\/strong> \u00e9 uma das tr\u00eas esp\u00e9cies representante do g\u00eanero <a href=\"http:\/\/nossacasa.net\/nossosriachos\/tabuleiros\/brycon\/\"><em>Brycon<\/em><\/a> da fam\u00edlia <a href=\"http:\/\/nossacasa.net\/nossosriachos\/tabuleiros\/bryconidae\/\">Bryconidae<\/a> nas regi\u00f5es dos tabuleiros. <\/p>\n<hr>\n<\/div>\n","protected":false},"excerpt":{"rendered":"<p>Brycon dulcis Lima; Vieira, 2017 Algumas caracter\u00edsticas da esp\u00e9cie Brycon dulcis est\u00e3o indicadas na figura acima. As esp\u00e9cies de Brycon na floresta de tabuleiro se assemelham entre si por possu\u00edrem o colorido prateado com uma mancha umeral e uma mancha &hellip; <a href=\"http:\/\/nossacasa.net\/nossosriachos\/tabuleiros\/brycon-dulcis\/\">Continue lendo <span class=\"meta-nav\">&rarr;<\/span><\/a><\/p>\n","protected":false},"author":1,"featured_media":3112,"parent":0,"menu_order":0,"comment_status":"closed","ping_status":"closed","template":"","meta":{"footnotes":""},"class_list":["post-1481","page","type-page","status-publish","has-post-thumbnail","hentry"],"_links":{"self":[{"href":"http:\/\/nossacasa.net\/nossosriachos\/tabuleiros\/wp-json\/wp\/v2\/pages\/1481","targetHints":{"allow":["GET"]}}],"collection":[{"href":"http:\/\/nossacasa.net\/nossosriachos\/tabuleiros\/wp-json\/wp\/v2\/pages"}],"about":[{"href":"http:\/\/nossacasa.net\/nossosriachos\/tabuleiros\/wp-json\/wp\/v2\/types\/page"}],"author":[{"embeddable":true,"href":"http:\/\/nossacasa.net\/nossosriachos\/tabuleiros\/wp-json\/wp\/v2\/users\/1"}],"replies":[{"embeddable":true,"href":"http:\/\/nossacasa.net\/nossosriachos\/tabuleiros\/wp-json\/wp\/v2\/comments?post=1481"}],"version-history":[{"count":2,"href":"http:\/\/nossacasa.net\/nossosriachos\/tabuleiros\/wp-json\/wp\/v2\/pages\/1481\/revisions"}],"predecessor-version":[{"id":4011,"href":"http:\/\/nossacasa.net\/nossosriachos\/tabuleiros\/wp-json\/wp\/v2\/pages\/1481\/revisions\/4011"}],"wp:featuredmedia":[{"embeddable":true,"href":"http:\/\/nossacasa.net\/nossosriachos\/tabuleiros\/wp-json\/wp\/v2\/media\/3112"}],"wp:attachment":[{"href":"http:\/\/nossacasa.net\/nossosriachos\/tabuleiros\/wp-json\/wp\/v2\/media?parent=1481"}],"curies":[{"name":"wp","href":"https:\/\/api.w.org\/{rel}","templated":true}]}}