{"id":1534,"date":"2019-09-10T15:20:57","date_gmt":"2019-09-10T18:20:57","guid":{"rendered":"http:\/\/nossacasa.net\/nossosriachos\/rios\/?page_id=1534"},"modified":"2019-09-24T16:10:21","modified_gmt":"2019-09-24T19:10:21","slug":"hyphessobrycon-bifasciatus","status":"publish","type":"page","link":"http:\/\/nossacasa.net\/nossosriachos\/tabuleiros\/hyphessobrycon-bifasciatus\/","title":{"rendered":"Hyphessobrycon bifasciatus"},"content":{"rendered":"<div style=\"text-align: justify\">\n<h1><em>Hyphessobrycon bifasciatus<\/em> Ellis, 1911<\/h1>\n<div id=\"attachment_3140\" style=\"width: 810px\" class=\"wp-caption aligncenter\"><img loading=\"lazy\" decoding=\"async\" aria-describedby=\"caption-attachment-3140\" src=\"http:\/\/nossacasa.net\/nossosriachos\/tabuleiros\/wp-content\/uploads\/sites\/8\/2019\/09\/Hyphessobrycon-bifasciatus.png\" alt=\"\" width=\"800\" height=\"409\" class=\"size-full wp-image-3140\" srcset=\"http:\/\/nossacasa.net\/nossosriachos\/tabuleiros\/wp-content\/uploads\/sites\/13\/2019\/09\/Hyphessobrycon-bifasciatus.png 800w, http:\/\/nossacasa.net\/nossosriachos\/tabuleiros\/wp-content\/uploads\/sites\/13\/2019\/09\/Hyphessobrycon-bifasciatus-300x153.png 300w, http:\/\/nossacasa.net\/nossosriachos\/tabuleiros\/wp-content\/uploads\/sites\/13\/2019\/09\/Hyphessobrycon-bifasciatus-768x393.png 768w, http:\/\/nossacasa.net\/nossosriachos\/tabuleiros\/wp-content\/uploads\/sites\/13\/2019\/09\/Hyphessobrycon-bifasciatus-500x256.png 500w\" sizes=\"auto, (max-width: 800px) 100vw, 800px\" \/><p id=\"caption-attachment-3140\" class=\"wp-caption-text\">Foto: L.M. Sarmento-Soares.<\/p><\/div>\n<p>Algumas caracter\u00edsticas da esp\u00e9cie <strong><em>Hyphessobrycon bifasciatus<\/em><\/strong> est\u00e3o indicadas na figura acima.<\/p>\n<p>Peixes <strong><em>Hyphessobrycon bifasciatus<\/em><\/strong> mancha humeral difusa, nem sempre vis\u00edvel (vs. mancha humeral escura e n\u00edtida em <em>H. boulengeri<\/em>). N\u00e3o possuem mancha na base da cauda (vs. grande mancha arredondada em <em> H. boulengeri<\/em>). Possuem numerosos raios na ramificados na nadadeira anal, com 28 a 29 raios. A linha lateral \u00e9 incompleta com 8 escamas perfuradas na vertical a frente da nadadeira dorsal. <\/p>\n<p>A Linha mediana lateral com blocos de musculatura em formato de V, formando chevrons. <\/p>\n<p><strong><em>Hyphessobrycon bifasciatus<\/em><\/strong> apresenta dimorfismo sexual associado a cor, com nadadeiras vividamente vermelhas ou amarelas. <\/p>\n<p>Habita ambientes abertos, como nascentes com vegeta\u00e7\u00e3o emergente de taboas, brejos de \u00e1guas escuras e \u00e1cidas, alagados marginais e ainda riachos de correnteza fraca. As \u00e1guas escuras, cor de ch\u00e1 mate, protegem esses peixes de colorido v\u00edvido, amarelo ou vermelho. Apresentam dieta variada, consumindo desde mat\u00e9ria vegetal a pequenos invertebrados. <\/p>\n<p>A esp\u00e9cie <strong><em>Hyphessobrycon bifasciatus<\/em><\/strong> \u00e9 uma das duas esp\u00e9cies representante do g\u00eanero <em><a href=\"http:\/\/nossacasa.net\/nossosriachos\/tabuleiros\/hyphessobrycon\/\">Hyphessobrycon<\/a><\/em> da fam\u00edlia <a href=\"http:\/\/nossacasa.net\/nossosriachos\/tabuleiros\/characidae\/\">Characidae<\/a> nas regi\u00f5es dos tabuleiros.<\/p>\n<hr>\n<\/div>\n","protected":false},"excerpt":{"rendered":"<p>Hyphessobrycon bifasciatus Ellis, 1911 Algumas caracter\u00edsticas da esp\u00e9cie Hyphessobrycon bifasciatus est\u00e3o indicadas na figura acima. Peixes Hyphessobrycon bifasciatus mancha humeral difusa, nem sempre vis\u00edvel (vs. mancha humeral escura e n\u00edtida em H. boulengeri). N\u00e3o possuem mancha na base da cauda &hellip; <a href=\"http:\/\/nossacasa.net\/nossosriachos\/tabuleiros\/hyphessobrycon-bifasciatus\/\">Continue lendo <span class=\"meta-nav\">&rarr;<\/span><\/a><\/p>\n","protected":false},"author":1,"featured_media":3140,"parent":0,"menu_order":0,"comment_status":"closed","ping_status":"closed","template":"","meta":{"footnotes":""},"class_list":["post-1534","page","type-page","status-publish","has-post-thumbnail","hentry"],"_links":{"self":[{"href":"http:\/\/nossacasa.net\/nossosriachos\/tabuleiros\/wp-json\/wp\/v2\/pages\/1534","targetHints":{"allow":["GET"]}}],"collection":[{"href":"http:\/\/nossacasa.net\/nossosriachos\/tabuleiros\/wp-json\/wp\/v2\/pages"}],"about":[{"href":"http:\/\/nossacasa.net\/nossosriachos\/tabuleiros\/wp-json\/wp\/v2\/types\/page"}],"author":[{"embeddable":true,"href":"http:\/\/nossacasa.net\/nossosriachos\/tabuleiros\/wp-json\/wp\/v2\/users\/1"}],"replies":[{"embeddable":true,"href":"http:\/\/nossacasa.net\/nossosriachos\/tabuleiros\/wp-json\/wp\/v2\/comments?post=1534"}],"version-history":[{"count":3,"href":"http:\/\/nossacasa.net\/nossosriachos\/tabuleiros\/wp-json\/wp\/v2\/pages\/1534\/revisions"}],"predecessor-version":[{"id":4026,"href":"http:\/\/nossacasa.net\/nossosriachos\/tabuleiros\/wp-json\/wp\/v2\/pages\/1534\/revisions\/4026"}],"wp:featuredmedia":[{"embeddable":true,"href":"http:\/\/nossacasa.net\/nossosriachos\/tabuleiros\/wp-json\/wp\/v2\/media\/3140"}],"wp:attachment":[{"href":"http:\/\/nossacasa.net\/nossosriachos\/tabuleiros\/wp-json\/wp\/v2\/media?parent=1534"}],"curies":[{"name":"wp","href":"https:\/\/api.w.org\/{rel}","templated":true}]}}