{"id":1613,"date":"2019-09-10T19:47:40","date_gmt":"2019-09-10T22:47:40","guid":{"rendered":"http:\/\/nossacasa.net\/nossosriachos\/rios\/?page_id=1613"},"modified":"2019-09-24T20:16:06","modified_gmt":"2019-09-24T23:16:06","slug":"mimagoniates-microlepis","status":"publish","type":"page","link":"http:\/\/nossacasa.net\/nossosriachos\/tabuleiros\/mimagoniates-microlepis\/","title":{"rendered":"Mimagoniates microlepis"},"content":{"rendered":"<div style=\"text-align: justify\">\n<h1><em>Mimagoniates microlepis<\/em> (Steindachner, 1877)<\/h1>\n<div id=\"attachment_3149\" style=\"width: 810px\" class=\"wp-caption aligncenter\"><img loading=\"lazy\" decoding=\"async\" aria-describedby=\"caption-attachment-3149\" src=\"http:\/\/nossacasa.net\/nossosriachos\/tabuleiros\/wp-content\/uploads\/sites\/8\/2019\/09\/Mimagoniates-microlepis.png\" alt=\"\" width=\"800\" height=\"233\" class=\"size-full wp-image-3149\" srcset=\"http:\/\/nossacasa.net\/nossosriachos\/tabuleiros\/wp-content\/uploads\/sites\/13\/2019\/09\/Mimagoniates-microlepis.png 800w, http:\/\/nossacasa.net\/nossosriachos\/tabuleiros\/wp-content\/uploads\/sites\/13\/2019\/09\/Mimagoniates-microlepis-300x87.png 300w, http:\/\/nossacasa.net\/nossosriachos\/tabuleiros\/wp-content\/uploads\/sites\/13\/2019\/09\/Mimagoniates-microlepis-768x224.png 768w, http:\/\/nossacasa.net\/nossosriachos\/tabuleiros\/wp-content\/uploads\/sites\/13\/2019\/09\/Mimagoniates-microlepis-500x146.png 500w\" sizes=\"auto, (max-width: 800px) 100vw, 800px\" \/><p id=\"caption-attachment-3149\" class=\"wp-caption-text\">Foto: L.M. Sarmento-Soares<\/p><\/div>\n<p>Algumas caracter\u00edsticas da esp\u00e9cie <strong><em>Mimagoniates microlepis<\/em><\/strong> est\u00e3o indicadas na figura acima.<\/p>\n<p>Peixes <strong><em>Mimagoniates microlepis<\/em><\/strong> possuem faixa lateral larga e cont\u00ednua at\u00e9 a cauda. Corpo alongado, baixo, altura do corpo entre 20 e 22% no comprimento padr\u00e3o. Nadadeira anal com 26 a 28 raios ramificados. Diminutas escamas na linha lateral, entre 41 e 45 escamas. Ganchos nos raios caudais medianos de machos sexualmente maduros, onde a gl\u00e2ndula caudal est\u00e1 presente.<\/p>\n<p>Juvenis de <strong><em>Mimagoniates microlepis<\/em><\/strong> se confundem facilmente com os da cong\u00eanere <strong><em>Mimagoniates sylvicola<\/em><\/strong>. Em ambas esp\u00e9cies os juvenis s\u00e3o despigmentados, a faixa lateral \u00e9 esmaecida. Mas sob amplia\u00e7\u00e3o em lupa \u00e9 poss\u00edvel ver os cromat\u00f3foros formando faixa larga em <strong><em>M. microlepis<\/em><\/strong> (vs. faixa estreita com uma mancha arredondada no ped\u00fanculo caudal em <em><a href=\"http:\/\/nossacasa.net\/nossosriachos\/tabuleiros\/mimagoniates-sylvicola\/\">M. sylvicola<\/a><\/em>). <\/p>\n<p>Em vida ambas esp\u00e9cies se diferenciam facilmente. Apesar de ocorrerem no mesmo tipo de ambiente, <strong><em>Mimagoniates microlepis<\/em><\/strong> tem a cor azulada enquanto que<em> <a href=\"http:\/\/nossacasa.net\/nossosriachos\/tabuleiros\/mimagoniates-sylvicola\/\">M. sylvicola<\/a><\/em> \u00e9 predominantemente amarelada. <\/p>\n<p>Apesar de habitarem as mesmas bacias hidrogr\u00e1ficas, <strong><em>Mimagoniates microlepis<\/em><\/strong> e <em><a href=\"http:\/\/nossacasa.net\/nossosriachos\/tabuleiros\/mimagoniates-sylvicola\/\">Mimagoniates sylvicola<\/a><\/em> n\u00e3o foram encontradas coexistindo juntas.  <\/p>\n<p>Nos tabuleiros <strong><em>Mimagoniates microlepis<\/em><\/strong> ocorre associada a riachos florestados, sombreados, com \u00e1gua limpa, oxigenada. Habita riachos costeiros de \u00e1guas claras (Weitzman 2003), muito comuns em ambientes de pequena profundidade, inferior a 60 cent\u00edmetros, como nos pequenos c\u00f3rregos que entrecortam a vegeta\u00e7\u00e3o de mu\u00e7ununga. <\/p>\n<p>S\u00e3o peixes fr\u00e1geis, e precisam de ambientes \u00edntegros para sobreviver. No Esp\u00edrito Santo e sul da Bahia, press\u00f5es antr\u00f3picas (como a agricultura e a urbaniza\u00e7\u00e3o no litoral) reduziram as popula\u00e7\u00f5es desta esp\u00e9cie ao bordo das matas e nas \u00e1reas protegidas. <\/p>\n<p>A esp\u00e9cie <strong><em>Mimagoniates microlepis<\/em><\/strong> \u00e9 uma das duas representante do g\u00eanero <a href=\"http:\/\/nossacasa.net\/nossosriachos\/tabuleiros\/mimagoniates\/\">Mimagoniates<\/a> da fam\u00edlia <a href=\"http:\/\/nossacasa.net\/nossosriachos\/tabuleiros\/characidae\/\">Characidae<\/a> nas regi\u00f5es dos tabuleiros.  <\/p>\n<hr>\n<\/div>\n","protected":false},"excerpt":{"rendered":"<p>Mimagoniates microlepis (Steindachner, 1877) Algumas caracter\u00edsticas da esp\u00e9cie Mimagoniates microlepis est\u00e3o indicadas na figura acima. Peixes Mimagoniates microlepis possuem faixa lateral larga e cont\u00ednua at\u00e9 a cauda. Corpo alongado, baixo, altura do corpo entre 20 e 22% no comprimento padr\u00e3o. &hellip; <a href=\"http:\/\/nossacasa.net\/nossosriachos\/tabuleiros\/mimagoniates-microlepis\/\">Continue lendo <span class=\"meta-nav\">&rarr;<\/span><\/a><\/p>\n","protected":false},"author":1,"featured_media":3149,"parent":0,"menu_order":0,"comment_status":"closed","ping_status":"closed","template":"","meta":{"footnotes":""},"class_list":["post-1613","page","type-page","status-publish","has-post-thumbnail","hentry"],"_links":{"self":[{"href":"http:\/\/nossacasa.net\/nossosriachos\/tabuleiros\/wp-json\/wp\/v2\/pages\/1613","targetHints":{"allow":["GET"]}}],"collection":[{"href":"http:\/\/nossacasa.net\/nossosriachos\/tabuleiros\/wp-json\/wp\/v2\/pages"}],"about":[{"href":"http:\/\/nossacasa.net\/nossosriachos\/tabuleiros\/wp-json\/wp\/v2\/types\/page"}],"author":[{"embeddable":true,"href":"http:\/\/nossacasa.net\/nossosriachos\/tabuleiros\/wp-json\/wp\/v2\/users\/1"}],"replies":[{"embeddable":true,"href":"http:\/\/nossacasa.net\/nossosriachos\/tabuleiros\/wp-json\/wp\/v2\/comments?post=1613"}],"version-history":[{"count":4,"href":"http:\/\/nossacasa.net\/nossosriachos\/tabuleiros\/wp-json\/wp\/v2\/pages\/1613\/revisions"}],"predecessor-version":[{"id":4049,"href":"http:\/\/nossacasa.net\/nossosriachos\/tabuleiros\/wp-json\/wp\/v2\/pages\/1613\/revisions\/4049"}],"wp:featuredmedia":[{"embeddable":true,"href":"http:\/\/nossacasa.net\/nossosriachos\/tabuleiros\/wp-json\/wp\/v2\/media\/3149"}],"wp:attachment":[{"href":"http:\/\/nossacasa.net\/nossosriachos\/tabuleiros\/wp-json\/wp\/v2\/media?parent=1613"}],"curies":[{"name":"wp","href":"https:\/\/api.w.org\/{rel}","templated":true}]}}