{"id":1633,"date":"2019-09-10T21:09:16","date_gmt":"2019-09-11T00:09:16","guid":{"rendered":"http:\/\/nossacasa.net\/nossosriachos\/rios\/?page_id=1633"},"modified":"2019-09-25T12:23:30","modified_gmt":"2019-09-25T15:23:30","slug":"oligosarcus-acutirostris","status":"publish","type":"page","link":"http:\/\/nossacasa.net\/nossosriachos\/tabuleiros\/oligosarcus-acutirostris\/","title":{"rendered":"Oligosarcus acutirostris"},"content":{"rendered":"<div style=\"text-align: justify\">\n<h1><em>Oligosarcus acutirostris<\/em> Menezes, 1987<\/h1>\n<p><img loading=\"lazy\" decoding=\"async\" src=\"http:\/\/nossacasa.net\/nossosriachos\/tabuleiros\/wp-content\/uploads\/sites\/13\/2019\/09\/Oligosarcus-acutirostris.png\" alt=\"\" width=\"800\" height=\"261\" class=\"aligncenter size-full wp-image-4068\" srcset=\"http:\/\/nossacasa.net\/nossosriachos\/tabuleiros\/wp-content\/uploads\/sites\/13\/2019\/09\/Oligosarcus-acutirostris.png 800w, http:\/\/nossacasa.net\/nossosriachos\/tabuleiros\/wp-content\/uploads\/sites\/13\/2019\/09\/Oligosarcus-acutirostris-300x98.png 300w, http:\/\/nossacasa.net\/nossosriachos\/tabuleiros\/wp-content\/uploads\/sites\/13\/2019\/09\/Oligosarcus-acutirostris-768x251.png 768w, http:\/\/nossacasa.net\/nossosriachos\/tabuleiros\/wp-content\/uploads\/sites\/13\/2019\/09\/Oligosarcus-acutirostris-500x163.png 500w\" sizes=\"auto, (max-width: 800px) 100vw, 800px\" \/><\/p>\n<p>Algumas caracter\u00edsticas da esp\u00e9cie <strong><em>Oligosarcus acutirostris<\/em><\/strong> est\u00e3o indicadas na figura acima.<\/p>\n<p>Possuem a nadadeira anal com 25 a 30 raios ramificados. Osso maxilar muito denteado, mais de 20 dentes c\u00f4nicos. Possuem 10 a 11 escamas acima da linha lateral e 20 a 22 escamas circum-pedunculares. <\/p>\n<p>S\u00e3o peixes predadores, de corpo falcado e cabe\u00e7a afilada. Ambientes de riacho lhes servem de ber\u00e7\u00e1rio, onde os indiv\u00edduos juvenis se abrigam e ali crescem.<\/p>\n<p>Habitam o norte do rio Doce, no Esp\u00edrito Santo at\u00e9 o extremo sul da Bahia, com registros at\u00e9 o rio Almada. <\/p>\n<p>A esp\u00e9cie <strong><em>Oligosarcus acutirostris<\/em><\/strong> \u00e9 a \u00fanica representante do g\u00eanero <a href=\"http:\/\/nossacasa.net\/nossosriachos\/rios\/oligosarcus\/\">Oligosarcus<\/a> da fam\u00edlia <a href=\"http:\/\/nossacasa.net\/nossosriachos\/rios\/characidae\/\">Characidae<\/a> nas regi\u00f5es dos tabuleiros.  <\/p>\n<hr>\n<\/div>\n","protected":false},"excerpt":{"rendered":"<p>Oligosarcus acutirostris Menezes, 1987 Algumas caracter\u00edsticas da esp\u00e9cie Oligosarcus acutirostris est\u00e3o indicadas na figura acima. Possuem a nadadeira anal com 25 a 30 raios ramificados. Osso maxilar muito denteado, mais de 20 dentes c\u00f4nicos. Possuem 10 a 11 escamas acima &hellip; <a href=\"http:\/\/nossacasa.net\/nossosriachos\/tabuleiros\/oligosarcus-acutirostris\/\">Continue lendo <span class=\"meta-nav\">&rarr;<\/span><\/a><\/p>\n","protected":false},"author":1,"featured_media":4068,"parent":0,"menu_order":0,"comment_status":"closed","ping_status":"closed","template":"","meta":{"footnotes":""},"class_list":["post-1633","page","type-page","status-publish","has-post-thumbnail","hentry"],"_links":{"self":[{"href":"http:\/\/nossacasa.net\/nossosriachos\/tabuleiros\/wp-json\/wp\/v2\/pages\/1633","targetHints":{"allow":["GET"]}}],"collection":[{"href":"http:\/\/nossacasa.net\/nossosriachos\/tabuleiros\/wp-json\/wp\/v2\/pages"}],"about":[{"href":"http:\/\/nossacasa.net\/nossosriachos\/tabuleiros\/wp-json\/wp\/v2\/types\/page"}],"author":[{"embeddable":true,"href":"http:\/\/nossacasa.net\/nossosriachos\/tabuleiros\/wp-json\/wp\/v2\/users\/1"}],"replies":[{"embeddable":true,"href":"http:\/\/nossacasa.net\/nossosriachos\/tabuleiros\/wp-json\/wp\/v2\/comments?post=1633"}],"version-history":[{"count":3,"href":"http:\/\/nossacasa.net\/nossosriachos\/tabuleiros\/wp-json\/wp\/v2\/pages\/1633\/revisions"}],"predecessor-version":[{"id":4071,"href":"http:\/\/nossacasa.net\/nossosriachos\/tabuleiros\/wp-json\/wp\/v2\/pages\/1633\/revisions\/4071"}],"wp:featuredmedia":[{"embeddable":true,"href":"http:\/\/nossacasa.net\/nossosriachos\/tabuleiros\/wp-json\/wp\/v2\/media\/4068"}],"wp:attachment":[{"href":"http:\/\/nossacasa.net\/nossosriachos\/tabuleiros\/wp-json\/wp\/v2\/media?parent=1633"}],"curies":[{"name":"wp","href":"https:\/\/api.w.org\/{rel}","templated":true}]}}