{"id":1657,"date":"2019-09-11T19:44:49","date_gmt":"2019-09-11T22:44:49","guid":{"rendered":"http:\/\/nossacasa.net\/nossosriachos\/rios\/?page_id=1657"},"modified":"2019-09-25T15:14:56","modified_gmt":"2019-09-25T18:14:56","slug":"serrapinnus-heterodon","status":"publish","type":"page","link":"http:\/\/nossacasa.net\/nossosriachos\/tabuleiros\/serrapinnus-heterodon\/","title":{"rendered":"Serrapinnus heterodon"},"content":{"rendered":"<div style=\"text-align: justify\">\n<h1><em>Serrapinnus heterodon<\/em> (Eigenmann, 1915)<\/h1>\n<p><img loading=\"lazy\" decoding=\"async\" src=\"http:\/\/nossacasa.net\/nossosriachos\/tabuleiros\/wp-content\/uploads\/sites\/13\/2019\/09\/Serrapinnus-heterodon.png\" alt=\"\" width=\"800\" height=\"277\" class=\"aligncenter size-full wp-image-4082\" srcset=\"http:\/\/nossacasa.net\/nossosriachos\/tabuleiros\/wp-content\/uploads\/sites\/13\/2019\/09\/Serrapinnus-heterodon.png 800w, http:\/\/nossacasa.net\/nossosriachos\/tabuleiros\/wp-content\/uploads\/sites\/13\/2019\/09\/Serrapinnus-heterodon-300x104.png 300w, http:\/\/nossacasa.net\/nossosriachos\/tabuleiros\/wp-content\/uploads\/sites\/13\/2019\/09\/Serrapinnus-heterodon-768x266.png 768w, http:\/\/nossacasa.net\/nossosriachos\/tabuleiros\/wp-content\/uploads\/sites\/13\/2019\/09\/Serrapinnus-heterodon-500x173.png 500w\" sizes=\"auto, (max-width: 800px) 100vw, 800px\" \/><\/p>\n<p>Algumas caracter\u00edsticas da esp\u00e9cie <strong><em>Serrapinnus heterodon<\/em><\/strong> est\u00e3o indicadas na figura acima.<\/p>\n<p>Possuem a linha lateral completa, e uma mancha na base do ped\u00fanculo caudal. Fileira \u00fanica de dentes no premaxilar. Dentes pequenos e pedunculados, de dif\u00edcil visualiza\u00e7\u00e3o. Sem ganchos nos raios caudais ou milha no bordo da cauda. <\/p>\n<p>S\u00e3o peixes pequenos, de tamanho inferior a 35 mil\u00edmetros. Facilmente distinguido dos demais <a href=\"http:\/\/nossacasa.net\/nossosriachos\/tabuleiros\/characidae\/\">Characidae <\/a>na regi\u00e3o pelo pseudot\u00edmpano triangular.<\/p>\n<p>Habita ambientes lacustres, l\u00eanticos, ou riachos de correnteza fraca. Se abriga sob a vegeta\u00e7\u00e3o aqu\u00e1tica onde se alimenta de variados itens como insetos, algas, mat\u00e9ria vegetal e microcrust\u00e1ceos (Gol\u00e7alves et al. 2011).<\/p>\n<p>S\u00e3o peixes comuns no rio S\u00e3o Francisco e nos rios do nordeste, ao norte do Rio Jequitinhonha. No Esp\u00edrito Santo <strong><em>Serrapinnus heterodon<\/em><\/strong> foram localizados no rio Barra Seca e em dois lagos isolados do baixo Rio Doce. <\/p>\n<p>N\u00e3o h\u00e1 registros desta esp\u00e9cie para o extremo sul da Bahia, entre os rios Mucuri e Santo Ant\u00f4nio.<\/p>\n<p>A esp\u00e9cie <strong><em>Serrapinnus heterodon<\/em><\/strong> \u00e9 uma das duas representante do g\u00eanero <a href=\"http:\/\/nossacasa.net\/nossosriachos\/tabuleiros\/serrapinnus\/\">Serrapinnus<\/a> da fam\u00edlia <a href=\"http:\/\/nossacasa.net\/nossosriachos\/tabuleiros\/characidae\/\">Characidae<\/a> nas regi\u00f5es dos tabuleiros.  <\/p>\n<hr>\n<\/div>\n","protected":false},"excerpt":{"rendered":"<p>Serrapinnus heterodon (Eigenmann, 1915) Algumas caracter\u00edsticas da esp\u00e9cie Serrapinnus heterodon est\u00e3o indicadas na figura acima. Possuem a linha lateral completa, e uma mancha na base do ped\u00fanculo caudal. Fileira \u00fanica de dentes no premaxilar. Dentes pequenos e pedunculados, de dif\u00edcil &hellip; <a href=\"http:\/\/nossacasa.net\/nossosriachos\/tabuleiros\/serrapinnus-heterodon\/\">Continue lendo <span class=\"meta-nav\">&rarr;<\/span><\/a><\/p>\n","protected":false},"author":1,"featured_media":4082,"parent":0,"menu_order":0,"comment_status":"closed","ping_status":"closed","template":"","meta":{"footnotes":""},"class_list":["post-1657","page","type-page","status-publish","has-post-thumbnail","hentry"],"_links":{"self":[{"href":"http:\/\/nossacasa.net\/nossosriachos\/tabuleiros\/wp-json\/wp\/v2\/pages\/1657","targetHints":{"allow":["GET"]}}],"collection":[{"href":"http:\/\/nossacasa.net\/nossosriachos\/tabuleiros\/wp-json\/wp\/v2\/pages"}],"about":[{"href":"http:\/\/nossacasa.net\/nossosriachos\/tabuleiros\/wp-json\/wp\/v2\/types\/page"}],"author":[{"embeddable":true,"href":"http:\/\/nossacasa.net\/nossosriachos\/tabuleiros\/wp-json\/wp\/v2\/users\/1"}],"replies":[{"embeddable":true,"href":"http:\/\/nossacasa.net\/nossosriachos\/tabuleiros\/wp-json\/wp\/v2\/comments?post=1657"}],"version-history":[{"count":2,"href":"http:\/\/nossacasa.net\/nossosriachos\/tabuleiros\/wp-json\/wp\/v2\/pages\/1657\/revisions"}],"predecessor-version":[{"id":4085,"href":"http:\/\/nossacasa.net\/nossosriachos\/tabuleiros\/wp-json\/wp\/v2\/pages\/1657\/revisions\/4085"}],"wp:featuredmedia":[{"embeddable":true,"href":"http:\/\/nossacasa.net\/nossosriachos\/tabuleiros\/wp-json\/wp\/v2\/media\/4082"}],"wp:attachment":[{"href":"http:\/\/nossacasa.net\/nossosriachos\/tabuleiros\/wp-json\/wp\/v2\/media?parent=1657"}],"curies":[{"name":"wp","href":"https:\/\/api.w.org\/{rel}","templated":true}]}}