{"id":1787,"date":"2019-09-12T14:47:49","date_gmt":"2019-09-12T17:47:49","guid":{"rendered":"http:\/\/nossacasa.net\/nossosriachos\/rios\/?page_id=1787"},"modified":"2019-10-03T13:33:58","modified_gmt":"2019-10-03T16:33:58","slug":"pseudauchenipterus","status":"publish","type":"page","link":"http:\/\/nossacasa.net\/nossosriachos\/tabuleiros\/pseudauchenipterus\/","title":{"rendered":"Pseudauchenipterus"},"content":{"rendered":"<div style=\"text-align: justify\">\n<h1>Os <em>Pseudauchenipterus<\/em> Bleeker, 1862<\/h1>\n<p><img loading=\"lazy\" decoding=\"async\" src=\"http:\/\/nossacasa.net\/nossosriachos\/tabuleiros\/wp-content\/uploads\/sites\/13\/2019\/10\/Pseudauchenipterus.png\" alt=\"\" width=\"800\" height=\"266\" class=\"aligncenter size-full wp-image-4270\" srcset=\"http:\/\/nossacasa.net\/nossosriachos\/tabuleiros\/wp-content\/uploads\/sites\/13\/2019\/10\/Pseudauchenipterus.png 800w, http:\/\/nossacasa.net\/nossosriachos\/tabuleiros\/wp-content\/uploads\/sites\/13\/2019\/10\/Pseudauchenipterus-300x100.png 300w, http:\/\/nossacasa.net\/nossosriachos\/tabuleiros\/wp-content\/uploads\/sites\/13\/2019\/10\/Pseudauchenipterus-768x255.png 768w, http:\/\/nossacasa.net\/nossosriachos\/tabuleiros\/wp-content\/uploads\/sites\/13\/2019\/10\/Pseudauchenipterus-500x166.png 500w\" sizes=\"auto, (max-width: 800px) 100vw, 800px\" \/><\/p>\n<p>Algumas caracter\u00edsticas do g\u00eanero <strong><em>Pseudauchenipterus<\/em><\/strong> est\u00e3o indicadas na figura acima.<\/p>\n<p>Inclui peixes de m\u00e9dio porte, alcan\u00e7ando at\u00e9 90 cm de comprimento padr\u00e3o. Possuem o corpo prateado, com dorso cinza azulado, e nadadeiras amareladas. <\/p>\n<p>S\u00e3o identificados pelo processo humeral curto, n\u00e3o alcan\u00e7a vertical da origem da dorsal. Nadadeira anal longa, com 17-25 raios. Nadadeira p\u00e9lvica com 7 raios ramificados. Espinho da nadadeira peitoral serrilhado apenas no bordo posterior.  Papilas d\u00e9rmicas na regi\u00e3o humeral. Nadadeira caudal bifurcada. <\/p>\n<p>S\u00e3o os \u00fanicos bagres<a href=\"http:\/\/nossacasa.net\/nossosriachos\/tabuleiros\/auchenipteridae\/\"> Auchenipteridae<\/a> com toler\u00e2ncia a altas taxas de salinidade.<\/p>\n<p>Se distinguem dos <em><a href=\"http:\/\/nossacasa.net\/nossosriachos\/tabuleiros\/glanidium\/\">Glanidium<\/a><\/em> pela posi\u00e7\u00e3o da papila urogenital de machos sexualmente maduros emergindo a partir de tubo, que acompanha os raios anais anteriores com abertura na extremidade distal da nadadeira (versus papila na base da nadadeira em <em><a href=\"http:\/\/nossacasa.net\/nossosriachos\/tabuleiros\/glanidium\/\">Glanidium<\/a><\/em>). <\/p>\n<p>O g\u00eanero <strong><em>Pseudauchenipterus<\/em><\/strong> \u00e9 um dos tr\u00eas g\u00eaneros da fam\u00edlia <a href=\"http:\/\/nossacasa.net\/nossosriachos\/tabuleiros\/auchenipteridae\/\">Auchenipteridae<\/a> representante dos representante dos <a href=\"http:\/\/nossacasa.net\/nossosriachos\/tabuleiros\/siluriformes\/\">Siluriformes<\/a> nas regi\u00f5es dos tabuleiros. <\/p>\n<p>Na regi\u00e3o dos tabuleiros da Mata Atl\u00e2ntica encontramos uma \u00fanica esp\u00e9cie do g\u00eanero <strong><em>Pseudauchenipterus<\/em><\/strong>: <em><a href=\"http:\/\/nossacasa.net\/nossosriachos\/tabuleiros\/pseudauchenipterus-affinis\/\">Pseudauchenipterus affinis<\/a><\/em>.<\/p>\n<hr>\n<\/div>\n","protected":false},"excerpt":{"rendered":"<p>Os Pseudauchenipterus Bleeker, 1862 Algumas caracter\u00edsticas do g\u00eanero Pseudauchenipterus est\u00e3o indicadas na figura acima. Inclui peixes de m\u00e9dio porte, alcan\u00e7ando at\u00e9 90 cm de comprimento padr\u00e3o. Possuem o corpo prateado, com dorso cinza azulado, e nadadeiras amareladas. S\u00e3o identificados pelo &hellip; <a href=\"http:\/\/nossacasa.net\/nossosriachos\/tabuleiros\/pseudauchenipterus\/\">Continue lendo <span class=\"meta-nav\">&rarr;<\/span><\/a><\/p>\n","protected":false},"author":1,"featured_media":0,"parent":0,"menu_order":0,"comment_status":"closed","ping_status":"closed","template":"","meta":{"footnotes":""},"class_list":["post-1787","page","type-page","status-publish","hentry"],"_links":{"self":[{"href":"http:\/\/nossacasa.net\/nossosriachos\/tabuleiros\/wp-json\/wp\/v2\/pages\/1787","targetHints":{"allow":["GET"]}}],"collection":[{"href":"http:\/\/nossacasa.net\/nossosriachos\/tabuleiros\/wp-json\/wp\/v2\/pages"}],"about":[{"href":"http:\/\/nossacasa.net\/nossosriachos\/tabuleiros\/wp-json\/wp\/v2\/types\/page"}],"author":[{"embeddable":true,"href":"http:\/\/nossacasa.net\/nossosriachos\/tabuleiros\/wp-json\/wp\/v2\/users\/1"}],"replies":[{"embeddable":true,"href":"http:\/\/nossacasa.net\/nossosriachos\/tabuleiros\/wp-json\/wp\/v2\/comments?post=1787"}],"version-history":[{"count":3,"href":"http:\/\/nossacasa.net\/nossosriachos\/tabuleiros\/wp-json\/wp\/v2\/pages\/1787\/revisions"}],"predecessor-version":[{"id":4272,"href":"http:\/\/nossacasa.net\/nossosriachos\/tabuleiros\/wp-json\/wp\/v2\/pages\/1787\/revisions\/4272"}],"wp:attachment":[{"href":"http:\/\/nossacasa.net\/nossosriachos\/tabuleiros\/wp-json\/wp\/v2\/media?parent=1787"}],"curies":[{"name":"wp","href":"https:\/\/api.w.org\/{rel}","templated":true}]}}