{"id":1822,"date":"2019-09-12T15:58:38","date_gmt":"2019-09-12T18:58:38","guid":{"rendered":"http:\/\/nossacasa.net\/nossosriachos\/rios\/?page_id=1822"},"modified":"2019-10-09T17:04:10","modified_gmt":"2019-10-09T20:04:10","slug":"hoplosternum-littorale","status":"publish","type":"page","link":"http:\/\/nossacasa.net\/nossosriachos\/tabuleiros\/hoplosternum-littorale\/","title":{"rendered":"Hoplosternum littorale"},"content":{"rendered":"<div style=\"text-align: justify\">\n<h1><em>Hoplosternum littorale<\/em> (Hancock, 1828)<\/h1>\n<p><img loading=\"lazy\" decoding=\"async\" src=\"http:\/\/nossacasa.net\/nossosriachos\/tabuleiros\/wp-content\/uploads\/sites\/13\/2019\/10\/Hoplosternum-littorale.png\" alt=\"\" width=\"800\" height=\"274\" class=\"aligncenter size-full wp-image-4309\" srcset=\"http:\/\/nossacasa.net\/nossosriachos\/tabuleiros\/wp-content\/uploads\/sites\/13\/2019\/10\/Hoplosternum-littorale.png 800w, http:\/\/nossacasa.net\/nossosriachos\/tabuleiros\/wp-content\/uploads\/sites\/13\/2019\/10\/Hoplosternum-littorale-300x103.png 300w, http:\/\/nossacasa.net\/nossosriachos\/tabuleiros\/wp-content\/uploads\/sites\/13\/2019\/10\/Hoplosternum-littorale-768x263.png 768w, http:\/\/nossacasa.net\/nossosriachos\/tabuleiros\/wp-content\/uploads\/sites\/13\/2019\/10\/Hoplosternum-littorale-500x171.png 500w\" sizes=\"auto, (max-width: 800px) 100vw, 800px\" \/><\/p>\n<p>Algumas caracter\u00edsticas da esp\u00e9cie <strong><em>Hoplosternum littorale<\/em><\/strong> est\u00e3o indicadas na figura acima.<\/p>\n<p>S\u00e3o peixes de corpo lateralmente comprimido, com cabe\u00e7a relativamente alta, correspondendo a aproximadamente 75% da largura entre os espinhos das nadadeiras peitorais. Boca pequena, erminal, projetada para frente, com um par de barbilh\u00f5es no canto do l\u00e1bio. Cintura peitoral com ossos corac\u00f3ides ventralmente expostos. Nadadeira caudal bifurcada e ped\u00fanculo caudal deprimido. <\/p>\n<p>S\u00e3o capazes de se deslocar de um ambiente para outro, usando suas nadadeiras peitorais para mover-se como fazem os peixes <a href=\"http:\/\/nossacasa.net\/nossosriachos\/tabuleiros\/callichthys-callichthys\/\"><em>Callichthys callichthys<\/em><\/a>, da mesma fam\u00edlia.<\/p>\n<p>Tamb\u00e9m vivem em locais inund\u00e1veis e pantanosos, um bi\u00f3topo tamb\u00e9m ocupado por  <a href=\"http:\/\/nossacasa.net\/nossosriachos\/tabuleiros\/callichthys-callichthys\/\"><em>Callichthys callichthys<\/em><\/a>.<\/p>\n<p>\u00c9 poss\u00edvel que o caborja <strong><em>H. littorale<\/em><\/strong> tenha sido introduzido em bacias costeiras do Esp\u00edrito Santo. Esta possibilidade \u00e9 sugerida, pois n\u00e3o h\u00e1 amostragens antigas, datadas de mais de 40 anos. Existe a possibilidade de dispers\u00e3o pelas drenagens costeiras capixabas, a partir dos estoques do rio S\u00e3o Francisco. \u00c9 uma possibilidade que precisa ser averiguada com maior detalhe. <\/p>\n<p>Na regi\u00e3o central do Esp\u00edrito Santo popula\u00e7\u00f5es de <strong><em>H. littorale<\/em><\/strong> mostram-se adaptadas \u00e0s condi\u00e7\u00f5es diversas dos rios que comp\u00f5e a bacia local, especialmente nos que sofrem com grande eutrofiza\u00e7\u00e3o humana (Caldeira et al 2007). <\/p>\n<p>Apresenta h\u00e1bitos alimentares predominantemente invert\u00edvoros, consumindo crust\u00e1ceos, insetos e ainda fragmentos vegetais. Se ocultam durante o dia na vegeta\u00e7\u00e3o paludosa, entrando em atividade no hor\u00e1rio noturno. \u00c9 poss\u00edvel que se trate de um complexo de esp\u00e9cies, mas \u00e9 aqui considerada como uma entidade espec\u00edfica \u00fanica, com ampla distribui\u00e7\u00e3o pelos rios sul americanos. <\/p>\n<p>A esp\u00e9cie <strong><em>Hoplosternum littorale<\/em><\/strong> \u00e9 a \u00fanica representante do g\u00eanero <em><a href=\"http:\/\/nossacasa.net\/nossosriachos\/tabuleiros\/hoplosternum\/\">Hoplosternum<\/a><\/em> da fam\u00edlia <a href=\"http:\/\/nossacasa.net\/nossosriachos\/tabuleiros\/callichthyidae\/\">Callichthyidae<\/a> nas regi\u00f5es dos tabuleiros.<\/p>\n<hr \/>\n<\/div>\n<p>. <\/p>\n","protected":false},"excerpt":{"rendered":"<p>Hoplosternum littorale (Hancock, 1828) Algumas caracter\u00edsticas da esp\u00e9cie Hoplosternum littorale est\u00e3o indicadas na figura acima. S\u00e3o peixes de corpo lateralmente comprimido, com cabe\u00e7a relativamente alta, correspondendo a aproximadamente 75% da largura entre os espinhos das nadadeiras peitorais. Boca pequena, erminal, &hellip; <a href=\"http:\/\/nossacasa.net\/nossosriachos\/tabuleiros\/hoplosternum-littorale\/\">Continue lendo <span class=\"meta-nav\">&rarr;<\/span><\/a><\/p>\n","protected":false},"author":1,"featured_media":4309,"parent":0,"menu_order":0,"comment_status":"closed","ping_status":"closed","template":"","meta":{"footnotes":""},"class_list":["post-1822","page","type-page","status-publish","has-post-thumbnail","hentry"],"_links":{"self":[{"href":"http:\/\/nossacasa.net\/nossosriachos\/tabuleiros\/wp-json\/wp\/v2\/pages\/1822","targetHints":{"allow":["GET"]}}],"collection":[{"href":"http:\/\/nossacasa.net\/nossosriachos\/tabuleiros\/wp-json\/wp\/v2\/pages"}],"about":[{"href":"http:\/\/nossacasa.net\/nossosriachos\/tabuleiros\/wp-json\/wp\/v2\/types\/page"}],"author":[{"embeddable":true,"href":"http:\/\/nossacasa.net\/nossosriachos\/tabuleiros\/wp-json\/wp\/v2\/users\/1"}],"replies":[{"embeddable":true,"href":"http:\/\/nossacasa.net\/nossosriachos\/tabuleiros\/wp-json\/wp\/v2\/comments?post=1822"}],"version-history":[{"count":2,"href":"http:\/\/nossacasa.net\/nossosriachos\/tabuleiros\/wp-json\/wp\/v2\/pages\/1822\/revisions"}],"predecessor-version":[{"id":4310,"href":"http:\/\/nossacasa.net\/nossosriachos\/tabuleiros\/wp-json\/wp\/v2\/pages\/1822\/revisions\/4310"}],"wp:featuredmedia":[{"embeddable":true,"href":"http:\/\/nossacasa.net\/nossosriachos\/tabuleiros\/wp-json\/wp\/v2\/media\/4309"}],"wp:attachment":[{"href":"http:\/\/nossacasa.net\/nossosriachos\/tabuleiros\/wp-json\/wp\/v2\/media?parent=1822"}],"curies":[{"name":"wp","href":"https:\/\/api.w.org\/{rel}","templated":true}]}}