{"id":1850,"date":"2019-09-12T17:08:40","date_gmt":"2019-09-12T20:08:40","guid":{"rendered":"http:\/\/nossacasa.net\/nossosriachos\/rios\/?page_id=1850"},"modified":"2019-09-12T17:08:40","modified_gmt":"2019-09-12T20:08:40","slug":"imparfinis-aff-minutus","status":"publish","type":"page","link":"http:\/\/nossacasa.net\/nossosriachos\/tabuleiros\/imparfinis-aff-minutus\/","title":{"rendered":"Imparfinis aff. minutus"},"content":{"rendered":"<div style=\"text-align: justify\">\n<h1><em>Imparfinis<\/em> aff. <em>minutus<\/em><\/h1>\n<p>Algumas caracter\u00edsticas da potencial esp\u00e9cie nova <em>Imparfinis aff. minutus<\/em> est\u00e3o indicadas na figura acima.<\/p>\n<p>A esp\u00e9cie potencialmente nova <em>Imparfinis aff. minutus<\/em> \u00e9 a \u00fanica representante do g\u00eanero <em><a href=\"http:\/\/nossacasa.net\/nossosriachos\/rios\/imparfinis\/\">Imparfinis<\/a><\/em> da fam\u00edlia <a href=\"http:\/\/nossacasa.net\/nossosriachos\/rios\/heptapteridae\/\">Heptapteridae<\/a> nas regi\u00f5es dos tabuleiros.\n<\/div>\n<p>. <\/p>\n","protected":false},"excerpt":{"rendered":"<p>Imparfinis aff. minutus Algumas caracter\u00edsticas da potencial esp\u00e9cie nova Imparfinis aff. minutus est\u00e3o indicadas na figura acima. A esp\u00e9cie potencialmente nova Imparfinis aff. minutus \u00e9 a \u00fanica representante do g\u00eanero Imparfinis da fam\u00edlia Heptapteridae nas regi\u00f5es dos tabuleiros. .<\/p>\n","protected":false},"author":1,"featured_media":1601,"parent":0,"menu_order":0,"comment_status":"closed","ping_status":"closed","template":"","meta":{"footnotes":""},"class_list":["post-1850","page","type-page","status-publish","has-post-thumbnail","hentry"],"_links":{"self":[{"href":"http:\/\/nossacasa.net\/nossosriachos\/tabuleiros\/wp-json\/wp\/v2\/pages\/1850","targetHints":{"allow":["GET"]}}],"collection":[{"href":"http:\/\/nossacasa.net\/nossosriachos\/tabuleiros\/wp-json\/wp\/v2\/pages"}],"about":[{"href":"http:\/\/nossacasa.net\/nossosriachos\/tabuleiros\/wp-json\/wp\/v2\/types\/page"}],"author":[{"embeddable":true,"href":"http:\/\/nossacasa.net\/nossosriachos\/tabuleiros\/wp-json\/wp\/v2\/users\/1"}],"replies":[{"embeddable":true,"href":"http:\/\/nossacasa.net\/nossosriachos\/tabuleiros\/wp-json\/wp\/v2\/comments?post=1850"}],"version-history":[{"count":0,"href":"http:\/\/nossacasa.net\/nossosriachos\/tabuleiros\/wp-json\/wp\/v2\/pages\/1850\/revisions"}],"wp:featuredmedia":[{"embeddable":true,"href":"http:\/\/nossacasa.net\/nossosriachos\/tabuleiros\/wp-json\/wp\/v2\/media\/1601"}],"wp:attachment":[{"href":"http:\/\/nossacasa.net\/nossosriachos\/tabuleiros\/wp-json\/wp\/v2\/media?parent=1850"}],"curies":[{"name":"wp","href":"https:\/\/api.w.org\/{rel}","templated":true}]}}