{"id":1859,"date":"2019-09-12T17:13:59","date_gmt":"2019-09-12T20:13:59","guid":{"rendered":"http:\/\/nossacasa.net\/nossosriachos\/rios\/?page_id=1859"},"modified":"2019-10-09T18:52:15","modified_gmt":"2019-10-09T21:52:15","slug":"rhamdia","status":"publish","type":"page","link":"http:\/\/nossacasa.net\/nossosriachos\/tabuleiros\/rhamdia\/","title":{"rendered":"Rhamdia"},"content":{"rendered":"<div style=\"text-align: justify\">\n<h1>As <em>Rhamdia<\/em> Bleeker, 1858<\/h1>\n<p><img loading=\"lazy\" decoding=\"async\" src=\"http:\/\/nossacasa.net\/nossosriachos\/tabuleiros\/wp-content\/uploads\/sites\/13\/2019\/10\/Rhamdia.png\" alt=\"\" width=\"800\" height=\"327\" class=\"aligncenter size-full wp-image-4335\" srcset=\"http:\/\/nossacasa.net\/nossosriachos\/tabuleiros\/wp-content\/uploads\/sites\/13\/2019\/10\/Rhamdia.png 800w, http:\/\/nossacasa.net\/nossosriachos\/tabuleiros\/wp-content\/uploads\/sites\/13\/2019\/10\/Rhamdia-300x123.png 300w, http:\/\/nossacasa.net\/nossosriachos\/tabuleiros\/wp-content\/uploads\/sites\/13\/2019\/10\/Rhamdia-768x314.png 768w, http:\/\/nossacasa.net\/nossosriachos\/tabuleiros\/wp-content\/uploads\/sites\/13\/2019\/10\/Rhamdia-500x204.png 500w\" sizes=\"auto, (max-width: 800px) 100vw, 800px\" \/><br \/>\n<img loading=\"lazy\" decoding=\"async\" src=\"http:\/\/nossacasa.net\/nossosriachos\/tabuleiros\/wp-content\/uploads\/sites\/13\/2019\/10\/Rhamdia_i.png\" alt=\"\" width=\"800\" height=\"473\" class=\"aligncenter size-full wp-image-4337\" srcset=\"http:\/\/nossacasa.net\/nossosriachos\/tabuleiros\/wp-content\/uploads\/sites\/13\/2019\/10\/Rhamdia_i.png 800w, http:\/\/nossacasa.net\/nossosriachos\/tabuleiros\/wp-content\/uploads\/sites\/13\/2019\/10\/Rhamdia_i-300x177.png 300w, http:\/\/nossacasa.net\/nossosriachos\/tabuleiros\/wp-content\/uploads\/sites\/13\/2019\/10\/Rhamdia_i-768x454.png 768w, http:\/\/nossacasa.net\/nossosriachos\/tabuleiros\/wp-content\/uploads\/sites\/13\/2019\/10\/Rhamdia_i-500x296.png 500w\" sizes=\"auto, (max-width: 800px) 100vw, 800px\" \/><\/p>\n<p>Algumas caracter\u00edsticas do g\u00eanero <strong><em>Rhamdia<\/em><\/strong> est\u00e3o indicadas na figura acima.<\/p>\n<p>S\u00e3o bagres com olhos pequenos, cabe\u00e7a baixa e barbilh\u00f5es alongados. Nadadeiras dorsal e peitorais com raios indivisos pungentes curtos. Nadadeira caudal bifurcada. O arranjo dos ossos na parte posterior da cabe\u00e7a \u00e9 distintivo para peixes <strong><em>Rhamdia<\/em><\/strong>. Processo supra-occipital n\u00e3o alcan\u00e7a o escudo pr\u00e9-dorsal. Fontanela craniana abreviada, n\u00e3o ultrapassando a altura dos olhos.<\/p>\n<p>O g\u00eanero <strong><em>Rhamdia<\/em><\/strong> \u00e9 um dos cinco g\u00eaneros da fam\u00edlia <a href=\"http:\/\/nossacasa.net\/nossosriachos\/tabuleiros\/heptapteridae\/\">Heptapteridae<\/a> representante dos <a href=\"http:\/\/nossacasa.net\/nossosriachos\/tabuleiros\/siluriformes\/\">Siluriformes<\/a> nas regi\u00f5es dos tabuleiros. <\/p>\n<p>Na regi\u00e3o dos tabuleiros da Mata Atl\u00e2ntica encontramos uma \u00fanica potencial esp\u00e9cie do g\u00eanero <strong><em>Rhamdia<\/em><\/strong>: <em><a href=\"http:\/\/nossacasa.net\/nossosriachos\/tabuleiros\/rhamdia-aff-quellen\/\">Rhamdia aff. quellen<\/a><\/em>.<\/p>\n<hr \/>\n<\/div>\n","protected":false},"excerpt":{"rendered":"<p>As Rhamdia Bleeker, 1858 Algumas caracter\u00edsticas do g\u00eanero Rhamdia est\u00e3o indicadas na figura acima. S\u00e3o bagres com olhos pequenos, cabe\u00e7a baixa e barbilh\u00f5es alongados. Nadadeiras dorsal e peitorais com raios indivisos pungentes curtos. Nadadeira caudal bifurcada. O arranjo dos ossos &hellip; <a href=\"http:\/\/nossacasa.net\/nossosriachos\/tabuleiros\/rhamdia\/\">Continue lendo <span class=\"meta-nav\">&rarr;<\/span><\/a><\/p>\n","protected":false},"author":1,"featured_media":0,"parent":0,"menu_order":0,"comment_status":"closed","ping_status":"closed","template":"","meta":{"footnotes":""},"class_list":["post-1859","page","type-page","status-publish","hentry"],"_links":{"self":[{"href":"http:\/\/nossacasa.net\/nossosriachos\/tabuleiros\/wp-json\/wp\/v2\/pages\/1859","targetHints":{"allow":["GET"]}}],"collection":[{"href":"http:\/\/nossacasa.net\/nossosriachos\/tabuleiros\/wp-json\/wp\/v2\/pages"}],"about":[{"href":"http:\/\/nossacasa.net\/nossosriachos\/tabuleiros\/wp-json\/wp\/v2\/types\/page"}],"author":[{"embeddable":true,"href":"http:\/\/nossacasa.net\/nossosriachos\/tabuleiros\/wp-json\/wp\/v2\/users\/1"}],"replies":[{"embeddable":true,"href":"http:\/\/nossacasa.net\/nossosriachos\/tabuleiros\/wp-json\/wp\/v2\/comments?post=1859"}],"version-history":[{"count":3,"href":"http:\/\/nossacasa.net\/nossosriachos\/tabuleiros\/wp-json\/wp\/v2\/pages\/1859\/revisions"}],"predecessor-version":[{"id":4339,"href":"http:\/\/nossacasa.net\/nossosriachos\/tabuleiros\/wp-json\/wp\/v2\/pages\/1859\/revisions\/4339"}],"wp:attachment":[{"href":"http:\/\/nossacasa.net\/nossosriachos\/tabuleiros\/wp-json\/wp\/v2\/media?parent=1859"}],"curies":[{"name":"wp","href":"https:\/\/api.w.org\/{rel}","templated":true}]}}