{"id":1902,"date":"2019-09-12T18:33:03","date_gmt":"2019-09-12T21:33:03","guid":{"rendered":"http:\/\/nossacasa.net\/nossosriachos\/rios\/?page_id=1902"},"modified":"2019-10-14T11:20:59","modified_gmt":"2019-10-14T14:20:59","slug":"parotocinclus-doceanus","status":"publish","type":"page","link":"http:\/\/nossacasa.net\/nossosriachos\/tabuleiros\/parotocinclus-doceanus\/","title":{"rendered":"Parotocinclus doceanus"},"content":{"rendered":"<div style=\"text-align: justify\">\n<h1><em>Parotocinclus doceanus<\/em> (Miranda Ribeiro, 1918)<\/h1>\n<p><img loading=\"lazy\" decoding=\"async\" src=\"http:\/\/nossacasa.net\/nossosriachos\/tabuleiros\/wp-content\/uploads\/sites\/13\/2019\/10\/Parotocinclus-doceanus.png\" alt=\"\" width=\"800\" height=\"184\" class=\"aligncenter size-full wp-image-4407\" srcset=\"http:\/\/nossacasa.net\/nossosriachos\/tabuleiros\/wp-content\/uploads\/sites\/13\/2019\/10\/Parotocinclus-doceanus.png 800w, http:\/\/nossacasa.net\/nossosriachos\/tabuleiros\/wp-content\/uploads\/sites\/13\/2019\/10\/Parotocinclus-doceanus-300x69.png 300w, http:\/\/nossacasa.net\/nossosriachos\/tabuleiros\/wp-content\/uploads\/sites\/13\/2019\/10\/Parotocinclus-doceanus-768x177.png 768w, http:\/\/nossacasa.net\/nossosriachos\/tabuleiros\/wp-content\/uploads\/sites\/13\/2019\/10\/Parotocinclus-doceanus-500x115.png 500w\" sizes=\"auto, (max-width: 800px) 100vw, 800px\" \/><\/p>\n<p>Algumas caracter\u00edsticas da esp\u00e9cie <strong><em>Parotocinclus doceanus<\/em><\/strong> est\u00e3o indicadas na figura acima.<\/p>\n<p>Superf\u00edcie ventral da cintura peitoral exposta (com odont\u00f3ides sobre a pele pelo menos parcialmente). Catorze raios ramificados na nadadeira caudal. Nadadeira adiposa presente. Odont\u00f3ides na regi\u00e3o postero-dorsal da cabe\u00e7a irregularmente dispostos, sem \u00e1reas concentradas. <\/p>\n<p>S\u00e3o cascudinhos com olhos grandes, 18 a 22% no comprimento da cabe\u00e7a. 23 a 24 placas longitudinais, ao longo da linha lateral. Corpo esguio, largura do corpo 20 a 23% no comprimento padr\u00e3o. Abdome revestido por pequenas placas regulares. O abdome com placas \u00e9 a condi\u00e7\u00e3o mais comum nos cascudinhos <em><a href=\"http:\/\/nossacasa.net\/nossosriachos\/tabuleiros\/parotocinclus\/\">Parotocinclus<\/a><\/em> dos rios da mata atl\u00e2ntica.<\/p>\n<p>S\u00e3o pequenos peixes herb\u00edvoros que vivem aderidos a vegeta\u00e7\u00e3o marginal dos riachos, ocultando-se sob a vegeta\u00e7\u00e3o rip\u00e1ria. Encontrados em riachos de \u00e1gua clara, com vegeta\u00e7\u00e3o aqu\u00e1tica moderada a abundante. Vivem em rios de fundo de areia e pedrinhas, em trechos de correnteza moderada. <\/p>\n<p>O cascudinho <strong><em>Parotocinclus doceanus<\/em><\/strong> foi registrado para trechos r\u00e1pidos de riachos nas bacias dos rios Doce, S\u00e3o Mateus, Ita\u00fanas e Mucuri, entre o Esp\u00edrito Santo, leste de Minas Gerais e o extremo sul da Bahia.<\/p>\n<p>O g\u00eanero <strong><em>Parotocinclus doceanus<\/em><\/strong> \u00e9 um dos peixes nomeados como cascudinhos, por seu pequeno tamanho, entre 20 e 40 mm de comprimento padr\u00e3o.<\/p>\n<p>A esp\u00e9cie <strong><em>Parotocinclus doceanus<\/em><\/strong> \u00e9 uma das duas representantes do g\u00eanero <em><a href=\"http:\/\/nossacasa.net\/nossosriachos\/tabuleiros\/parotocinclus\/\">Parotocinclus<\/a><\/em> da fam\u00edlia <a href=\"http:\/\/nossacasa.net\/nossosriachos\/tabuleiros\/loricariidae\/\">Loricariidae<\/a> nas regi\u00f5es dos tabuleiros.<\/p>\n<hr \/>\n<\/div>\n<p>. <\/p>\n","protected":false},"excerpt":{"rendered":"<p>Parotocinclus doceanus (Miranda Ribeiro, 1918) Algumas caracter\u00edsticas da esp\u00e9cie Parotocinclus doceanus est\u00e3o indicadas na figura acima. Superf\u00edcie ventral da cintura peitoral exposta (com odont\u00f3ides sobre a pele pelo menos parcialmente). Catorze raios ramificados na nadadeira caudal. Nadadeira adiposa presente. Odont\u00f3ides &hellip; <a href=\"http:\/\/nossacasa.net\/nossosriachos\/tabuleiros\/parotocinclus-doceanus\/\">Continue lendo <span class=\"meta-nav\">&rarr;<\/span><\/a><\/p>\n","protected":false},"author":1,"featured_media":4407,"parent":0,"menu_order":0,"comment_status":"closed","ping_status":"closed","template":"","meta":{"footnotes":""},"class_list":["post-1902","page","type-page","status-publish","has-post-thumbnail","hentry"],"_links":{"self":[{"href":"http:\/\/nossacasa.net\/nossosriachos\/tabuleiros\/wp-json\/wp\/v2\/pages\/1902","targetHints":{"allow":["GET"]}}],"collection":[{"href":"http:\/\/nossacasa.net\/nossosriachos\/tabuleiros\/wp-json\/wp\/v2\/pages"}],"about":[{"href":"http:\/\/nossacasa.net\/nossosriachos\/tabuleiros\/wp-json\/wp\/v2\/types\/page"}],"author":[{"embeddable":true,"href":"http:\/\/nossacasa.net\/nossosriachos\/tabuleiros\/wp-json\/wp\/v2\/users\/1"}],"replies":[{"embeddable":true,"href":"http:\/\/nossacasa.net\/nossosriachos\/tabuleiros\/wp-json\/wp\/v2\/comments?post=1902"}],"version-history":[{"count":3,"href":"http:\/\/nossacasa.net\/nossosriachos\/tabuleiros\/wp-json\/wp\/v2\/pages\/1902\/revisions"}],"predecessor-version":[{"id":4412,"href":"http:\/\/nossacasa.net\/nossosriachos\/tabuleiros\/wp-json\/wp\/v2\/pages\/1902\/revisions\/4412"}],"wp:featuredmedia":[{"embeddable":true,"href":"http:\/\/nossacasa.net\/nossosriachos\/tabuleiros\/wp-json\/wp\/v2\/media\/4407"}],"wp:attachment":[{"href":"http:\/\/nossacasa.net\/nossosriachos\/tabuleiros\/wp-json\/wp\/v2\/media?parent=1902"}],"curies":[{"name":"wp","href":"https:\/\/api.w.org\/{rel}","templated":true}]}}