{"id":1904,"date":"2019-09-12T18:38:27","date_gmt":"2019-09-12T21:38:27","guid":{"rendered":"http:\/\/nossacasa.net\/nossosriachos\/rios\/?page_id=1904"},"modified":"2019-10-14T11:24:27","modified_gmt":"2019-10-14T14:24:27","slug":"parotocinclus-arandai","status":"publish","type":"page","link":"http:\/\/nossacasa.net\/nossosriachos\/tabuleiros\/parotocinclus-arandai\/","title":{"rendered":"Parotocinclus arandai"},"content":{"rendered":"<div style=\"text-align: justify\">\n<h1><em>Parotocinclus arandai<\/em> Sarmento-Soares, Lehmann, A. &amp; Martins-Pinheiro, 2009<\/h1>\n<p><img loading=\"lazy\" decoding=\"async\" src=\"http:\/\/nossacasa.net\/nossosriachos\/tabuleiros\/wp-content\/uploads\/sites\/13\/2019\/10\/Parotocinclus-arandai.png\" alt=\"\" width=\"800\" height=\"284\" class=\"aligncenter size-full wp-image-4405\" srcset=\"http:\/\/nossacasa.net\/nossosriachos\/tabuleiros\/wp-content\/uploads\/sites\/13\/2019\/10\/Parotocinclus-arandai.png 800w, http:\/\/nossacasa.net\/nossosriachos\/tabuleiros\/wp-content\/uploads\/sites\/13\/2019\/10\/Parotocinclus-arandai-300x107.png 300w, http:\/\/nossacasa.net\/nossosriachos\/tabuleiros\/wp-content\/uploads\/sites\/13\/2019\/10\/Parotocinclus-arandai-768x273.png 768w, http:\/\/nossacasa.net\/nossosriachos\/tabuleiros\/wp-content\/uploads\/sites\/13\/2019\/10\/Parotocinclus-arandai-500x178.png 500w\" sizes=\"auto, (max-width: 800px) 100vw, 800px\" \/><\/p>\n<p><img loading=\"lazy\" decoding=\"async\" src=\"http:\/\/nossacasa.net\/nossosriachos\/tabuleiros\/wp-content\/uploads\/sites\/13\/2019\/10\/Parotocinclus-arandai_i.png\" alt=\"\" width=\"800\" height=\"285\" class=\"aligncenter size-full wp-image-4406\" srcset=\"http:\/\/nossacasa.net\/nossosriachos\/tabuleiros\/wp-content\/uploads\/sites\/13\/2019\/10\/Parotocinclus-arandai_i.png 800w, http:\/\/nossacasa.net\/nossosriachos\/tabuleiros\/wp-content\/uploads\/sites\/13\/2019\/10\/Parotocinclus-arandai_i-300x107.png 300w, http:\/\/nossacasa.net\/nossosriachos\/tabuleiros\/wp-content\/uploads\/sites\/13\/2019\/10\/Parotocinclus-arandai_i-768x274.png 768w, http:\/\/nossacasa.net\/nossosriachos\/tabuleiros\/wp-content\/uploads\/sites\/13\/2019\/10\/Parotocinclus-arandai_i-500x178.png 500w\" sizes=\"auto, (max-width: 800px) 100vw, 800px\" \/><\/p>\n<p>Algumas caracter\u00edsticas da esp\u00e9cie <em>Parotocinclus arandai<\/em> est\u00e3o indicadas na figura acima.<\/p>\n<p>S\u00e3o cascudinhos com olho pequeno, 15 a 19 % no comprimento da cabe\u00e7a e que apresentam um tufo de odont\u00f3ides hipertrofiados no supraoccipital. Ao longo da linha lateral 24 a 25 placas longitudinais. Corpo robusto, largura do corpo 23 a 27% no comprimento padr\u00e3o. <\/p>\n<p>O abd\u00f4men cont\u00e9m extensas \u00e1reas nuas e a regi\u00e3o pr\u00e9-anal \u00e9 a \u00fanica parte do abdomen revestida por um mosaico de poucas plaquinhas arredondadas de tamanho irregular. N\u00e3o h\u00e1 outros cascudinhos com abdome nu nos rios de tabuleiro. Superf\u00edcie ventral da cintura peitoral exposta (com odont\u00f3ides sobre a pele pelo menos parcialmente). Catorze raios ramificados na nadadeira caudal. Nadadeira adiposa presente. <\/p>\n<p>S\u00e3o pequenos peixes herb\u00edvoros que vivem aderidos a vegeta\u00e7\u00e3o marginal dos riachos, ocultando-se sob a vegeta\u00e7\u00e3o rip\u00e1ria. Encontrados em riachos de \u00e1gua clara, rasa, com leito de areia e cascalho, em trechos de correnteza moderada. <\/p>\n<p>O cascudinho <strong><em>Parotocinclus arandai<\/em><\/strong>  ocorre nos trechos m\u00e9dio e alto das bacias dos rios Jucuru\u00e7u e Buranh\u00e9m, no extremo sul da Bahia. \u00c9 uma esp\u00e9cie encontrada nos trechos de cabeceira, junto a divisa Minas e Bahia. <\/p>\n<p>A esp\u00e9cie <strong><em>Parotocinclus arandai<\/em><\/strong> \u00e9 uma das duas representantes do g\u00eanero <em><a href=\"http:\/\/nossacasa.net\/nossosriachos\/tabuleiros\/parotocinclus\/\">Parotocinclus<\/a><\/em> da fam\u00edlia <a href=\"http:\/\/nossacasa.net\/nossosriachos\/tabuleiros\/loricariidae\/\">Loricariidae<\/a> nas regi\u00f5es dos tabuleiros.<\/p>\n<hr \/>\n<\/div>\n<p>. <\/p>\n","protected":false},"excerpt":{"rendered":"<p>Parotocinclus arandai Sarmento-Soares, Lehmann, A. &amp; Martins-Pinheiro, 2009 Algumas caracter\u00edsticas da esp\u00e9cie Parotocinclus arandai est\u00e3o indicadas na figura acima. S\u00e3o cascudinhos com olho pequeno, 15 a 19 % no comprimento da cabe\u00e7a e que apresentam um tufo de odont\u00f3ides hipertrofiados &hellip; <a href=\"http:\/\/nossacasa.net\/nossosriachos\/tabuleiros\/parotocinclus-arandai\/\">Continue lendo <span class=\"meta-nav\">&rarr;<\/span><\/a><\/p>\n","protected":false},"author":1,"featured_media":4405,"parent":0,"menu_order":0,"comment_status":"closed","ping_status":"closed","template":"","meta":{"footnotes":""},"class_list":["post-1904","page","type-page","status-publish","has-post-thumbnail","hentry"],"_links":{"self":[{"href":"http:\/\/nossacasa.net\/nossosriachos\/tabuleiros\/wp-json\/wp\/v2\/pages\/1904","targetHints":{"allow":["GET"]}}],"collection":[{"href":"http:\/\/nossacasa.net\/nossosriachos\/tabuleiros\/wp-json\/wp\/v2\/pages"}],"about":[{"href":"http:\/\/nossacasa.net\/nossosriachos\/tabuleiros\/wp-json\/wp\/v2\/types\/page"}],"author":[{"embeddable":true,"href":"http:\/\/nossacasa.net\/nossosriachos\/tabuleiros\/wp-json\/wp\/v2\/users\/1"}],"replies":[{"embeddable":true,"href":"http:\/\/nossacasa.net\/nossosriachos\/tabuleiros\/wp-json\/wp\/v2\/comments?post=1904"}],"version-history":[{"count":2,"href":"http:\/\/nossacasa.net\/nossosriachos\/tabuleiros\/wp-json\/wp\/v2\/pages\/1904\/revisions"}],"predecessor-version":[{"id":4414,"href":"http:\/\/nossacasa.net\/nossosriachos\/tabuleiros\/wp-json\/wp\/v2\/pages\/1904\/revisions\/4414"}],"wp:featuredmedia":[{"embeddable":true,"href":"http:\/\/nossacasa.net\/nossosriachos\/tabuleiros\/wp-json\/wp\/v2\/media\/4405"}],"wp:attachment":[{"href":"http:\/\/nossacasa.net\/nossosriachos\/tabuleiros\/wp-json\/wp\/v2\/media?parent=1904"}],"curies":[{"name":"wp","href":"https:\/\/api.w.org\/{rel}","templated":true}]}}