{"id":1911,"date":"2019-09-12T18:44:23","date_gmt":"2019-09-12T21:44:23","guid":{"rendered":"http:\/\/nossacasa.net\/nossosriachos\/rios\/?page_id=1911"},"modified":"2019-10-14T13:54:35","modified_gmt":"2019-10-14T16:54:35","slug":"pogonopoma-wertheimeri","status":"publish","type":"page","link":"http:\/\/nossacasa.net\/nossosriachos\/tabuleiros\/pogonopoma-wertheimeri\/","title":{"rendered":"Pogonopoma wertheimeri"},"content":{"rendered":"<div style=\"text-align: justify\">\n<h1>Pogonopoma wertheimeri (Steindachner, 1867)<\/h1>\n<p><img loading=\"lazy\" decoding=\"async\" src=\"http:\/\/nossacasa.net\/nossosriachos\/tabuleiros\/wp-content\/uploads\/sites\/13\/2019\/10\/Pogonopoma-wertheimeri.png\" alt=\"\" width=\"800\" height=\"257\" class=\"aligncenter size-full wp-image-4417\" srcset=\"http:\/\/nossacasa.net\/nossosriachos\/tabuleiros\/wp-content\/uploads\/sites\/13\/2019\/10\/Pogonopoma-wertheimeri.png 800w, http:\/\/nossacasa.net\/nossosriachos\/tabuleiros\/wp-content\/uploads\/sites\/13\/2019\/10\/Pogonopoma-wertheimeri-300x96.png 300w, http:\/\/nossacasa.net\/nossosriachos\/tabuleiros\/wp-content\/uploads\/sites\/13\/2019\/10\/Pogonopoma-wertheimeri-768x247.png 768w, http:\/\/nossacasa.net\/nossosriachos\/tabuleiros\/wp-content\/uploads\/sites\/13\/2019\/10\/Pogonopoma-wertheimeri-500x161.png 500w\" sizes=\"auto, (max-width: 800px) 100vw, 800px\" \/><\/p>\n<p>Algumas caracter\u00edsticas da esp\u00e9cie <strong><em>Pogonopoma wertheimeri<\/em><\/strong> est\u00e3o indicadas na figura acima.<\/p>\n<p>S\u00e3o cascudos de focinho \u00e1spero; ped\u00fanculo caudal ovalado, nadadeira adiposa presente . Tamanho pequeno a m\u00e9dio, alcan\u00e7ando at\u00e9 120 mm de comprimento padr\u00e3o. Inclui peixes de cabe\u00e7a alta, olhos latero-dorsais grandes, 21% no comprimento da cabe\u00e7a, limitados por suave quilha p\u00f3s orbital. Nadadeira adiposa curta, com base ocupando uma a duas placas p\u00f3s dorsais. Placas laterais 22 a 26. <\/p>\n<p>Ocorrem em rios e riachos de \u00e1guas limpas, bastante oxigenadas, r\u00e1pidas, com correnteza moderada ou forte e leito de rocha ou pedra.<\/p>\n<p>Perifit\u00edvoros, se ancoram as pedras do leito atrav\u00e9s da boca em forma de ventosa para raspar a vegeta\u00e7\u00e3o com seus dentes b\u00edfidos e assim\u00e9tricos. Recebe o nome de cascudo preto, pela sua cor castanho escura, quase negra. Odontoides hipertrofiados na altura do op\u00e9rculo em machos sexualmente maduros. <\/p>\n<p>S\u00e3o apreciados como alimento pela popula\u00e7\u00e3o ribeirinha, para o preparo da moqueca de cascudo, prato apreciado na culin\u00e1ria regional. Por viverem em \u00e1guas limpas e bem oxigenadas, a perda de habitat vem ocasionando decl\u00ednio populacional. <\/p>\n<p>A esp\u00e9cie <strong><em>Pogonopoma wertheimeri<\/em><\/strong> \u00e9 uma das duas representantes do g\u00eanero <em><a href=\"http:\/\/nossacasa.net\/nossosriachos\/tabuleiros\/pogonopoma\/\">Pogonopoma<\/a><\/em> da fam\u00edlia <a href=\"http:\/\/nossacasa.net\/nossosriachos\/tabuleiros\/loricariidae\/\">Loricariidae<\/a> nas regi\u00f5es dos tabuleiros.<\/p>\n<hr \/>\n<\/div>\n<p>. <\/p>\n","protected":false},"excerpt":{"rendered":"<p>Pogonopoma wertheimeri (Steindachner, 1867) Algumas caracter\u00edsticas da esp\u00e9cie Pogonopoma wertheimeri est\u00e3o indicadas na figura acima. S\u00e3o cascudos de focinho \u00e1spero; ped\u00fanculo caudal ovalado, nadadeira adiposa presente . Tamanho pequeno a m\u00e9dio, alcan\u00e7ando at\u00e9 120 mm de comprimento padr\u00e3o. Inclui peixes &hellip; <a href=\"http:\/\/nossacasa.net\/nossosriachos\/tabuleiros\/pogonopoma-wertheimeri\/\">Continue lendo <span class=\"meta-nav\">&rarr;<\/span><\/a><\/p>\n","protected":false},"author":1,"featured_media":4417,"parent":0,"menu_order":0,"comment_status":"closed","ping_status":"closed","template":"","meta":{"footnotes":""},"class_list":["post-1911","page","type-page","status-publish","has-post-thumbnail","hentry"],"_links":{"self":[{"href":"http:\/\/nossacasa.net\/nossosriachos\/tabuleiros\/wp-json\/wp\/v2\/pages\/1911","targetHints":{"allow":["GET"]}}],"collection":[{"href":"http:\/\/nossacasa.net\/nossosriachos\/tabuleiros\/wp-json\/wp\/v2\/pages"}],"about":[{"href":"http:\/\/nossacasa.net\/nossosriachos\/tabuleiros\/wp-json\/wp\/v2\/types\/page"}],"author":[{"embeddable":true,"href":"http:\/\/nossacasa.net\/nossosriachos\/tabuleiros\/wp-json\/wp\/v2\/users\/1"}],"replies":[{"embeddable":true,"href":"http:\/\/nossacasa.net\/nossosriachos\/tabuleiros\/wp-json\/wp\/v2\/comments?post=1911"}],"version-history":[{"count":3,"href":"http:\/\/nossacasa.net\/nossosriachos\/tabuleiros\/wp-json\/wp\/v2\/pages\/1911\/revisions"}],"predecessor-version":[{"id":4422,"href":"http:\/\/nossacasa.net\/nossosriachos\/tabuleiros\/wp-json\/wp\/v2\/pages\/1911\/revisions\/4422"}],"wp:featuredmedia":[{"embeddable":true,"href":"http:\/\/nossacasa.net\/nossosriachos\/tabuleiros\/wp-json\/wp\/v2\/media\/4417"}],"wp:attachment":[{"href":"http:\/\/nossacasa.net\/nossosriachos\/tabuleiros\/wp-json\/wp\/v2\/media?parent=1911"}],"curies":[{"name":"wp","href":"https:\/\/api.w.org\/{rel}","templated":true}]}}