{"id":1945,"date":"2019-09-13T08:20:16","date_gmt":"2019-09-13T11:20:16","guid":{"rendered":"http:\/\/nossacasa.net\/nossosriachos\/rios\/?page_id=1945"},"modified":"2019-10-16T07:33:40","modified_gmt":"2019-10-16T10:33:40","slug":"lophiosilurus","status":"publish","type":"page","link":"http:\/\/nossacasa.net\/nossosriachos\/tabuleiros\/lophiosilurus\/","title":{"rendered":"Lophiosilurus"},"content":{"rendered":"<div style=\"text-align: justify\">\n<h1><em>Lophiosilurus<\/em> Steindachner, 1876<\/h1>\n<p><img loading=\"lazy\" decoding=\"async\" src=\"http:\/\/nossacasa.net\/nossosriachos\/tabuleiros\/wp-content\/uploads\/sites\/13\/2019\/10\/Lophiosilurus.png\" alt=\"\" width=\"800\" height=\"374\" class=\"aligncenter size-full wp-image-4442\" srcset=\"http:\/\/nossacasa.net\/nossosriachos\/tabuleiros\/wp-content\/uploads\/sites\/13\/2019\/10\/Lophiosilurus.png 800w, http:\/\/nossacasa.net\/nossosriachos\/tabuleiros\/wp-content\/uploads\/sites\/13\/2019\/10\/Lophiosilurus-300x140.png 300w, http:\/\/nossacasa.net\/nossosriachos\/tabuleiros\/wp-content\/uploads\/sites\/13\/2019\/10\/Lophiosilurus-768x359.png 768w, http:\/\/nossacasa.net\/nossosriachos\/tabuleiros\/wp-content\/uploads\/sites\/13\/2019\/10\/Lophiosilurus-500x234.png 500w\" sizes=\"auto, (max-width: 800px) 100vw, 800px\" \/><\/p>\n<p>Algumas caracter\u00edsticas do g\u00eanero <strong><em>Lophiosilurus<\/em><\/strong> est\u00e3o indicadas na figura acima.<\/p>\n<p>Peixes <strong><em>Lophiosilurus<\/em><\/strong> est\u00e3o entre os mais singulares <a href=\"http:\/\/nossacasa.net\/nossosriachos\/tabuleiros\/pseudopimelodidae\/\">Pseudopimelodidae<\/a>. Apresentam a cabe\u00e7a muito larga e achatada, e a boca ampla terminal, com a mand\u00edbula se projetando al\u00e9m da maxila superior. Olhos diminutos, dorsais. O topo da cabe\u00e7a \u00e9 rugoso, com cristas \u00f3sseas, e as nadadeiras curtas. <\/p>\n<p>Inclui peixes de tamanho grande, alcan\u00e7ando entre 250 a 300 mm de comprimento padr\u00e3o.<\/p>\n<p>A apar\u00eancia corporal de <strong><em>Lophiosilurus<\/em><\/strong> em muito se assemelha aos bagres asi\u00e1ticos Chacidae, comuns na \u00cdndia e Borneo, sendo considerado um exemplo de converg\u00eancia evolutiva. <\/p>\n<p>O g\u00eanero <strong><em>Lophiosilurus<\/em><\/strong> \u00e9 um dos tr\u00eas g\u00eaneros da fam\u00edlia <a href=\"http:\/\/nossacasa.net\/nossosriachos\/tabuleiros\/pseudopimelodidae\/\">Pseudopimelodidae<\/a> representante dos <a href=\"http:\/\/nossacasa.net\/nossosriachos\/tabuleiros\/siluriformes\/\">Siluriformes<\/a> nas regi\u00f5es dos tabuleiros. <\/p>\n<p>Na regi\u00e3o dos tabuleiros da Mata Atl\u00e2ntica encontramos uma \u00fanica esp\u00e9cie do g\u00eanero <strong><em>Lophiosilurus<\/em><\/strong>: <em><a href=\"http:\/\/nossacasa.net\/nossosriachos\/tabuleiros\/lophiosilurus-alexandri\/\">Lophiosilurus alexandri<\/a><\/em><\/p>\n<hr>\n<\/div>\n","protected":false},"excerpt":{"rendered":"<p>Lophiosilurus Steindachner, 1876 Algumas caracter\u00edsticas do g\u00eanero Lophiosilurus est\u00e3o indicadas na figura acima. Peixes Lophiosilurus est\u00e3o entre os mais singulares Pseudopimelodidae. Apresentam a cabe\u00e7a muito larga e achatada, e a boca ampla terminal, com a mand\u00edbula se projetando al\u00e9m da &hellip; <a href=\"http:\/\/nossacasa.net\/nossosriachos\/tabuleiros\/lophiosilurus\/\">Continue lendo <span class=\"meta-nav\">&rarr;<\/span><\/a><\/p>\n","protected":false},"author":1,"featured_media":0,"parent":0,"menu_order":0,"comment_status":"closed","ping_status":"closed","template":"","meta":{"footnotes":""},"class_list":["post-1945","page","type-page","status-publish","hentry"],"_links":{"self":[{"href":"http:\/\/nossacasa.net\/nossosriachos\/tabuleiros\/wp-json\/wp\/v2\/pages\/1945","targetHints":{"allow":["GET"]}}],"collection":[{"href":"http:\/\/nossacasa.net\/nossosriachos\/tabuleiros\/wp-json\/wp\/v2\/pages"}],"about":[{"href":"http:\/\/nossacasa.net\/nossosriachos\/tabuleiros\/wp-json\/wp\/v2\/types\/page"}],"author":[{"embeddable":true,"href":"http:\/\/nossacasa.net\/nossosriachos\/tabuleiros\/wp-json\/wp\/v2\/users\/1"}],"replies":[{"embeddable":true,"href":"http:\/\/nossacasa.net\/nossosriachos\/tabuleiros\/wp-json\/wp\/v2\/comments?post=1945"}],"version-history":[{"count":4,"href":"http:\/\/nossacasa.net\/nossosriachos\/tabuleiros\/wp-json\/wp\/v2\/pages\/1945\/revisions"}],"predecessor-version":[{"id":4444,"href":"http:\/\/nossacasa.net\/nossosriachos\/tabuleiros\/wp-json\/wp\/v2\/pages\/1945\/revisions\/4444"}],"wp:attachment":[{"href":"http:\/\/nossacasa.net\/nossosriachos\/tabuleiros\/wp-json\/wp\/v2\/media?parent=1945"}],"curies":[{"name":"wp","href":"https:\/\/api.w.org\/{rel}","templated":true}]}}