{"id":1978,"date":"2019-09-13T09:05:21","date_gmt":"2019-09-13T12:05:21","guid":{"rendered":"http:\/\/nossacasa.net\/nossosriachos\/rios\/?page_id=1978"},"modified":"2019-10-24T11:25:05","modified_gmt":"2019-10-24T14:25:05","slug":"microcambeva","status":"publish","type":"page","link":"http:\/\/nossacasa.net\/nossosriachos\/tabuleiros\/microcambeva\/","title":{"rendered":"Microcambeva"},"content":{"rendered":"<div style=\"text-align: justify\">\n<h1>As <em>Microcambeva<\/em> Costa and Bockmann, 1994<\/h1>\n<div id=\"attachment_4474\" style=\"width: 810px\" class=\"wp-caption aligncenter\"><img loading=\"lazy\" decoding=\"async\" aria-describedby=\"caption-attachment-4474\" src=\"http:\/\/nossacasa.net\/nossosriachos\/tabuleiros\/wp-content\/uploads\/sites\/13\/2019\/10\/Microcambeva.png\" alt=\"\" width=\"800\" height=\"158\" class=\"size-full wp-image-4474\" srcset=\"http:\/\/nossacasa.net\/nossosriachos\/tabuleiros\/wp-content\/uploads\/sites\/13\/2019\/10\/Microcambeva.png 800w, http:\/\/nossacasa.net\/nossosriachos\/tabuleiros\/wp-content\/uploads\/sites\/13\/2019\/10\/Microcambeva-300x59.png 300w, http:\/\/nossacasa.net\/nossosriachos\/tabuleiros\/wp-content\/uploads\/sites\/13\/2019\/10\/Microcambeva-768x152.png 768w, http:\/\/nossacasa.net\/nossosriachos\/tabuleiros\/wp-content\/uploads\/sites\/13\/2019\/10\/Microcambeva-500x99.png 500w\" sizes=\"auto, (max-width: 800px) 100vw, 800px\" \/><p id=\"caption-attachment-4474\" class=\"wp-caption-text\">Foto: T. C. Pessali<\/p><\/div>\n<p>Algumas caracter\u00edsticas do g\u00eanero <strong><em>Microcambeva<\/em><\/strong> est\u00e3o indicadas na figura acima.<\/p>\n<p>O g\u00eanero <strong><em>Microcambeva<\/em><\/strong> \u00e9 reconhecido por caracteres osteol\u00f3gicos associados a suspens\u00e3o das arcadas e por possuir poucos odont\u00f3ides operculares, at\u00e9 13 (Costa &#038; Bockmann, 1994), sendo que as esp\u00e9cies na floresta de tabuleiro apresentam entre 6 a 8 odontoides interoperculares. Apresentam a nadadeira peitoral com seis raios ramificados.<br \/>\n\u00danicos peixes <a href=\"http:\/\/nossacasa.net\/nossosriachos\/tabuleiros\/trichomycteridae\/\">Trichomycteridae<\/a> na Mata Atl\u00e2ntica de tabuleiros a possuir a nadadeira caudal levemente furcada. <\/p>\n<p><strong><em>Microcambeva<\/em><\/strong> inclui pequenos peixes, n\u00e3o ultrapassando 30 mm de comprimento padr\u00e3o, com pouca pigmenta\u00e7\u00e3o e vivendo em associa\u00e7\u00e3o a ambientes arenosos do leito fluvial. O corpo transparente, pouco pigmentado, permite a esses peixes se ocultarem, sendo estes verdadeiramente bagres de areia.  Ocupam um bi\u00f3topo muito peculiar, os interst\u00edcios entre os gr\u00e3os de areia, um h\u00e1bito de vida conhecido como psamofilia (Zuanon et al., 2006). <\/p>\n<p>O g\u00eanero <strong><em>Microcambeva<\/em><\/strong> \u00e9 um dos tr\u00eas g\u00eaneros da fam\u00edlia <a href=\"http:\/\/nossacasa.net\/nossosriachos\/tabuleiros\/trichomycteridae\/\">Trichomycteridae<\/a> representante dos <a href=\"http:\/\/nossacasa.net\/nossosriachos\/tabuleiros\/siluriformes\/\">Siluriformes<\/a> nas regi\u00f5es dos tabuleiros. <\/p>\n<p>Na regi\u00e3o dos tabuleiros da Mata Atl\u00e2ntica encontramos duas esp\u00e9cies do g\u00eanero <strong><em>Microcambeva<\/em><\/strong>: <em><a href=\"http:\/\/nossacasa.net\/nossosriachos\/tabuleiros\/microcambeva-draco\/\">Microcambeva draco<\/a><\/em> e <em><a href=\"http:\/\/nossacasa.net\/nossosriachos\/tabuleiros\/microcambeva-mucuriensis\/\">Microcambeva mucuriensis<\/a><\/em> <\/p>\n<hr \/>\n<p><strong><a href=\"http:\/\/nossacasa.net\/nossosriachos\/tabuleiros\/chave-de-microcambeva\/\">CHAVE DE <em>MICROCAMBEVA<\/em><\/a><\/strong><\/p>\n<hr \/>\n<\/div>\n","protected":false},"excerpt":{"rendered":"<p>As Microcambeva Costa and Bockmann, 1994 Algumas caracter\u00edsticas do g\u00eanero Microcambeva est\u00e3o indicadas na figura acima. O g\u00eanero Microcambeva \u00e9 reconhecido por caracteres osteol\u00f3gicos associados a suspens\u00e3o das arcadas e por possuir poucos odont\u00f3ides operculares, at\u00e9 13 (Costa &#038; Bockmann, &hellip; <a href=\"http:\/\/nossacasa.net\/nossosriachos\/tabuleiros\/microcambeva\/\">Continue lendo <span class=\"meta-nav\">&rarr;<\/span><\/a><\/p>\n","protected":false},"author":1,"featured_media":0,"parent":0,"menu_order":0,"comment_status":"closed","ping_status":"closed","template":"","meta":{"footnotes":""},"class_list":["post-1978","page","type-page","status-publish","hentry"],"_links":{"self":[{"href":"http:\/\/nossacasa.net\/nossosriachos\/tabuleiros\/wp-json\/wp\/v2\/pages\/1978","targetHints":{"allow":["GET"]}}],"collection":[{"href":"http:\/\/nossacasa.net\/nossosriachos\/tabuleiros\/wp-json\/wp\/v2\/pages"}],"about":[{"href":"http:\/\/nossacasa.net\/nossosriachos\/tabuleiros\/wp-json\/wp\/v2\/types\/page"}],"author":[{"embeddable":true,"href":"http:\/\/nossacasa.net\/nossosriachos\/tabuleiros\/wp-json\/wp\/v2\/users\/1"}],"replies":[{"embeddable":true,"href":"http:\/\/nossacasa.net\/nossosriachos\/tabuleiros\/wp-json\/wp\/v2\/comments?post=1978"}],"version-history":[{"count":6,"href":"http:\/\/nossacasa.net\/nossosriachos\/tabuleiros\/wp-json\/wp\/v2\/pages\/1978\/revisions"}],"predecessor-version":[{"id":4497,"href":"http:\/\/nossacasa.net\/nossosriachos\/tabuleiros\/wp-json\/wp\/v2\/pages\/1978\/revisions\/4497"}],"wp:attachment":[{"href":"http:\/\/nossacasa.net\/nossosriachos\/tabuleiros\/wp-json\/wp\/v2\/media?parent=1978"}],"curies":[{"name":"wp","href":"https:\/\/api.w.org\/{rel}","templated":true}]}}