{"id":2002,"date":"2019-09-13T09:31:41","date_gmt":"2019-09-13T12:31:41","guid":{"rendered":"http:\/\/nossacasa.net\/nossosriachos\/rios\/?page_id=2002"},"modified":"2019-09-13T09:31:41","modified_gmt":"2019-09-13T12:31:41","slug":"gymnotus-carapo","status":"publish","type":"page","link":"http:\/\/nossacasa.net\/nossosriachos\/tabuleiros\/gymnotus-carapo\/","title":{"rendered":"Gymnotus carapo"},"content":{"rendered":"<div style=\"text-align: justify\">\n<h1><em>Gymnotus carapo<\/em> Linnaeus, 1758<\/h1>\n<p>Algumas caracter\u00edsticas da esp\u00e9cie <em>Gymnotus carapo<\/em> est\u00e3o indicadas na figura acima.<\/p>\n<p>A esp\u00e9cie <em>Gymnotus carapo<\/em> \u00e9 a \u00fanica representante do g\u00eanero <em><a href=\"http:\/\/nossacasa.net\/nossosriachos\/rios\/gymnotus\/\">Gymnotus<\/a><\/em> da fam\u00edlia <a href=\"http:\/\/nossacasa.net\/nossosriachos\/rios\/gymnotidae\/\">Gymnotidae<\/a> nas regi\u00f5es dos tabuleiros.\n<\/div>\n","protected":false},"excerpt":{"rendered":"<p>Gymnotus carapo Linnaeus, 1758 Algumas caracter\u00edsticas da esp\u00e9cie Gymnotus carapo est\u00e3o indicadas na figura acima. A esp\u00e9cie Gymnotus carapo \u00e9 a \u00fanica representante do g\u00eanero Gymnotus da fam\u00edlia Gymnotidae nas regi\u00f5es dos tabuleiros.<\/p>\n","protected":false},"author":1,"featured_media":1601,"parent":0,"menu_order":0,"comment_status":"closed","ping_status":"closed","template":"","meta":{"footnotes":""},"class_list":["post-2002","page","type-page","status-publish","has-post-thumbnail","hentry"],"_links":{"self":[{"href":"http:\/\/nossacasa.net\/nossosriachos\/tabuleiros\/wp-json\/wp\/v2\/pages\/2002","targetHints":{"allow":["GET"]}}],"collection":[{"href":"http:\/\/nossacasa.net\/nossosriachos\/tabuleiros\/wp-json\/wp\/v2\/pages"}],"about":[{"href":"http:\/\/nossacasa.net\/nossosriachos\/tabuleiros\/wp-json\/wp\/v2\/types\/page"}],"author":[{"embeddable":true,"href":"http:\/\/nossacasa.net\/nossosriachos\/tabuleiros\/wp-json\/wp\/v2\/users\/1"}],"replies":[{"embeddable":true,"href":"http:\/\/nossacasa.net\/nossosriachos\/tabuleiros\/wp-json\/wp\/v2\/comments?post=2002"}],"version-history":[{"count":0,"href":"http:\/\/nossacasa.net\/nossosriachos\/tabuleiros\/wp-json\/wp\/v2\/pages\/2002\/revisions"}],"wp:featuredmedia":[{"embeddable":true,"href":"http:\/\/nossacasa.net\/nossosriachos\/tabuleiros\/wp-json\/wp\/v2\/media\/1601"}],"wp:attachment":[{"href":"http:\/\/nossacasa.net\/nossosriachos\/tabuleiros\/wp-json\/wp\/v2\/media?parent=2002"}],"curies":[{"name":"wp","href":"https:\/\/api.w.org\/{rel}","templated":true}]}}