{"id":2007,"date":"2019-09-13T09:51:28","date_gmt":"2019-09-13T12:51:28","guid":{"rendered":"http:\/\/nossacasa.net\/nossosriachos\/rios\/?page_id=2007"},"modified":"2019-09-23T10:58:41","modified_gmt":"2019-09-23T13:58:41","slug":"awaous","status":"publish","type":"page","link":"http:\/\/nossacasa.net\/nossosriachos\/tabuleiros\/awaous\/","title":{"rendered":"Awaous"},"content":{"rendered":"<div style=\"text-align: justify\">\n<h1>Os <em>Awaous<\/em> Valenciennes in Cuvier and Valenciennes, 1837<\/h1>\n<p>Algumas caracter\u00edsticas do g\u00eanero <strong><em>Awaous<\/em><\/strong> est\u00e3o indicadas na figura acima.<\/p>\n<p>O g\u00eanero <strong><em>Awaous<\/em><\/strong> \u00e9 um dos quatro g\u00eaneros da fam\u00edlia <a href=\"http:\/\/nossacasa.net\/nossosriachos\/tabuleiros\/gobiidae\/\">Gobiidae<\/a> representante dos <a href=\"http:\/\/nossacasa.net\/nossosriachos\/tabuleiros\/gobiiformes\/\">Gobiiformes<\/a> nas regi\u00f5es dos tabuleiros. <\/p>\n<p>Na regi\u00e3o dos tabuleiros da Mata Atl\u00e2ntica encontramos uma \u00fanica esp\u00e9cie do g\u00eanero <strong><em>Awaous<\/em><\/strong>: <em><a href=\"http:\/\/nossacasa.net\/nossosriachos\/tabuleiros\/awaous-tajasica\/\">Awaous tajasica<\/a><\/em>.<\/p>\n<hr>\n<\/div>\n","protected":false},"excerpt":{"rendered":"<p>Os Awaous Valenciennes in Cuvier and Valenciennes, 1837 Algumas caracter\u00edsticas do g\u00eanero Awaous est\u00e3o indicadas na figura acima. O g\u00eanero Awaous \u00e9 um dos quatro g\u00eaneros da fam\u00edlia Gobiidae representante dos Gobiiformes nas regi\u00f5es dos tabuleiros. Na regi\u00e3o dos tabuleiros &hellip; <a href=\"http:\/\/nossacasa.net\/nossosriachos\/tabuleiros\/awaous\/\">Continue lendo <span class=\"meta-nav\">&rarr;<\/span><\/a><\/p>\n","protected":false},"author":1,"featured_media":0,"parent":0,"menu_order":0,"comment_status":"closed","ping_status":"closed","template":"","meta":{"footnotes":""},"class_list":["post-2007","page","type-page","status-publish","hentry"],"_links":{"self":[{"href":"http:\/\/nossacasa.net\/nossosriachos\/tabuleiros\/wp-json\/wp\/v2\/pages\/2007","targetHints":{"allow":["GET"]}}],"collection":[{"href":"http:\/\/nossacasa.net\/nossosriachos\/tabuleiros\/wp-json\/wp\/v2\/pages"}],"about":[{"href":"http:\/\/nossacasa.net\/nossosriachos\/tabuleiros\/wp-json\/wp\/v2\/types\/page"}],"author":[{"embeddable":true,"href":"http:\/\/nossacasa.net\/nossosriachos\/tabuleiros\/wp-json\/wp\/v2\/users\/1"}],"replies":[{"embeddable":true,"href":"http:\/\/nossacasa.net\/nossosriachos\/tabuleiros\/wp-json\/wp\/v2\/comments?post=2007"}],"version-history":[{"count":2,"href":"http:\/\/nossacasa.net\/nossosriachos\/tabuleiros\/wp-json\/wp\/v2\/pages\/2007\/revisions"}],"predecessor-version":[{"id":3815,"href":"http:\/\/nossacasa.net\/nossosriachos\/tabuleiros\/wp-json\/wp\/v2\/pages\/2007\/revisions\/3815"}],"wp:attachment":[{"href":"http:\/\/nossacasa.net\/nossosriachos\/tabuleiros\/wp-json\/wp\/v2\/media?parent=2007"}],"curies":[{"name":"wp","href":"https:\/\/api.w.org\/{rel}","templated":true}]}}