{"id":2040,"date":"2019-09-13T10:26:17","date_gmt":"2019-09-13T13:26:17","guid":{"rendered":"http:\/\/nossacasa.net\/nossosriachos\/rios\/?page_id=2040"},"modified":"2019-09-13T10:26:17","modified_gmt":"2019-09-13T13:26:17","slug":"dormitator-maculatus","status":"publish","type":"page","link":"http:\/\/nossacasa.net\/nossosriachos\/tabuleiros\/dormitator-maculatus\/","title":{"rendered":"Dormitator maculatus"},"content":{"rendered":"<div style=\"text-align: justify\">\n<h1><em>Dormitator maculatus<\/em> (Bloch, 1792)<\/h1>\n<p>Algumas caracter\u00edsticas da esp\u00e9cie <em>Ctenogobius boleosoma<\/em> est\u00e3o indicadas na figura acima.<\/p>\n<p>A esp\u00e9cie <em>Dormitator maculatus<\/em> \u00e9 a \u00fanica representante do g\u00eanero <em><a href=\"http:\/\/nossacasa.net\/nossosriachos\/rios\/dormitator\/\">Dormitator<\/a><\/em> da fam\u00edlia <a href=\"http:\/\/nossacasa.net\/nossosriachos\/rios\/eleotridae\/\">Eleotridae<\/a> nas regi\u00f5es dos tabuleiros.\n<\/div>\n","protected":false},"excerpt":{"rendered":"<p>Dormitator maculatus (Bloch, 1792) Algumas caracter\u00edsticas da esp\u00e9cie Ctenogobius boleosoma est\u00e3o indicadas na figura acima. A esp\u00e9cie Dormitator maculatus \u00e9 a \u00fanica representante do g\u00eanero Dormitator da fam\u00edlia Eleotridae nas regi\u00f5es dos tabuleiros.<\/p>\n","protected":false},"author":1,"featured_media":1601,"parent":0,"menu_order":0,"comment_status":"closed","ping_status":"closed","template":"","meta":{"footnotes":""},"class_list":["post-2040","page","type-page","status-publish","has-post-thumbnail","hentry"],"_links":{"self":[{"href":"http:\/\/nossacasa.net\/nossosriachos\/tabuleiros\/wp-json\/wp\/v2\/pages\/2040","targetHints":{"allow":["GET"]}}],"collection":[{"href":"http:\/\/nossacasa.net\/nossosriachos\/tabuleiros\/wp-json\/wp\/v2\/pages"}],"about":[{"href":"http:\/\/nossacasa.net\/nossosriachos\/tabuleiros\/wp-json\/wp\/v2\/types\/page"}],"author":[{"embeddable":true,"href":"http:\/\/nossacasa.net\/nossosriachos\/tabuleiros\/wp-json\/wp\/v2\/users\/1"}],"replies":[{"embeddable":true,"href":"http:\/\/nossacasa.net\/nossosriachos\/tabuleiros\/wp-json\/wp\/v2\/comments?post=2040"}],"version-history":[{"count":0,"href":"http:\/\/nossacasa.net\/nossosriachos\/tabuleiros\/wp-json\/wp\/v2\/pages\/2040\/revisions"}],"wp:featuredmedia":[{"embeddable":true,"href":"http:\/\/nossacasa.net\/nossosriachos\/tabuleiros\/wp-json\/wp\/v2\/media\/1601"}],"wp:attachment":[{"href":"http:\/\/nossacasa.net\/nossosriachos\/tabuleiros\/wp-json\/wp\/v2\/media?parent=2040"}],"curies":[{"name":"wp","href":"https:\/\/api.w.org\/{rel}","templated":true}]}}